000
CXUS54 KMAF 011210
CF6ATS
PRELIMINARY LOCAL CLIMATOLOGICAL DATA (WS FORM: F-6)
STATION: ARTESIA
MONTH: JANUARY
YEAR: 2024
LATITUDE: 32 54 N
LONGITUDE: 104 30 W
TEMPERATURE IN F: :PCPN: SNOW: WIND :SUNSHINE: SKY :PK WND
================================================================================
1 2 3 4 5 6A 6B 7 8 9 10 11 12 13 14 15 16 17 18
12Z AVG MX 2MIN
DY MAX MIN AVG DEP HDD CDD WTR SNW DPTH SPD SPD DIR MIN PSBL S-S WX SPD DR
================================================================================
1 52 25 39 M 26 0 0.00 M M 8.0 13 160 M M 0 21 160
2 50 32 41 M 24 0 0.00 M M 5.4 13 270 M M 2 M M
3 57 23 40 M 25 0 0.00 M M 9.0 17 150 M M 0 21 150
4 54 32 43 M 22 0 0.00 M M 13.7 29 250 M M 3 1 36 250
5 54 32 43 M 22 0 0.00 M M 8.5 15 260 M M 2 13 30
6 46 28 37 M 28 0 0.00 M M 10.5 29 360 M M 0 37 350
7 59 25 42 M 23 0 0.00 M M 13.0 22 160 M M 1 8 28 150
8 48 28 38 M 27 0 0.00 M M 21.6 37 260 M M 2 8 48 250
9 54 21 38 M 27 0 0.00 M M 7.9 17 220 M M 0 23 140
10 64 36 50 M 15 0 0.00 M M 17.0 32 250 M M 0 41 240
11 59 36 48 M 17 0 0.00 M M 20.6 46 240 M M 1 56 240
12 52 23 38 M 27 0 0.00 M M 8.2 18 240 M M 0 44 310
13 66 30 48 M 17 0 0.00 M M 10.9 20 240 M M 0 25 240
14 37 16 27 M 38 0 0.00 M M 11.3 17 150 M M 0 21 150
15 41 12 27 M 38 0 0.00 M M 11.7 21 20 M M 0 29 20
16 32 9 21 M 44 0 0.00 M M 8.4 14 160 M M 0 20 150
17 70 12 41 M 24 0 0.00 M M 11.4 25 250 M M 0 35 250
18 72 36 54 M 11 0 0.00 M M 6.8 14 50 M M 0 22 280
19 45 21 33 M 32 0 0.00 M M 8.7 25 360 M M 0 30 360
20 37 19 28 M 37 0 0.00 M M 10.5 16 140 M M 0 22 150
21 41 30 36 M 29 0 0.00 M M 7.8 14 140 M M 4 15 160
22 66 25 46 M 19 0 0.00 M M 8.9 22 240 M M 3 2 31 230
23 57 39 48 M 17 0 0.01 M M 4.7 9 210 M M 6 20 220
24 55 41 48 M 17 0 0.08 M M 5.0 10 250 M M 6 1 12 250
25 63 36 50 M 15 0 0.00 M M 9.3 16 230 M M 1 20 230
26 57 39 48 M 17 0 0.00 M M 11.7 23 350 M M 5 33 350
27 57 32 45 M 20 0 0.00 M M 7.7 14 280 M M 0 M M
28 64 32 48 M 17 0 0.00 M M 7.2 13 270 M M 0 15 170
29 63 30 47 M 18 0 0.00 M M 5.9 10 310 M M 0 M M
30 64 32 48 M 17 0 0.00 M M 6.3 13 310 M M 0 M M
31 63 45 54 M 11 0 0.00 M M 7.8 21 150 M M 4 22 170
================================================================================
SM 1699 877 721 0 0.09 M 305.3 M 40
================================================================================
AV 54.8 28.3 9.8 FASTST M M 1 MAX(MPH)
MISC ----> 46 240 56 240
================================================================================
NOTES:
# LAST OF SEVERAL OCCURRENCES
COLUMN 17 PEAK WIND IN M.P.H.
PRELIMINARY LOCAL CLIMATOLOGICAL DATA (WS FORM: F-6) , PAGE 2
STATION: ARTESIA
MONTH: JANUARY
YEAR: 2024
LATITUDE: 32 54 N
LONGITUDE: 104 30 W
[TEMPERATURE DATA] [PRECIPITATION DATA] SYMBOLS USED IN COLUMN 16
AVERAGE MONTHLY: 41.5 TOTAL FOR MONTH: 0.09 1 = FOG OR MIST
DPTR FM NORMAL: 0.0 DPTR FM NORMAL: M 2 = FOG REDUCING VISIBILITY
HIGHEST: 72 ON 18 GRTST 24HR 0.12 ON 26-26 TO 1/4 MILE OR LESS
LOWEST: 9 ON 16 3 = THUNDER
SNOW, ICE PELLETS, HAIL 4 = ICE PELLETS
TOTAL MONTH: M 5 = HAIL
GRTST 24HR M ON M 6 = FREEZING RAIN OR DRIZZLE
GRTST DEPTH: M ON M 7 = DUSTSTORM OR SANDSTORM:
VSBY 1/2 MILE OR LESS
8 = SMOKE OR HAZE
[NO. OF DAYS WITH] [WEATHER - DAYS WITH] 9 = BLOWING SNOW
X = TORNADO
MAX 32 OR BELOW: 1 0.01 INCH OR MORE: 2
MAX 90 OR ABOVE: 0 0.10 INCH OR MORE: 0
MIN 32 OR BELOW: 23 0.50 INCH OR MORE: 0
MIN 0 OR BELOW: 0 1.00 INCH OR MORE: 0
[HDD (BASE 65) ]
TOTAL THIS MO. 721 CLEAR (SCALE 0-3) 26
DPTR FM NORMAL M PTCLDY (SCALE 4-7) 5
TOTAL FM JUL 1 1756 CLOUDY (SCALE 8-10) 0
DPTR FM NORMAL M
[CDD (BASE 65) ]
TOTAL THIS MO. 0
DPTR FM NORMAL M [PRESSURE DATA]
TOTAL FM JAN 1 0 HIGHEST SLP M ON M
DPTR FM NORMAL M LOWEST SLP M ON M
[REMARKS]
#FINAL-01-24#