000
CXUS53 KARX 011000
CF6AUM
PRELIMINARY LOCAL CLIMATOLOGICAL DATA (WS FORM: F-6)
STATION: AUSTIN MUNI MN
MONTH: NOVEMBER
YEAR: 2023
LATITUDE: 43 40 N
LONGITUDE: 92 56 W
TEMPERATURE IN F: :PCPN: SNOW: WIND :SUNSHINE: SKY :PK WND
================================================================================
1 2 3 4 5 6A 6B 7 8 9 10 11 12 13 14 15 16 17 18
12Z AVG MX 2MIN
DY MAX MIN AVG DEP HDD CDD WTR SNW DPTH SPD SPD DIR MIN PSBL S-S WX SPD DR
================================================================================
1 43 21 32 M 33 0 0.00 0.0 M 8.3 17 200 M M 3 22 200
2 52 25 39 M 26 0 0.00 0.0 0 3.1 8 190 M M 0 M M
3 54 36 45 M 20 0 0.00 0.0 0 3.7 7 180 M M 2 M M
4 54 28 41 M 24 0 0.00 0.0 0 1.8 8 240 M M 1 1 M M
5 63 37 50 M 15 0 0.00 0.0 0 10.2 20 200 M M 2 30 180
6 61 39 50 M 15 0 0.00 0.0 0 11.8 18 200 M M 3 28 210
7 52 39 46 M 19 0 0.00 0.0 0 9.1 14 130 M M 6 23 120
8 50 37 44 M 21 0 0.00 0.0 0 9.1 18 310 M M 3 30 310
9 52 30 41 M 24 0 0.00 0.0 0 11.0 16 290 M M 2 25 280
10 39 34 37 M 28 0 0.00 0.0 0 8.8 15 310 M M 10 23 310
11 48 27 38 M 27 0 0.00 0.0 0 8.3 15 180 M M 6 22 180
12 61 37 49 M 16 0 0.00 0.0 0 10.5 16 220 M M 0 22 200
13 57 36 47 M 18 0 0.00 0.0 0 5.4 9 310 M M 0 8 M M
14 64 39 52 M 13 0 0.00 0.0 0 13.3 23 200 M M 1 30 200
15 64 36 50 M 15 0 0.00 0.0 0 3.2 9 220 M M 0 M M
16 66 41 54 M 11 0 0.00 0.0 0 16.3 33 230 M M 1 44 220
17 45 27 36 M 29 0 0.00 0.0 0 6.5 16 350 M M 0 24 330
18 57 27 42 M 23 0 0.00 0.0 0 3.2 10 280 M M 0 17 280
19 59 28 44 M 21 0 0.00 0.0 0 6.1 13 140 M M 0 16 160
20 45 39 42 M 23 0 M 0.0 0 8.1 12 50 M M 7 M M
21 39 27 33 M 32 0 M 0.0 0 8.1 18 320 M M 7 1 29 320
22 46 21 34 M 31 0 0.00 0.0 0 7.8 16 200 M M 0 22 210
23 37 19 28 M 37 0 0.00 0.0 0 11.3 18 340 M M 0 24 340
24 30 12 21 M 44 0 0.00 0.0 0 4.9 9 350 M M 0 16 360
25 30 21 26 M 39 0 M M 0 4.1 8 200 M M 6 M M
26 34 19 27 M 38 0 M M 0 11.8 23 300 M M 8 32 300
27 21 10 16 M 49 0 M M 0 15.0 22 310 M M 5 30 310
28 28 3 16 M 49 0 0.00 0.0 0 8.2 15 190 M M 1 21 190
29 50 19 35 M 30 0 0.00 0.0 0 6.5 10 250 M M 0 M M
30 43 25 34 M 31 0 0.00 0.0 0 7.0 14 330 M M 0 18 330
================================================================================
SM 1444 839 801 0 0.00 0.0 242.5 M 74
================================================================================
AV 48.1 28.0 8.1 FASTST M M 2 MAX(MPH)
MISC ----> 33 230 44 220
================================================================================
NOTES:
# LAST OF SEVERAL OCCURRENCES
COLUMN 17 PEAK WIND IN M.P.H.
PRELIMINARY LOCAL CLIMATOLOGICAL DATA (WS FORM: F-6) , PAGE 2
STATION: AUSTIN MUNI MN
MONTH: NOVEMBER
YEAR: 2023
LATITUDE: 43 40 N
LONGITUDE: 92 56 W
[TEMPERATURE DATA] [PRECIPITATION DATA] SYMBOLS USED IN COLUMN 16
AVERAGE MONTHLY: 38.1 TOTAL FOR MONTH: 0.00 1 = FOG OR MIST
DPTR FM NORMAL: 0.0 DPTR FM NORMAL: M 2 = FOG REDUCING VISIBILITY
HIGHEST: 66 ON 16 GRTST 24HR 0.00 ON 1- 1 TO 1/4 MILE OR LESS
LOWEST: 3 ON 28 3 = THUNDER
SNOW, ICE PELLETS, HAIL 4 = ICE PELLETS
TOTAL MONTH: 0.0 INCH 5 = HAIL
GRTST 24HR 0.0 6 = FREEZING RAIN OR DRIZZLE
GRTST DEPTH: 0 7 = DUSTSTORM OR SANDSTORM:
VSBY 1/2 MILE OR LESS
8 = SMOKE OR HAZE
[NO. OF DAYS WITH] [WEATHER - DAYS WITH] 9 = BLOWING SNOW
X = TORNADO
MAX 32 OR BELOW: 4 0.01 INCH OR MORE: 0
MAX 90 OR ABOVE: 0 0.10 INCH OR MORE: 0
MIN 32 OR BELOW: 18 0.50 INCH OR MORE: 0
MIN 0 OR BELOW: 0 1.00 INCH OR MORE: 0
[HDD (BASE 65) ]
TOTAL THIS MO. 801 CLEAR (SCALE 0-3) 21
DPTR FM NORMAL M PTCLDY (SCALE 4-7) 7
TOTAL FM JUL 1 1299 CLOUDY (SCALE 8-10) 2
DPTR FM NORMAL M
[CDD (BASE 65) ]
TOTAL THIS MO. 0
DPTR FM NORMAL M [PRESSURE DATA]
TOTAL FM JAN 1 862 HIGHEST SLP M ON M
DPTR FM NORMAL M LOWEST SLP M ON M
[REMARKS]
#FINAL-11-23#