000
CXUS54 KBMX 011110
CF6AUO
PRELIMINARY LOCAL CLIMATOLOGICAL DATA (WS FORM: F-6)
STATION: AUBURN AWOS
MONTH: JANUARY
YEAR: 2022
LATITUDE: 32 34 N
LONGITUDE: 85 30 W
TEMPERATURE IN F: :PCPN: SNOW: WIND :SUNSHINE: SKY :PK WND
================================================================================
1 2 3 4 5 6A 6B 7 8 9 10 11 12 13 14 15 16 17 18
12Z AVG MX 2MIN
DY MAX MIN AVG DEP HDD CDD WTR SNW DPTH SPD SPD DIR MIN PSBL S-S WX SPD DR
================================================================================
1 80 68 74 M 0 9 0.64 0.0 0 14.7 22 190 M M 9 1 32 200
2 72 39 56 M 9 0 1.10 0.0 0 9.6 21 300 M M 9 1 32 300
3 42 28 35 M 30 0 0.02 T 0 13.1 23 290 M M 2 1 33 290
4 54 28 41 M 24 0 0.00 0.0 0 7.3 10 120 M M 2 17 130
5 59 39 49 M 16 0 M M M 3.2 8 260 M M 4 M M
6 69 37 53 M 12 0 0.04 0.0 M 10.3 18 200 M M 4 1 27 210
7 47 29 38 M 27 0 0.00 0.0 0 8.4 13 340 M M 1 M M
8 58 31 45 M 20 0 0.00 0.0 0 9.0 12 90 M M 0 M M
9 70 49 60 M 5 0 0.15 0.0 0 9.3 27 310 M M 8 13 36 310
10 56 37 47 M 18 0 M M M 12.4 18 350 M M 2 25 10
11 52 29 41 M 24 0 M M M 4.8 9 20 M M 0 M M
12 56 31 44 M 21 0 M M M 3.8 7 200 M M 0 M M
13 62 35 49 M 16 0 M M M 6.6 14 270 M M 1 23 240
14 58 34 46 M 19 0 0.00 0.0 0 6.1 10 10 M M 0 M M
15 57 41 49 M 16 0 0.31 0.0 0 8.4 20 90 M M 3 32 110
16 46 33 40 M 25 0 0.49 M M 16.2 28 90 M M 3 37 90
17 39 28 34 M 31 0 0.00 0.0 0 8.1 14 300 M M 5 20 290
18 55 25 40 M 25 0 0.00 0.0 0 1.9 6 150 M M 0 M M
19 62 39 51 M 14 0 0.00 0.0 0 8.1 14 170 M M 2 18 200
20 54 33 44 M 21 0 0.47 0.0 0 7.5 15 10 M M 6 1 22 280
21 M M M M M M M 0.0 0 M M M M M M M M
22 M M M M M M 0.00 0.0 0 M M M M M 0 M M
23 50 21 36 M 29 0 0.00 0.0 0 6.9 10 250 M M 0 18 290
24 58 34 46 M 19 0 0.00 M 0 6.0 12 240 M M 0 16 240
25 59 43 51 M 14 0 T 0.0 0 4.0 8 360 M M 5 M M
26 57 32 45 M 20 0 0.00 0.0 0 10.5 15 350 M M 0 22 360
27 57 36 47 M 18 0 0.00 0.0 0 6.2 13 90 M M 0 M M
28 51 M M M M M M M M 6.5 17 320 M M 3 27 320
29 42 25 34 M 31 0 M M M 9.8 17 310 M M 0 23 320
30 M M M M M M M M M M M M M M 0 M M
31 65 M M M M M 0.00 0.0 0 M 9 320 M M 0 M M
================================================================================
SM 1587 904 504 9 3.22 T 218.7 M 69
================================================================================
AV 56.7 34.8 8.1 FASTST M M 2 MAX(MPH)
MISC ----> 28 90 37 90
================================================================================
NOTES:
# LAST OF SEVERAL OCCURRENCES
COLUMN 17 PEAK WIND IN M.P.H.
PRELIMINARY LOCAL CLIMATOLOGICAL DATA (WS FORM: F-6) , PAGE 2
STATION: AUBURN AWOS
MONTH: JANUARY
YEAR: 2022
LATITUDE: 32 34 N
LONGITUDE: 85 30 W
[TEMPERATURE DATA] [PRECIPITATION DATA] SYMBOLS USED IN COLUMN 16
AVERAGE MONTHLY: 45.7 TOTAL FOR MONTH: 3.22 1 = FOG OR MIST
DPTR FM NORMAL: 0.0 DPTR FM NORMAL: M 2 = FOG REDUCING VISIBILITY
HIGHEST: 80 ON 1 GRTST 24HR 1.15 ON 1- 2 TO 1/4 MILE OR LESS
LOWEST: 21 ON 23 3 = THUNDER
SNOW, ICE PELLETS, HAIL 4 = ICE PELLETS
TOTAL MONTH: T 5 = HAIL
GRTST 24HR T ON 3- 3 6 = FREEZING RAIN OR DRIZZLE
GRTST DEPTH: 0 7 = DUSTSTORM OR SANDSTORM:
VSBY 1/2 MILE OR LESS
8 = SMOKE OR HAZE
[NO. OF DAYS WITH] [WEATHER - DAYS WITH] 9 = BLOWING SNOW
X = TORNADO
MAX 32 OR BELOW: 0 0.01 INCH OR MORE: 8
MAX 90 OR ABOVE: 0 0.10 INCH OR MORE: 6
MIN 32 OR BELOW: 11 0.50 INCH OR MORE: 2
MIN 0 OR BELOW: 0 1.00 INCH OR MORE: 1
[HDD (BASE 65) ]
TOTAL THIS MO. 504 CLEAR (SCALE 0-3) 20
DPTR FM NORMAL M PTCLDY (SCALE 4-7) 8
TOTAL FM JUL 1 1162 CLOUDY (SCALE 8-10) 3
DPTR FM NORMAL M
[CDD (BASE 65) ]
TOTAL THIS MO. 9
DPTR FM NORMAL M [PRESSURE DATA]
TOTAL FM JAN 1 9 HIGHEST SLP M ON M
DPTR FM NORMAL M LOWEST SLP M ON M
[REMARKS]
#FINAL-01-22#