000
CXUS53 KGRB 010757
CLAAUW
CLIMATE REPORT
NATIONAL WEATHER SERVICE GREEN BAY
157 AM CST SAT JAN 01 2022
...................................
...THE WAUSAU WI CLIMATE SUMMARY FOR THE YEAR OF 2021...
CLIMATE NORMAL PERIOD: 1991 TO 2020
CLIMATE RECORD PERIOD: 1896 TO 2021
WEATHER OBSERVED NORMAL DEPART LAST YEAR`S
VALUE DATE(S) VALUE FROM VALUE DATE(S)
NORMAL
................................................................
TEMPERATURE (F)
RECORD
HIGH 107 07/13/1936
LOW -40 01/30/1951
02/10/1899
HIGHEST 95 06/05 91 06/02
06/08
LOWEST -21 02/07 -20 02/14
AVG. MAXIMUM 57.2 53.2 4.0 52.3
AVG. MINIMUM 37.6 34.0 3.6 34.3
MEAN 47.4 43.6 3.8 43.3
DAYS MAX >= 90 8 5.0 3.0 5
DAYS MAX <= 32 61 78.3 -17.3 75
DAYS MIN <= 32 155 163.1 -8.1 182
DAYS MIN <= 0 19 24.7 -5.7 12
PRECIPITATION (INCHES)
RECORD
MAXIMUM 48.72 1938
MINIMUM 21.43 1976
TOTALS 42.73 33.91 8.82 32.52
DAILY AVG. 0.12
DAYS >= .01 119 131.1 -12.1 104
DAYS >= .10 71 70.8 0.2 61
DAYS >= .50 31 20.6 10.4 21
DAYS >= 1.00 8 6.7 1.3 6
SNOWFALL (INCHES)
RECORDS
TOTAL 115.2 2019
TOTALS 51.7 64.3 -12.6 50.4
SINCE 7/1 30.8 21.8 9.0 MM
SNOWDEPTH AVG. 2
DAYS >= TRACE 54 47.1 6.9 71
DAYS >= 1.0 14 20.2 -6.2 19
GREATEST
SNOW DEPTH 14 02/09 21 02/21
02/10
02/11
02/20
02/19
24 HR TOTAL MM
DEGREE DAYS
HEATING TOTAL 7040 8174 -1134 7677
SINCE 7/1 2498 3190 -692 MM
COOLING TOTAL 777 422 355 511
SINCE 1/1 777 422 355 MM
FREEZE DATES
RECORD
EARLIEST 08/30/1915
LATEST 06/12/1903
EARLIEST 10/22
LATEST 05/12
................................................................
WIND (MPH)
AVERAGE WIND SPEED 7.3
HIGHEST WIND SPEED/DIRECTION 38/200 DATE 05/25
HIGHEST GUST SPEED/DIRECTION 64/360 DATE 07/28
SKY COVER
POSSIBLE SUNSHINE (PERCENT) MM
AVERAGE SKY COVER 0.42
NUMBER OF DAYS FAIR 164
NUMBER OF DAYS PC 115
NUMBER OF DAYS CLOUDY 81
AVERAGE RH (PERCENT) 66
WEATHER CONDITIONS. NUMBER OF DAYS WITH
THUNDERSTORM 38 MIXED PRECIP 0
HEAVY RAIN 41 RAIN 49
LIGHT RAIN 107 FREEZING RAIN 0
LT FREEZING RAIN 5 HAIL 0
HEAVY SNOW 9 SNOW 10
LIGHT SNOW 66 SLEET 1
FOG 151 FOG W/VIS <= 1/4 MILE 24
HAZE 113
- INDICATES NEGATIVE NUMBERS.
R INDICATES RECORD WAS SET OR TIED.
MM INDICATES DATA IS MISSING.
T INDICATES TRACE AMOUNT.
$$