000
CXUS51 KBGM 010910
CF6AVP
PRELIMINARY LOCAL CLIMATOLOGICAL DATA (WS FORM: F-6)
STATION: AVOCA PA
MONTH: FEBRUARY
YEAR: 2022
LATITUDE: 41 19 N
LONGITUDE: 75 44 W
TEMPERATURE IN F: :PCPN: SNOW: WIND :SUNSHINE: SKY :PK WND
================================================================================
1 2 3 4 5 6A 6B 7 8 9 10 11 12 13 14 15 16 17 18
12Z AVG MX 2MIN
DY MAX MIN AVG DEP HDD CDD WTR SNW DPTH SPD SPD DIR MIN PSBL S-S WX SPD DR
================================================================================
1 37 10 24 -4 41 0 0.00 0.0 M 3.9 12 200 M M 0 8 18 150
2 44 25 35 7 30 0 0.00 0.0 M 4.6 14 210 M M 6 21 200
3 43 33 38 10 27 0 1.26 0.0 M 2.7 10 330 M M 10 12 14 200
4 34 18 26 -2 39 0 0.82 T M 7.7 18 340 M M 10 168 24 340
5 21 9 15 -13 50 0 T T M 8.8 20 310 M M 6 8 27 320
6 28 7 18 -11 47 0 0.00 0.0 M 4.2 13 210 M M 0 21 200
7 39 19 29 0 36 0 0.00 0.0 M 1.3 7 100 M M 5 18 9 150
8 33 25 29 0 36 0 0.00 0.0 M 4.6 14 270 M M 8 128 18 260
9 49 20 35 6 30 0 0.00 0.0 M 2.7 10 230 M M 1 18 200
10 45 30 38 9 27 0 T 0.0 M 7.5 24 260 M M 5 32 250
11 55 25 40 10 25 0 0.00 0.0 M 5.5 17 190 M M 1 29 210
12 50 31 41 11 24 0 T T M 8.7 25 250 M M 7 36 250
13 31 14 23 -7 42 0 0.05 1.0 M 6.8 14 360 M M 10 18 18 360
14 22 9 16 -14 49 0 0.00 0.0 M 9.1 21 340 M M 4 8 27 320
15 29 8 19 -11 46 0 0.00 0.0 M 3.7 13 240 M M 1 8 18 260
16 45 21 33 3 32 0 0.00 0.0 M 6.8 18 190 M M 0 32 170
17 57 43 50 19 15 0 0.39 0.0 M 9.6 22 230 M M 6 1 38 190
18 61 19 40 9 25 0 0.17 0.0 M 13.9 30 250 M M 5 1 45 200
19 34 18 26 -5 39 0 0.01 0.1 M 13.9 33 330 M M 5 18 44 320
20 39 14 27 -4 38 0 0.00 0.0 M 8.3 17 250 M M 0 25 250
21 59 M M M M M 0.00 0.0 M M M M M M M 8 M M
22 60 41 51 19 14 0 0.25 0.0 M 6.3 17 230 M M 5 1 30 250
23 60 27 44 12 21 0 0.05 0.0 M 10.5 35 260 M M 6 1 45 260
24 33 22 28 -4 37 0 0.00 0.0 M 6.6 17 340 M M 9 8 24 10
25 40 23 32 -1 33 0 0.84 1.5 M 10.0 25 320 M M 10 16 33 320
26 32 22 27 -6 38 0 T T M 6.7 16 250 M M 8 8 22 240
27 44 24 34 1 31 0 T T M 14.5 23 250 M M 1 33 230
28 32 M M M M M 0.00 0.0 M 4.3 15 330 M M 0 8 19 320
================================================================================
SM 1156 557 872 0 3.84 2.6 193.2 M 129
================================================================================
AV 41.3 21.4 7.2 FASTST M M 5 MAX(MPH)
MISC ----> 35 260 # 45 200
================================================================================
NOTES:
# LAST OF SEVERAL OCCURRENCES
COLUMN 17 PEAK WIND IN M.P.H.
PRELIMINARY LOCAL CLIMATOLOGICAL DATA (WS FORM: F-6) , PAGE 2
STATION: AVOCA PA
MONTH: FEBRUARY
YEAR: 2022
LATITUDE: 41 19 N
LONGITUDE: 75 44 W
[TEMPERATURE DATA] [PRECIPITATION DATA] SYMBOLS USED IN COLUMN 16
AVERAGE MONTHLY: 31.4 TOTAL FOR MONTH: 3.84 1 = FOG OR MIST
DPTR FM NORMAL: 1.1 DPTR FM NORMAL: 1.77 2 = FOG REDUCING VISIBILITY
HIGHEST: 61 ON 18 GRTST 24HR 1.82 ON 3- 4 TO 1/4 MILE OR LESS
LOWEST: 7 ON 6 3 = THUNDER
SNOW, ICE PELLETS, HAIL 4 = ICE PELLETS
TOTAL MONTH: 2.6 INCHES 5 = HAIL
GRTST 24HR 1.5 ON 25-25 6 = FREEZING RAIN OR DRIZZLE
GRTST DEPTH: M ON M 7 = DUSTSTORM OR SANDSTORM:
VSBY 1/2 MILE OR LESS
8 = SMOKE OR HAZE
[NO. OF DAYS WITH] [WEATHER - DAYS WITH] 9 = BLOWING SNOW
X = TORNADO
MAX 32 OR BELOW: 7 0.01 INCH OR MORE: 9
MAX 90 OR ABOVE: 0 0.10 INCH OR MORE: 6
MIN 32 OR BELOW: 23 0.50 INCH OR MORE: 3
MIN 0 OR BELOW: 0 1.00 INCH OR MORE: 1
[HDD (BASE 65) ]
TOTAL THIS MO. 872 CLEAR (SCALE 0-3) 9
DPTR FM NORMAL -98 PTCLDY (SCALE 4-7) 13
TOTAL FM JUL 1 3904 CLOUDY (SCALE 8-10) 6
DPTR FM NORMAL -347
[CDD (BASE 65) ]
TOTAL THIS MO. 0
DPTR FM NORMAL 0 [PRESSURE DATA]
TOTAL FM JAN 1 0 HIGHEST SLP 30.66 ON 15
DPTR FM NORMAL 0 LOWEST SLP 29.22 ON 18
[REMARKS]
#FINAL-02-22#