032
CXUS51 KBGM 090236
CF6AVP
PRELIMINARY LOCAL CLIMATOLOGICAL DATA (WS FORM: F-6)
STATION: AVOCA PA
MONTH: DECEMBER
YEAR: 2020
LATITUDE: 41 19 N
LONGITUDE: 75 44 W
TEMPERATURE IN F: :PCPN: SNOW: WIND :SUNSHINE: SKY :PK WND
================================================================================
1 2 3 4 5 6A 6B 7 8 9 10 11 12 13 14 15 16 17 18
12Z AVG MX 2MIN
DY MAX MIN AVG DEP HDD CDD WTR SNW DPTH SPD SPD DIR MIN PSBL S-S WX SPD DR
================================================================================
1 51 33 42 6 23 0 0.01 T M 11.3 23 240 M M 10 1 32 240
2 42 32 37 2 28 0 0.01 0.3 M 11.5 20 230 M M 6 1 26 220
3 47 31 39 4 26 0 0.00 0.0 M 9.0 17 220 M M 2 23 230
4 56 40 48 13 17 0 T 0.0 M 5.9 18 230 M M 7 25 230
5 43 34 39 5 26 0 T T M 10.1 22 330 M M 10 1 30 350
6 36 29 33 -1 32 0 T T M 13.6 23 330 M M 10 31 360
7 36 29 33 0 32 0 0.00 0.0 M 9.0 18 360 M M 9 26 10
8 36 27 32 -1 33 0 T T M 7.1 18 340 M M 6 24 320
9 36 26 31 -2 34 0 0.29 3.2 M 7.0 13 220 M M 8 128 19 230
10 47 32 40 8 25 0 0.00 0.0 M 5.2 16 320 M M 6 18 22 320
11 54 28 41 9 24 0 0.00 0.0 M 1.4 7 240 M M 0 18 8 280
12 59 35 47 15 18 0 T 0.0 M 3.4 15 210 M M 2 18 23 210
13 52 40 46 15 19 0 0.00 0.0 M 6.0 21 270 M M 6 128 26 280
14 41 31 36 5 29 0 0.14 0.3 M 5.4 23 330 M M 9 12 34 290
15 35 23 29 -2 36 0 0.00 0.0 M 9.2 20 330 M M 3 30 350
16 27 20 24 -6 41 0 0.69 7.0 M 8.5 18 40 M M 6 12 25 70
17 29 16 23 -7 42 0 0.43 4.0 M 6.7 23 70 M M 7 12 35 70
18 27 12 20 -10 45 0 0.00 0.0 M 4.1 14 330 M M 7 1 18 320
19 25 5 15 -14 50 0 0.00 0.0 M 1.3 8 70 M M 1 18 9 60
20 37 22 30 1 35 0 0.00 0.0 M 3.3 13 210 M M 10 18 18 220
21 40 29 35 6 30 0 T 0.0 M 2.6 12 250 M M 9 18 14 200
22 41 35 38 9 27 0 T 0.0 M 9.1 24 300 M M 10 18 33 300
23 43 29 36 8 29 0 0.00 0.0 M 5.1 14 180 M M 3 23 150
24 61 39 50 22 15 0 1.31 0.0 M 10.7 21 160 M M 9 1 40 150
25 64 22 43 15 22 0 0.58 1.0 M 11.6 24 230 M M 10 1 40 160
26 23 19 21 -7 44 0 T T M 11.0 20 250 M M 9 25 260
27 37 20 29 1 36 0 0.00 0.0 M 5.1 12 230 M M 5 17 200
28 48 31 40 13 25 0 0.01 T M 8.4 18 290 M M 7 24 300
29 38 21 30 3 35 0 T 0.1 M 11.5 23 330 M M 5 30 300
30 38 21 30 3 35 0 0.02 0.0 M 5.8 17 210 M M 5 27 200
31 39 25 32 5 33 0 0.03 0.0 M 4.7 16 350 M M 7 1 21 360
================================================================================
SM 1288 836 946 0 3.52 15.9 224.6 M 204
================================================================================
AV 41.5 27.0 7.2 FASTST M M 7 MAX(MPH)
MISC ----> # 24 300 # 40 150
================================================================================
NOTES:
# LAST OF SEVERAL OCCURRENCES
COLUMN 17 PEAK WIND IN M.P.H.
PRELIMINARY LOCAL CLIMATOLOGICAL DATA (WS FORM: F-6) , PAGE 2
STATION: AVOCA PA
MONTH: DECEMBER
YEAR: 2020
LATITUDE: 41 19 N
LONGITUDE: 75 44 W
[TEMPERATURE DATA] [PRECIPITATION DATA] SYMBOLS USED IN COLUMN 16
AVERAGE MONTHLY: 34.3 TOTAL FOR MONTH: 3.52 1 = FOG OR MIST
DPTR FM NORMAL: 3.7 DPTR FM NORMAL: 0.84 2 = FOG REDUCING VISIBILITY
HIGHEST: 64 ON 25 GRTST 24HR 1.88 ON 24-25 TO 1/4 MILE OR LESS
LOWEST: 5 ON 19 3 = THUNDER
SNOW, ICE PELLETS, HAIL 4 = ICE PELLETS
TOTAL MONTH: 15.9 INCHES 5 = HAIL
GRTST 24HR 7.0 ON 16-16 6 = FREEZING RAIN OR DRIZZLE
GRTST DEPTH: M ON M 7 = DUSTSTORM OR SANDSTORM:
VSBY 1/2 MILE OR LESS
8 = SMOKE OR HAZE
[NO. OF DAYS WITH] [WEATHER - DAYS WITH] 9 = BLOWING SNOW
X = TORNADO
MAX 32 OR BELOW: 5 0.01 INCH OR MORE: 11
MAX 90 OR ABOVE: 0 0.10 INCH OR MORE: 6
MIN 32 OR BELOW: 24 0.50 INCH OR MORE: 3
MIN 0 OR BELOW: 0 1.00 INCH OR MORE: 1
[HDD (BASE 65) ]
TOTAL THIS MO. 946 CLEAR (SCALE 0-3) 5
DPTR FM NORMAL -119 PTCLDY (SCALE 4-7) 14
TOTAL FM JUL 1 1871 CLOUDY (SCALE 8-10) 12
DPTR FM NORMAL -507
[CDD (BASE 65) ]
TOTAL THIS MO. 0
DPTR FM NORMAL 0 [PRESSURE DATA]
TOTAL FM JAN 1 1058 HIGHEST SLP 30.54 ON 30
DPTR FM NORMAL 478 LOWEST SLP 29.26 ON 25
[REMARKS]
#FINAL-12-20#