000
CXUS51 KBGM 010559
CLMAVP
CLIMATE REPORT
NATIONAL WEATHER SERVICE BINGHAMTON,NY
1259 AM EST FRI MAR 01 2024
...................................
...THE AVOCA PA CLIMATE SUMMARY FOR THE MONTH OF FEBRUARY 2024...
CLIMATE NORMAL PERIOD 1991 TO 2020
CLIMATE RECORD PERIOD 1901 TO 2024
WEATHER OBSERVED NORMAL DEPART LAST YEAR`S
VALUE DATE(S) VALUE FROM VALUE DATE(S)
NORMAL
................................................................
TEMPERATURE (F)
RECORD
HIGH 76 02/21/2018
02/24/2017
05/02/2053
LOW -99 02/21/2022
HIGHEST 66 02/27 35 31 67 02/15
LOWEST 13 02/25 19 -6 -1 02/04
AVG. MAXIMUM 44.5 38.8 5.7 47.1
AVG. MINIMUM 26.1 21.9 4.2 25.8
MEAN 35.3 30.3 5.0 36.4
DAYS MAX >= 90 0 0.0 0.0 0
DAYS MAX <= 32 1 9.2 -8.2 4
DAYS MIN <= 32 23 24.0 -1.0 22
DAYS MIN <= 0 0 0.8 -0.8 1
PRECIPITATION (INCHES)
RECORD
MAXIMUM 8.06 1981
MINIMUM 0.30 1968
TOTALS 1.82 2.07 -0.25 1.08
DAILY AVG. 0.06 NAN NAN 0.04
DAYS >= .01 9 11.4 -2.4 10
DAYS >= .10 5 5.5 -0.5 4
DAYS >= .50 1 0.9 0.1 0
DAYS >= 1.00 0 0.3 -0.3 0
GREATEST
24 HR. TOTAL 0.70 02/28 TO 02/28
SNOWFALL (INCHES)
RECORDS
TOTAL 29.3 2014
24 HR TOTAL 13.5 02/01/2021 TO 02/01/2021
TOTALS 6.4 10.9 -4.5 4.6
SINCE 7/1 20.3 34.2 -13.9 MM
DAYS >= TRACE 8 8.4 -0.4 10
DAYS >= 1.0 2 3.6 -1.6 2
GREATEST
24 HR TOTAL MM
DEGREE DAYS
HEATING TOTAL 853 970 -117 793
SINCE 7/1 3760 4313 -553 MM
COOLING TOTAL 0 0 0 0
SINCE 1/1 0 0 0 MM
................................................................
WIND (MPH)
AVERAGE WIND SPEED 6.3
RESULTANT WIND SPEED/DIRECTION 3/310
HIGHEST WIND SPEED/DIRECTION 31/300 DATE 02/28
HIGHEST GUST SPEED/DIRECTION 50/270 DATE 02/28
SKY COVER
POSSIBLE SUNSHINE (PERCENT) MM
AVERAGE SKY COVER 0.40
NUMBER OF DAYS FAIR 13
NUMBER OF DAYS PC 11
NUMBER OF DAYS CLOUDY 5
AVERAGE RH (PERCENT) 62
WEATHER CONDITIONS. NUMBER OF DAYS WITH
THUNDERSTORM 1 MIXED PRECIP 0
HEAVY RAIN 2 RAIN 4
LIGHT RAIN 7 FREEZING RAIN 0
LT FREEZING RAIN 0 HAIL 0
HEAVY SNOW 1 SNOW 1
LIGHT SNOW 7 SLEET 0
FOG 13 FOG W/VIS <= 1/4 MILE 3
HAZE 6
- INDICATES NEGATIVE NUMBERS.
R INDICATES RECORD WAS SET OR TIED.
MM INDICATES DATA IS MISSING.
T INDICATES TRACE AMOUNT.
$$