000
CXUS51 KCTP 010900
CF6BFD
PRELIMINARY LOCAL CLIMATOLOGICAL DATA (WS FORM: F-6)
STATION: BRADFORD
MONTH: DECEMBER
YEAR: 2022
LATITUDE: 41 47 N
LONGITUDE: 78 38 W
TEMPERATURE IN F: :PCPN: SNOW: WIND :SUNSHINE: SKY :PK WND
================================================================================
1 2 3 4 5 6A 6B 7 8 9 10 11 12 13 14 15 16 17 18
12Z AVG MX 2MIN
DY MAX MIN AVG DEP HDD CDD WTR SNW DPTH SPD SPD DIR MIN PSBL S-S WX SPD DR
================================================================================
1 28 24 26 -6 39 0 T M M 9.2 18 270 M M 10 8 30 240
2 41 18 30 -2 35 0 T M M 7.2 15 150 M M 8 24 140
3 51 32 42 10 23 0 0.43 M M 12.5 32 280 M M 10 1 43 280
4 35 28 32 0 33 0 0.00 M M 7.9 20 280 M M 4 26 280
5 48 24 36 5 29 0 0.00 M M 8.0 16 190 M M 0 22 200
6 43 35 39 8 26 0 0.01 0.0 0 8.6 16 140 M M 10 1 23 150
7 52 42 47 16 18 0 0.13 0.0 0 4.9 13 320 M M 10 1 17 300
8 42 35 39 9 26 0 0.00 0.0 0 5.8 13 330 M M 10 1 16 310
9 36 24 30 0 35 0 0.00 0.0 0 7.7 13 110 M M 7 17 110
10 40 21 31 1 34 0 T 0.0 0 8.7 18 140 M M 4 26 140
11 36 31 34 4 31 0 0.07 M M 7.1 17 300 M M 10 18 21 330
12 31 25 28 -1 37 0 T M M 6.9 15 320 M M 10 1 18 330
13 33 16 25 -4 40 0 0.00 M M 2.2 9 70 M M 4 12 60
14 33 14 24 -5 41 0 0.00 M M 6.1 14 110 M M 1 17 120
15 35 29 32 4 33 0 0.45 M M 15.2 24 130 M M 8 1468 33 140
16 36 31 34 6 31 0 0.03 M M 4.0 13 280 M M 10 1248 18 280
17 31 24 28 0 37 0 0.05 M M 5.8 13 260 M M 10 18 19 220
18 25 23 24 -4 41 0 T M M 7.7 14 270 M M 10 18 22 280
19 24 22 23 -5 42 0 0.01 M M 8.1 15 280 M M 10 18 20 260
20 32 13 23 -4 42 0 0.00 M M 3.0 10 340 M M 6 18 13 320
21 38 11 25 -2 40 0 0.00 M M 2.5 9 140 M M 0 18 14 140
22 39 29 34 7 31 0 0.40 M M 11.1 20 120 M M 7 168 27 110
23 39 -6 17 -10 48 0 0.19 M M 13.2 28 270 M M 10 12 41 220
24 6 -6 0 -26 65 0 T M M 12.7 22 230 M M 10 8 34 250
25 12 6 9 -17 56 0 T M M 9.6 16 230 M M 10 8 28 210
26 17 8 13 -13 52 0 T M M 6.6 13 220 M M 9 8 19 210
27 26 16 21 -5 44 0 T M M 6.5 12 200 M M 10 8 15 200
28 40 26 33 7 32 0 0.00 M M 7.5 16 220 M M 2 23 210
29 51 38 45 20 20 0 0.00 M M 6.3 13 220 M M 5 21 210
30 58 45 52 27 13 0 T M M 5.6 12 190 M M 7 19 200
31 53 43 48 23 17 0 0.29 M M 6.2 17 280 M M 8 1 24 280
================================================================================
SM 1111 721 1091 0 2.06 0.0 234.4 M 230
================================================================================
AV 35.8 23.3 7.6 FASTST M M 7 MAX(MPH)
MISC ----> 32 280 43 280
================================================================================
NOTES:
# LAST OF SEVERAL OCCURRENCES
COLUMN 17 PEAK WIND IN M.P.H.
PRELIMINARY LOCAL CLIMATOLOGICAL DATA (WS FORM: F-6) , PAGE 2
STATION: BRADFORD
MONTH: DECEMBER
YEAR: 2022
LATITUDE: 41 47 N
LONGITUDE: 78 38 W
[TEMPERATURE DATA] [PRECIPITATION DATA] SYMBOLS USED IN COLUMN 16
AVERAGE MONTHLY: 29.5 TOTAL FOR MONTH: 2.06 1 = FOG OR MIST
DPTR FM NORMAL: 1.0 DPTR FM NORMAL: -1.11 2 = FOG REDUCING VISIBILITY
HIGHEST: 58 ON 30 GRTST 24HR 0.58 ON 22-23 TO 1/4 MILE OR LESS
LOWEST: -6 ON 24,23 3 = THUNDER
SNOW, ICE PELLETS, HAIL 4 = ICE PELLETS
TOTAL MONTH: 0.0 INCH 5 = HAIL
GRTST 24HR 0.0 6 = FREEZING RAIN OR DRIZZLE
GRTST DEPTH: 0 7 = DUSTSTORM OR SANDSTORM:
VSBY 1/2 MILE OR LESS
8 = SMOKE OR HAZE
[NO. OF DAYS WITH] [WEATHER - DAYS WITH] 9 = BLOWING SNOW
X = TORNADO
MAX 32 OR BELOW: 10 0.01 INCH OR MORE: 11
MAX 90 OR ABOVE: 0 0.10 INCH OR MORE: 6
MIN 32 OR BELOW: 25 0.50 INCH OR MORE: 0
MIN 0 OR BELOW: 2 1.00 INCH OR MORE: 0
[HDD (BASE 65) ]
TOTAL THIS MO. 1091 CLEAR (SCALE 0-3) 4
DPTR FM NORMAL -42 PTCLDY (SCALE 4-7) 10
TOTAL FM JUL 1 2515 CLOUDY (SCALE 8-10) 17
DPTR FM NORMAL -264
[CDD (BASE 65) ]
TOTAL THIS MO. 0
DPTR FM NORMAL 0 [PRESSURE DATA]
TOTAL FM JAN 1 389 HIGHEST SLP 30.48 ON 21
DPTR FM NORMAL 107 LOWEST SLP 29.00 ON 23
[REMARKS]
#FINAL-12-22#