000
CXUS51 KCTP 011253
CLSBFD
CLIMATE REPORT
NATIONAL WEATHER SERVICE STATE COLLEGE PA
853 AM EDT TUE JUN 01 2021
...................................
...THE BRADFORD CLIMATE SUMMARY FOR THE SEASON, FROM
3/1/2021 TO 5/31/2021...
CLIMATE NORMAL PERIOD 1991 TO 2020
CLIMATE RECORD PERIOD 1957 TO 2021
WEATHER OBSERVED NORMAL DEPART LAST YEAR`S
VALUE DATE(S) VALUE FROM VALUE DATE(S)
NORMAL
................................................................
TEMPERATURE (F)
RECORD
HIGH 88 05/29/2018
05/30/2006
05/30/2006
LOW -21 03/02/1980
HIGHEST 86 05/20 86 05/26
05/21
LOWEST 3 03/07 16 03/01
03/08
03/22
AVG. MAXIMUM 57.6 55.3 2.3 54.1
AVG. MINIMUM 33.8 33.5 0.3 34.2
MEAN 45.7 44.4 1.3 44.1
DAYS MAX >= 90 0 0.0 0.0 0
DAYS MAX <= 32 5 8.6 -3.6 1
DAYS MIN <= 32 44 46.1 -2.1 49
DAYS MIN <= 0 0 1.0 -1.0 0
PRECIPITATION (INCHES)
RECORD
MAXIMUM 20.43 2011
MINIMUM 5.47 1999
TOTALS 6.51 10.80 -4.29 11.88
DAILY AVG. 0.07 0.12 -0.05 0.13
DAYS >= .01 27 43.8 -16.8 51
DAYS >= .10 15 26.4 -11.4 28
DAYS >= .50 4 6.5 -2.5 11
DAYS >= 1.00 1 1.4 -0.4 0
GREATEST
24 HR. TOTAL 1.45 1.06 03/28 TO 03/29
STORM TOTAL 1.20 0.97
(MM/DD(HH)) MM
DEGREE DAYS
HEATING TOTAL 1775 1914 -139 1913
SINCE 7/1 6526 7115 -589 MM
COOLING TOTAL 23 20 3 22
SINCE 1/1 23 20 3 MM
FREEZE DATES
RECORD
EARLIEST 08/05/1972
LATEST 06/30/1961
EARLIEST 09/19
LATEST 05/21
................................................................
WIND (MPH)
AVERAGE WIND SPEED 7.6
RESULTANT WIND SPEED/DIRECTION 3/290
HIGHEST WIND SPEED/DIRECTION 36/310 DATE 03/01
HIGHEST GUST SPEED/DIRECTION 46/320 DATE 03/01
SKY COVER
POSSIBLE SUNSHINE (PERCENT) MM
AVERAGE SKY COVER 0.50
NUMBER OF DAYS FAIR 32
NUMBER OF DAYS PC 32
NUMBER OF DAYS CLOUDY 28
AVERAGE RH (PERCENT) 61
WEATHER CONDITIONS. NUMBER OF DAYS WITH
THUNDERSTORM 3 MIXED PRECIP 0
HEAVY RAIN 4 RAIN 8
LIGHT RAIN 38 FREEZING RAIN 0
LT FREEZING RAIN 2 HAIL 0
HEAVY SNOW 4 SNOW 5
LIGHT SNOW 15 SLEET 1
FOG 46 FOG W/VIS <= 1/4 MILE 7
HAZE 25
- INDICATES NEGATIVE NUMBERS.
R INDICATES RECORD WAS SET OR TIED.
MM INDICATES DATA IS MISSING.
T INDICATES TRACE AMOUNT.
$$