000
CXUS54 KAMA 010810
CF6BGD
PRELIMINARY LOCAL CLIMATOLOGICAL DATA (WS FORM: F-6)
STATION: BORGER
MONTH: FEBRUARY
YEAR: 2021
LATITUDE: 35 42 N
LONGITUDE: 101 24 W
TEMPERATURE IN F: :PCPN: SNOW: WIND :SUNSHINE: SKY :PK WND
================================================================================
1 2 3 4 5 6A 6B 7 8 9 10 11 12 13 14 15 16 17 18
12Z AVG MX 2MIN
DY MAX MIN AVG DEP HDD CDD WTR SNW DPTH SPD SPD DIR MIN PSBL S-S WX SPD DR
================================================================================
1 66 29 48 8 17 0 0.00 M M 9.0 20 180 M M 0 8 28 190
2 71 41 56 16 9 0 0.00 M M 7.0 20 180 M M 0 28 180
3 81 35 58 18 7 0 0.00 M M 9.8 22 250 M M 0 29 250
4 65 38 52 11 13 0 0.00 M M 12.1 32 10 M M 4 39 10
5 58 28 43 2 22 0 0.00 M M 5.9 21 140 M M 0 26 140
6 55 27 41 0 24 0 0.00 M M 10.9 28 10 M M 0 35 10
7 60 27 44 3 21 0 0.00 M M 11.0 20 160 M M 5 32 150
8 39 19 29 -12 36 0 T M M 9.2 22 40 M M 10 168 28 40
9 25 18 22 -19 43 0 0.03 M M 7.1 13 60 M M 10 168 17 70
10 23 18 21 -20 44 0 0.03 M M 8.2 13 30 M M 10 18 15 30
11 32 13 23 -18 42 0 T M M 9.4 18 60 M M 6 23 60
12 18 10 14 -28 51 0 T M M 9.3 16 40 M M 10 20 50
13 14 8 11 -31 54 0 T M M 9.8 15 50 M M 10 8 21 50
14 11 1 6 -36 59 0 0.04 M M 14.0 22 20 M M 10 8 28 20
15 9 -7 1 -41 64 0 M M M 5.9 12 360 M M 3 M M
16 15 0 8 -34 57 0 T M M 11.0 21 170 M M 10 8 30 160
17 28 7 18 -24 47 0 T M M 3.2 14 70 M M 6 8 16 70
18 26 16 21 -21 44 0 0.00 M M 6.0 15 30 M M 8 8 20 20
19 45 13 29 -14 36 0 0.00 M M 5.3 15 240 M M 0 19 230
20 61 22 42 -1 23 0 0.00 M M 10.5 26 180 M M 0 18 37 160
21 55 33 44 1 21 0 0.00 M M 12.4 30 350 M M 1 40 350
22 68 26 47 4 18 0 0.00 M M 5.1 13 250 M M 0 15 250
23 79 30 55 11 10 0 0.00 M M 12.3 31 20 M M 0 42 220
24 57 35 46 2 19 0 0.00 M M 11.9 28 20 M M 0 36 10
25 48 26 37 -7 28 0 0.00 M M 6.2 14 50 M M 5 18 120
26 68 27 48 4 17 0 0.00 M M 8.6 21 240 M M 0 26 240
27 79 33 56 12 9 0 0.00 M M 11.0 25 30 M M 0 39 220
28 55 31 43 -2 22 0 0.00 M M 12.2 23 30 M M 0 29 10
================================================================================
SM 1311 604 857 0 0.10 M 254.3 M 108
================================================================================
AV 46.8 21.6 9.1 FASTST M M 4 MAX(MPH)
MISC ----> 32 10 42 220
================================================================================
NOTES:
# LAST OF SEVERAL OCCURRENCES
COLUMN 17 PEAK WIND IN M.P.H.
PRELIMINARY LOCAL CLIMATOLOGICAL DATA (WS FORM: F-6) , PAGE 2
STATION: BORGER
MONTH: FEBRUARY
YEAR: 2021
LATITUDE: 35 42 N
LONGITUDE: 101 24 W
[TEMPERATURE DATA] [PRECIPITATION DATA] SYMBOLS USED IN COLUMN 16
AVERAGE MONTHLY: 34.2 TOTAL FOR MONTH: 0.10 1 = FOG OR MIST
DPTR FM NORMAL: -7.9 DPTR FM NORMAL: -0.52 2 = FOG REDUCING VISIBILITY
HIGHEST: 81 ON 3 GRTST 24HR 0.06 ON 9-10 TO 1/4 MILE OR LESS
LOWEST: -7 ON 15 3 = THUNDER
SNOW, ICE PELLETS, HAIL 4 = ICE PELLETS
TOTAL MONTH: M 5 = HAIL
GRTST 24HR M ON M 6 = FREEZING RAIN OR DRIZZLE
GRTST DEPTH: M ON M 7 = DUSTSTORM OR SANDSTORM:
VSBY 1/2 MILE OR LESS
8 = SMOKE OR HAZE
[NO. OF DAYS WITH] [WEATHER - DAYS WITH] 9 = BLOWING SNOW
X = TORNADO
MAX 32 OR BELOW: 10 0.01 INCH OR MORE: 3
MAX 90 OR ABOVE: 0 0.10 INCH OR MORE: 0
MIN 32 OR BELOW: 22 0.50 INCH OR MORE: 0
MIN 0 OR BELOW: 2 1.00 INCH OR MORE: 0
[HDD (BASE 65) ]
TOTAL THIS MO. 857 CLEAR (SCALE 0-3) 15
DPTR FM NORMAL 216 PTCLDY (SCALE 4-7) 6
TOTAL FM JUL 1 2832 CLOUDY (SCALE 8-10) 7
DPTR FM NORMAL -163
[CDD (BASE 65) ]
TOTAL THIS MO. 0
DPTR FM NORMAL 0 [PRESSURE DATA]
TOTAL FM JAN 1 0 HIGHEST SLP M ON M
DPTR FM NORMAL 0 LOWEST SLP 29.46 ON 4
[REMARKS]
#FINAL-02-21#