000
CXUS54 KAMA 010710
CF6BGD
PRELIMINARY LOCAL CLIMATOLOGICAL DATA (WS FORM: F-6)
STATION: BORGER
MONTH: OCTOBER
YEAR: 2023
LATITUDE: 35 42 N
LONGITUDE: 101 24 W
TEMPERATURE IN F: :PCPN: SNOW: WIND :SUNSHINE: SKY :PK WND
================================================================================
1 2 3 4 5 6A 6B 7 8 9 10 11 12 13 14 15 16 17 18
12Z AVG MX 2MIN
DY MAX MIN AVG DEP HDD CDD WTR SNW DPTH SPD SPD DIR MIN PSBL S-S WX SPD DR
================================================================================
1 87 67 77 9 0 12 T M M 12.0 24 150 M M 2 36 150
2 87 67 77 10 0 12 0.00 M M 15.1 28 140 M M 1 40 140
3 89 66 78 11 0 13 T M M 11.7 24 230 M M 3 3 37 230
4 75 59 67 1 0 2 0.00 M M 6.8 17 10 M M 4 25 40
5 83 52 68 2 0 3 0.00 M M 4.8 15 40 M M 0 22 50
6 81 53 67 2 0 2 0.00 M M 10.7 29 40 M M 2 39 40
7 75 53 64 -1 1 0 0.00 M M 7.1 17 170 M M 5 27 140
8 86 53 70 5 0 5 0.00 M M 7.1 15 190 M M 0 23 190
9 88 55 72 8 0 7 0.00 M M 6.4 16 60 M M 0 24 60
10 90 56 73 9 0 8 0.00 M M 9.7 24 180 M M 0 38 170
11 93 61 77 14 0 12 0.00 M M 13.1 26 210 M M 0 38 210
12 85 60 73 10 0 8 0.00 M M 18.8 41 240 M M 0 59 260
13 67 47 57 -5 8 0 0.00 M M 12.3 25 350 M M 0 33 350
14 64 38 51 -11 14 0 0.00 M M 6.2 16 10 M M 0 23 350
15 68 36 52 -10 13 0 0.00 M M 3.7 13 20 M M 0 18 10
16 75 40 58 -3 7 0 0.00 M M 4.2 14 170 M M 0 21 160
17 88 50 69 8 0 4 0.00 M M 11.2 21 240 M M 0 34 180
18 78 53 66 6 0 1 0.00 M M 13.3 35 20 M M 0 48 30
19 89 51 70 10 0 5 0.00 M M 8.5 18 250 M M 0 26 280
20 92 49 71 11 0 6 0.00 M M 6.1 17 200 M M 0 23 250
21 93 59 76 17 0 11 0.00 M M 7.1 18 160 M M 0 25 170
22 93 65 79 20 0 14 0.00 M M 15.9 26 180 M M 0 47 160
23 86 62 74 16 0 9 0.00 M M 13.2 25 180 M M 0 3 39 190
24 85 61 73 15 0 8 0.01 M M 8.8 17 180 M M 3 1 25 180
25 82 61 72 14 0 7 0.07 M M 10.9 24 230 M M 2 3 40 240
26 87 57 72 15 0 7 0.00 M M 15.4 31 230 M M 0 45 200
27 69 41 55 -2 10 0 0.00 M M 11.5 25 340 M M 1 40 320
28 45 32 39 -17 26 0 0.01 M M 9.9 20 30 M M 10 16 26 30
29 37 30 34 -22 31 0 0.02 M M 15.2 24 10 M M 9 6 35 10
30 49 21 35 -21 30 0 0.00 M M 5.0 15 10 M M 0 19 10
31 55 28 42 -13 23 0 0.00 M M 7.9 18 170 M M 0 27 180
================================================================================
SM 2421 1583 163 156 0.11 M 309.6 M 42
================================================================================
AV 78.1 51.1 10.0 FASTST M M 1 MAX(MPH)
MISC ----> 41 240 59 260
================================================================================
NOTES:
# LAST OF SEVERAL OCCURRENCES
COLUMN 17 PEAK WIND IN M.P.H.
PRELIMINARY LOCAL CLIMATOLOGICAL DATA (WS FORM: F-6) , PAGE 2
STATION: BORGER
MONTH: OCTOBER
YEAR: 2023
LATITUDE: 35 42 N
LONGITUDE: 101 24 W
[TEMPERATURE DATA] [PRECIPITATION DATA] SYMBOLS USED IN COLUMN 16
AVERAGE MONTHLY: 64.6 TOTAL FOR MONTH: 0.11 1 = FOG OR MIST
DPTR FM NORMAL: 3.3 DPTR FM NORMAL: -1.54 2 = FOG REDUCING VISIBILITY
HIGHEST: 93 ON 22,21 GRTST 24HR 0.08 ON 24-25 TO 1/4 MILE OR LESS
LOWEST: 21 ON 30 3 = THUNDER
SNOW, ICE PELLETS, HAIL 4 = ICE PELLETS
TOTAL MONTH: M 5 = HAIL
GRTST 24HR M ON M 6 = FREEZING RAIN OR DRIZZLE
GRTST DEPTH: M ON M 7 = DUSTSTORM OR SANDSTORM:
VSBY 1/2 MILE OR LESS
8 = SMOKE OR HAZE
[NO. OF DAYS WITH] [WEATHER - DAYS WITH] 9 = BLOWING SNOW
X = TORNADO
MAX 32 OR BELOW: 0 0.01 INCH OR MORE: 4
MAX 90 OR ABOVE: 5 0.10 INCH OR MORE: 0
MIN 32 OR BELOW: 4 0.50 INCH OR MORE: 0
MIN 0 OR BELOW: 0 1.00 INCH OR MORE: 0
[HDD (BASE 65) ]
TOTAL THIS MO. 163 CLEAR (SCALE 0-3) 26
DPTR FM NORMAL -16 PTCLDY (SCALE 4-7) 3
TOTAL FM JUL 1 163 CLOUDY (SCALE 8-10) 2
DPTR FM NORMAL -38
[CDD (BASE 65) ]
TOTAL THIS MO. 156
DPTR FM NORMAL 90 [PRESSURE DATA]
TOTAL FM JAN 1 2410 HIGHEST SLP M ON M
DPTR FM NORMAL 367 LOWEST SLP 29.28 ON 12
[REMARKS]
#FINAL-10-23#