000
CXUS51 KCAR 010700
CF6BGR
PRELIMINARY LOCAL CLIMATOLOGICAL DATA (WS FORM: F-6)
STATION: BANGOR ME
MONTH: NOVEMBER
YEAR: 2021
LATITUDE: 44 47 N
LONGITUDE: 68 49 W
TEMPERATURE IN F: :PCPN: SNOW: WIND :SUNSHINE: SKY :PK WND
================================================================================
1 2 3 4 5 6A 6B 7 8 9 10 11 12 13 14 15 16 17 18
12Z AVG MX 2MIN
DY MAX MIN AVG DEP HDD CDD WTR SNW DPTH SPD SPD DIR MIN PSBL S-S WX SPD DR
================================================================================
1 60 38 49 6 16 0 0.01 0.0 0 7.3 21 280 M M 2 32 280
2 54 37 46 4 19 0 0.01 0.0 0 4.4 15 240 M M 6 20 290
3 50 28 39 -3 26 0 0.00 0.0 0 4.0 12 320 M M 4 14 340
4 44 24 34 -8 31 0 0.00 0.0 0 3.5 13 310 M M 3 16 310
5 46 23 35 -6 30 0 0.00 0.0 0 3.5 20 340 M M 4 1 33 320
6 51 23 37 -4 28 0 0.00 0.0 0 4.4 14 250 M M 0 18 240
7 55 24 40 -1 25 0 0.00 0.0 0 2.5 9 170 M M 1 1 11 190
8 61 26 44 4 21 0 0.00 0.0 0 0.8 9 330 M M 1 1 11 330
9 64 29 47 7 18 0 0.00 0.0 0 2.2 13 340 M M 3 15 340
10 51 34 43 3 22 0 0.17 0.0 0 4.1 12 350 M M 6 1 14 330
11 50 29 40 1 25 0 0.00 0.0 0 4.3 12 350 M M 4 16 330
12 58 33 46 7 19 0 0.97 0.0 0 10.8 28 130 M M 10 1 38 140
13 57 35 46 8 19 0 0.02 0.0 0 4.0 16 320 M M 4 1 21 320
14 49 33 41 3 24 0 0.12 0.0 0 6.3 22 300 M M 6 1 31 290
15 42 36 39 1 26 0 0.19 0.0 0 5.3 14 280 M M 10 1 22 270
16 43 34 39 2 26 0 0.00 0.0 0 9.5 22 310 M M 7 33 320
17 40 29 35 -2 30 0 T T 0 6.5 18 320 M M 5 4 24 310
18 56 38 47 11 18 0 0.28 0.0 0 8.5 15 320 M M 10 1 19 210
19 47 33 40 4 25 0 0.26 0.0 0 8.1 22 310 M M 7 1 35 310
20 42 28 35 -1 30 0 0.00 0.0 0 5.2 15 320 M M 2 20 320
21 44 27 36 1 29 0 0.09 0.0 0 1.8 8 180 M M 8 1 9 180
22 53 35 44 9 21 0 0.73 0.0 0 10.5 23 320 M M 10 1 31 180
23 36 25 31 -3 34 0 0.00 0.0 0 13.4 25 330 M M 5 8 30 320
24 39 24 32 -2 33 0 0.00 0.0 0 14.1 24 310 M M 1 30 310
25 52 28 40 6 25 0 0.00 0.0 0 5.3 14 330 M M 3 18 320
26 38 28 33 0 32 0 0.34 0.0 0 2.4 8 350 M M 9 1 10 350
27 34 23 29 -4 36 0 0.25 2.2 1 8.1 21 290 M M 9 1 34 300
28 31 16 24 -8 41 0 0.00 0.0 2 2.9 12 250 M M 4 16 230
29 30 19 25 -7 40 0 T T 1 8.8 16 350 M M 7 19 340
30 33 18 26 -6 39 0 0.00 0.0 1 4.9 13 280 M M 4 8 19 310
================================================================================
SM 1410 857 808 0 3.44 2.2 177.4 M 155
================================================================================
AV 47.0 28.6 5.9 FASTST M M 5 MAX(MPH)
MISC ----> 28 130 38 140
================================================================================
NOTES:
# LAST OF SEVERAL OCCURRENCES
COLUMN 17 PEAK WIND IN M.P.H.
PRELIMINARY LOCAL CLIMATOLOGICAL DATA (WS FORM: F-6) , PAGE 2
STATION: BANGOR ME
MONTH: NOVEMBER
YEAR: 2021
LATITUDE: 44 47 N
LONGITUDE: 68 49 W
[TEMPERATURE DATA] [PRECIPITATION DATA] SYMBOLS USED IN COLUMN 16
AVERAGE MONTHLY: 37.8 TOTAL FOR MONTH: 3.44 1 = FOG OR MIST
DPTR FM NORMAL: 0.5 DPTR FM NORMAL: -0.40 2 = FOG REDUCING VISIBILITY
HIGHEST: 64 ON 9 GRTST 24HR 0.97 ON 12-12 TO 1/4 MILE OR LESS
LOWEST: 16 ON 28 3 = THUNDER
SNOW, ICE PELLETS, HAIL 4 = ICE PELLETS
TOTAL MONTH: 2.2 INCHES 5 = HAIL
GRTST 24HR 2.2 ON 27-27 6 = FREEZING RAIN OR DRIZZLE
GRTST DEPTH: 2 ON 28 7 = DUSTSTORM OR SANDSTORM:
VSBY 1/2 MILE OR LESS
8 = SMOKE OR HAZE
[NO. OF DAYS WITH] [WEATHER - DAYS WITH] 9 = BLOWING SNOW
X = TORNADO
MAX 32 OR BELOW: 2 0.01 INCH OR MORE: 13
MAX 90 OR ABOVE: 0 0.10 INCH OR MORE: 9
MIN 32 OR BELOW: 19 0.50 INCH OR MORE: 2
MIN 0 OR BELOW: 0 1.00 INCH OR MORE: 0
[HDD (BASE 65) ]
TOTAL THIS MO. 808 CLEAR (SCALE 0-3) 8
DPTR FM NORMAL -23 PTCLDY (SCALE 4-7) 15
TOTAL FM JUL 1 1320 CLOUDY (SCALE 8-10) 7
DPTR FM NORMAL -260
[CDD (BASE 65) ]
TOTAL THIS MO. 0
DPTR FM NORMAL 0 [PRESSURE DATA]
TOTAL FM JAN 1 467 HIGHEST SLP 30.50 ON 20
DPTR FM NORMAL 88 LOWEST SLP 29.23 ON 27
[REMARKS]
#FINAL-11-21#