000
CXUS55 KVEF 011905
CF6BIH
PRELIMINARY LOCAL CLIMATOLOGICAL DATA (WS FORM: F-6)
STATION: BISHOP CA
MONTH: AUGUST
YEAR: 2020
LATITUDE: 37 22 N
LONGITUDE: 118 22 W
TEMPERATURE IN F: :PCPN: SNOW: WIND :SUNSHINE: SKY :PK WND
================================================================================
1 2 3 4 5 6A 6B 7 8 9 10 11 12 13 14 15 16 17 18
12Z AVG MX 2MIN
DY MAX MIN AVG DEP HDD CDD WTR SNW DPTH SPD SPD DIR MIN PSBL S-S WX SPD DR
================================================================================
1 108 58 83 6 0 18 0.00 0.0 0 7.2 20 140 M M 0 26 130
2 108 59 84 7 0 19 0.00 0.0 0 7.2 18 250 M M 0 24 360
3 106 61 84 7 0 19 0.00 0.0 0 5.4 17 340 M M 0 8 25 340
4 105 58 82 5 0 17 0.00 0.0 0 9.1 25 150 M M 0 34 150
5 101 55 78 1 0 13 0.00 0.0 0 8.6 22 140 M M 0 29 150
6 97 53 75 -2 0 10 0.00 0.0 0 11.1 28 140 M M 0 35 150
7 98 56 77 0 0 12 0.00 0.0 0 9.1 21 140 M M 0 27 140
8 99 52 76 0 0 11 0.00 0.0 0 7.9 20 150 M M 0 25 150
9 101 54 78 2 0 13 0.00 0.0 0 7.5 15 150 M M 0 23 180
10 102 57 80 4 0 15 0.00 0.0 0 6.2 17 200 M M 0 27 220
11 101 56 79 3 0 14 0.00 0.0 0 6.9 26 330 M M 0 32 310
12 101 56 79 3 0 14 0.00 0.0 0 7.5 16 340 M M 0 23 140
13 100 55 78 2 0 13 0.00 0.0 0 5.5 13 150 M M 0 16 180
14 104 61 83 7 0 18 0.00 0.0 0 4.6 22 150 M M 0 26 150
15 107 60 84 9 0 19 T 0.0 0 8.9 28 30 M M 0 3 37 30
16 108 64 86 11 0 21 0.00 0.0 0 7.9 32 240 M M 1 38 42 220
17 105 67 86 11 0 21 0.00 0.0 0 8.0 39 240 M M 0 38 48 240
18 105 65 85 10 0 20 T 0.0 0 7.6 44 200 M M 0 38 62 200
19 101 62 82 7 0 17 0.00 0.0 0 6.5 25 280 M M 0 3 40 260
20 105 60 83 9 0 18 0.00 0.0 0 6.6 20 260 M M 1 8 24 260
21 105 60 83 9 0 18 0.00 0.0 0 7.3 21 260 M M 0 8 26 260
22 106 60 83 9 0 18 0.00 0.0 0 5.9 17 360 M M 0 22 350
23 104 61 83 9 0 18 0.00 0.0 0 6.5 23 160 M M 0 8 29 160
24 101 65 83 9 0 18 T 0.0 0 10.1 26 160 M M 1 8 45 160
25 103 60 82 8 0 17 0.00 0.0 0 8.6 23 160 M M 0 30 160
26 99 54 77 4 0 12 0.00 0.0 0 7.4 18 180 M M 0 24 160
27 98 56 77 4 0 12 0.00 0.0 0 6.5 15 150 M M 1 19 150
28 97 53 75 2 0 10 0.00 0.0 0 7.9 21 150 M M 1 25 150
29 98 50 74 1 0 9 0.00 0.0 0 8.5 21 170 M M 1 26 170
30 99 53 76 4 0 11 0.00 0.0 0 6.5 18 140 M M 0 8 24 140
31 98 53 76 4 0 11 0.00 0.0 0 8.4 21 140 M M 0 8 27 150
================================================================================
SM 3170 1794 0 476 T 0.0 232.9 M 6
================================================================================
AV102.3 57.9 7.5 FASTST M M 0 MAX(MPH)
MISC ----> 44 200 62 200
================================================================================
NOTES:
# LAST OF SEVERAL OCCURRENCES
COLUMN 17 PEAK WIND IN M.P.H.
PRELIMINARY LOCAL CLIMATOLOGICAL DATA (WS FORM: F-6) , PAGE 2
STATION: BISHOP CA
MONTH: AUGUST
YEAR: 2020
LATITUDE: 37 22 N
LONGITUDE: 118 22 W
[TEMPERATURE DATA] [PRECIPITATION DATA] SYMBOLS USED IN COLUMN 16
AVERAGE MONTHLY: 80.1 TOTAL FOR MONTH: T 1 = FOG OR MIST
DPTR FM NORMAL: 5.1 DPTR FM NORMAL: -0.13 2 = FOG REDUCING VISIBILITY
HIGHEST: 108 ON 16, 2 GRTST 24HR T ON 15-15 TO 1/4 MILE OR LESS
LOWEST: 50 ON 29 3 = THUNDER
SNOW, ICE PELLETS, HAIL 4 = ICE PELLETS
TOTAL MONTH: 0.0 INCH 5 = HAIL
GRTST 24HR 0.0 6 = FREEZING RAIN OR DRIZZLE
GRTST DEPTH: 0 7 = DUSTSTORM OR SANDSTORM:
VSBY 1/2 MILE OR LESS
8 = SMOKE OR HAZE
[NO. OF DAYS WITH] [WEATHER - DAYS WITH] 9 = BLOWING SNOW
X = TORNADO
MAX 32 OR BELOW: 0 0.01 INCH OR MORE: 0
MAX 90 OR ABOVE: 31 0.10 INCH OR MORE: 0
MIN 32 OR BELOW: 0 0.50 INCH OR MORE: 0
MIN 0 OR BELOW: 0 1.00 INCH OR MORE: 0
[HDD (BASE 65) ]
TOTAL THIS MO. 0 CLEAR (SCALE 0-3) 31
DPTR FM NORMAL -1 PTCLDY (SCALE 4-7) 0
TOTAL FM JUL 1 0 CLOUDY (SCALE 8-10) 0
DPTR FM NORMAL -1
[CDD (BASE 65) ]
TOTAL THIS MO. 476
DPTR FM NORMAL 163 [PRESSURE DATA]
TOTAL FM JAN 1 1324 HIGHEST SLP 30.09 ON 18
DPTR FM NORMAL 347 LOWEST SLP 29.61 ON 26
[REMARKS]
#FINAL-08-20#