000
CXUS55 KBYZ 011000
CF6BIL
PRELIMINARY LOCAL CLIMATOLOGICAL DATA (WS FORM: F-6)
STATION: BILLINGS MT
MONTH: MARCH
YEAR: 2021
LATITUDE: 45 47 N
LONGITUDE: 108 32 W
TEMPERATURE IN F: :PCPN: SNOW: WIND :SUNSHINE: SKY :PK WND
================================================================================
1 2 3 4 5 6A 6B 7 8 9 10 11 12 13 14 15 16 17 18
12Z AVG MX 2MIN
DY MAX MIN AVG DEP HDD CDD WTR SNW DPTH SPD SPD DIR MIN PSBL S-S WX SPD DR
================================================================================
1 48 27 38 4 27 0 0.00 0.0 0 22.0 35 240 M M 3 41 240
2 56 32 44 10 21 0 0.00 0.0 0 12.5 22 250 M M 4 29 210
3 57 30 44 10 21 0 0.00 0.0 0 8.1 23 180 M M 1 27 180
4 58 27 43 9 22 0 0.00 0.0 0 8.6 21 240 M M 3 26 250
5 60 32 46 11 19 0 0.00 0.0 0 14.7 23 240 M M 4 27 250
6 62 34 48 13 17 0 0.00 0.0 0 9.5 29 320 M M 5 37 310
7 57 33 45 10 20 0 0.00 0.0 0 5.1 12 150 M M 3 15 150
8 52 28 40 4 25 0 0.00 0.0 0 8.1 15 40 M M 3 19 30
9 47 29 38 2 27 0 T T 0 7.5 21 350 M M 6 26 350
10 48 26 37 1 28 0 0.00 0.0 0 5.1 14 10 M M 5 17 360
11 44 22 33 -3 32 0 0.00 0.0 0 6.0 14 250 M M 4 1 17 250
12 53 29 41 4 24 0 0.00 0.0 0 9.7 17 230 M M 0 22 250
13 54 22 38 1 27 0 0.00 0.0 0 8.1 16 60 M M 1 21 20
14 56 32 44 7 21 0 0.00 0.0 0 14.0 33 130 M M 7 43 140
15 48 25 37 -1 28 0 0.00 0.0 0 7.5 17 240 M M 7 21 250
16 43 32 38 0 27 0 0.01 T 0 6.9 16 40 M M 8 1 20 360
17 54 23 39 1 26 0 0.00 0.0 0 9.7 18 120 M M 1 21 230
18 62 24 43 5 22 0 0.00 0.0 0 5.8 15 110 M M 1 19 230
19 71 43 57 18 8 0 0.00 0.0 0 13.5 26 340 M M 4 32 340
20 49 34 42 3 23 0 0.63 T 0 6.6 16 360 M M 10 1 20 350
21 50 32 41 2 24 0 0.00 0.0 0 10.3 18 290 M M 5 22 280
22 46 32 39 0 26 0 0.00 0.0 0 10.2 17 360 M M 8 28 190
23 42 28 35 -5 30 0 T T 0 10.3 22 10 M M 6 28 10
24 48 22 35 -5 30 0 0.00 0.0 0 11.4 23 240 M M 5 30 240
25 48 33 41 1 24 0 T 0.0 0 9.5 18 20 M M 8 26 20
26 50 31 41 1 24 0 0.03 T T 8.5 28 290 M M 9 1 34 290
27 56 34 45 4 20 0 0.00 0.0 0 9.8 23 300 M M 8 29 300
28 70 42 56 15 9 0 0.00 0.0 0 17.9 33 240 M M 7 41 230
29 61 23 42 1 23 0 T T 0 23.0 46 280 M M 7 1 57 280
30 39 20 30 -12 35 0 T T 0 8.4 25 320 M M 6 32 320
31 53 24 39 -3 26 0 0.00 0.0 0 12.8 21 220 M M 1 24 250
================================================================================
SM 1642 905 736 0 0.67 T 321.1 M 150
================================================================================
AV 53.0 29.2 10.4 FASTST M M 5 MAX(MPH)
MISC ----> 46 280 57 280
================================================================================
NOTES:
# LAST OF SEVERAL OCCURRENCES
COLUMN 17 PEAK WIND IN M.P.H.
PRELIMINARY LOCAL CLIMATOLOGICAL DATA (WS FORM: F-6) , PAGE 2
STATION: BILLINGS MT
MONTH: MARCH
YEAR: 2021
LATITUDE: 45 47 N
LONGITUDE: 108 32 W
[TEMPERATURE DATA] [PRECIPITATION DATA] SYMBOLS USED IN COLUMN 16
AVERAGE MONTHLY: 41.1 TOTAL FOR MONTH: 0.67 1 = FOG OR MIST
DPTR FM NORMAL: 3.4 DPTR FM NORMAL: -0.39 2 = FOG REDUCING VISIBILITY
HIGHEST: 71 ON 19 GRTST 24HR 0.63 ON 20-20 TO 1/4 MILE OR LESS
LOWEST: 20 ON 30 3 = THUNDER
SNOW, ICE PELLETS, HAIL 4 = ICE PELLETS
TOTAL MONTH: T 5 = HAIL
GRTST 24HR T ON 9- 9 6 = FREEZING RAIN OR DRIZZLE
GRTST DEPTH: T 7 = DUSTSTORM OR SANDSTORM:
VSBY 1/2 MILE OR LESS
8 = SMOKE OR HAZE
[NO. OF DAYS WITH] [WEATHER - DAYS WITH] 9 = BLOWING SNOW
X = TORNADO
MAX 32 OR BELOW: 0 0.01 INCH OR MORE: 3
MAX 90 OR ABOVE: 0 0.10 INCH OR MORE: 1
MIN 32 OR BELOW: 24 0.50 INCH OR MORE: 1
MIN 0 OR BELOW: 0 1.00 INCH OR MORE: 0
[HDD (BASE 65) ]
TOTAL THIS MO. 736 CLEAR (SCALE 0-3) 9
DPTR FM NORMAL -109 PTCLDY (SCALE 4-7) 20
TOTAL FM JUL 1 5558 CLOUDY (SCALE 8-10) 2
DPTR FM NORMAL -247
[CDD (BASE 65) ]
TOTAL THIS MO. 0
DPTR FM NORMAL 0 [PRESSURE DATA]
TOTAL FM JAN 1 0 HIGHEST SLP 30.48 ON 31
DPTR FM NORMAL 0 LOWEST SLP 29.15 ON 29
[REMARKS]
#FINAL-03-21#