999
CXUS53 KBIS 021822
CLSBIS
CLIMATE REPORT
NATIONAL WEATHER SERVICE BISMARCK ND
113 PM CDT WED SEP 2 2020
...................................
...THE BISMARCK ND CLIMATE SUMMARY FOR THE SEASON, FROM
6/1/2020 TO 8/31/2020...
CLIMATE NORMAL PERIOD 1981 TO 2010
CLIMATE RECORD PERIOD 1875 TO 2020
WEATHER OBSERVED NORMAL DEPART LAST YEAR`S
VALUE DATE(S) VALUE FROM VALUE DATE(S)
NORMAL
................................................................
TEMPERATURE (F)
RECORD
HIGH 114 07/06/1936
LOW 30 06/02/1969
HIGHEST 100 08/19 MM MM 94 08/06
LOWEST 44 06/19 MM MM 43 06/01
06/03
06/05
AVG. MAXIMUM 86.8 81.9 4.9 80.5
AVG. MINIMUM 58.6 55.0 3.6 57.7
MEAN 72.7 68.5 4.2 69.1
DAYS MAX >= 90 31 18.1 12.9 6
DAYS MAX <= 32 0 0.0 0.0 0
DAYS MIN <= 32 0 0.0 0.0 0
DAYS MIN <= 0 0 0.0 0.0 0
PRECIPITATION (INCHES)
RECORD
MAXIMUM 14.22 2001
MINIMUM 4.48 2012
TOTALS 4.83 8.34 -3.51 11.66
DAILY AVG. 0.05 0.09 -0.04 0.12
DAYS >= .01 21 29.1 -8.1 34
DAYS >= .10 13 16.1 -3.1 22
DAYS >= .50 1 5.2 -4.2 7
DAYS >= 1.00 1 1.7 -0.7 2
GREATEST
24 HR. TOTAL 1.79 MM 08/31 TO 08/31
SNOWFALL (INCHES)
RECORDS
TOTAL T 2019
2017
2009
TOTALS 0.0 0.0
DEGREE_DAYS
HEATING TOTAL 13
COOLING TOTAL 750
.................................................................
WIND (MPH)
HIGHEST WIND SPEED/DIRECTION 52/120 DATE 07/02
HIGHEST GUST SPEED/DIRECTION 64/120 DATE 07/02
- INDICATES NEGATIVE NUMBERS.
R INDICATES RECORD WAS SET OR TIED.
MM INDICATES DATA IS MISSING.
T INDICATES TRACE AMOUNT.
...................................
$$