000
CXUS53 KGRR 011010
CF6BIV
PRELIMINARY LOCAL CLIMATOLOGICAL DATA (WS FORM: F-6)
STATION: HOLLAND
MONTH: DECEMBER
YEAR: 2020
LATITUDE: 42 49 N
LONGITUDE: 86 10 W
TEMPERATURE IN F: :PCPN: SNOW: WIND :SUNSHINE: SKY :PK WND
================================================================================
1 2 3 4 5 6A 6B 7 8 9 10 11 12 13 14 15 16 17 18
12Z AVG MX 2MIN
DY MAX MIN AVG DEP HDD CDD WTR SNW DPTH SPD SPD DIR MIN PSBL S-S WX SPD DR
================================================================================
1 40 32 36 0 29 0 0.00 M M 12.5 23 330 M M 5 36 320
2 45 27 36 1 29 0 0.00 M M 9.2 20 250 M M 0 27 250
3 41 35 38 3 27 0 0.00 M M 13.9 22 260 M M 4 30 250
4 43 32 38 3 27 0 0.00 M M 11.3 25 230 M M 8 35 220
5 38 30 34 0 31 0 0.00 M M 4.8 12 20 M M 9 17 350
6 34 29 32 -2 33 0 0.00 M M 4.3 10 100 M M 10 14 110
7 37 29 33 -1 32 0 T M M 3.5 9 290 M M 10 1 14 330
8 38 34 36 3 29 0 0.01 M M 10.4 24 250 M M 10 34 260
9 45 29 37 4 28 0 0.00 M M 8.1 22 250 M M 7 18 30 260
10 54 25 40 7 25 0 0.00 M M 5.4 14 160 M M 1 128 17 170
11 44 31 38 6 27 0 0.21 M M 7.3 17 80 M M 4 18 26 80
12 41 34 38 6 27 0 1.47 M M 9.3 17 70 M M 10 1 27 70
13 37 30 34 2 31 0 0.02 M M 5.4 18 250 M M 9 1 25 280
14 33 25 29 -3 36 0 T M M 10.4 21 260 M M 10 30 280
15 31 23 27 -4 38 0 0.00 M M 6.4 13 80 M M 5 19 90
16 31 24 28 -3 37 0 T M M 9.5 15 80 M M 7 25 100
17 32 25 29 -2 36 0 0.00 M M 2.2 10 80 M M 10 15 70
18 39 28 34 4 31 0 0.00 M M 8.4 17 180 M M 5 8 25 190
19 40 33 37 7 28 0 T M M 7.8 14 190 M M 8 18 20 190
20 40 36 38 8 27 0 T M M 13.1 23 210 M M 8 18 29 220
21 40 31 36 6 29 0 0.08 M M 10.6 20 290 M M 10 18 30 300
22 40 35 38 8 27 0 0.03 M M 8.7 18 320 M M 8 27 330
23 54 38 46 17 19 0 0.20 M M 18.7 28 230 M M 5 1 41 190
24 43 16 30 1 35 0 M M M 15.4 36 230 M M 10 1 49 230
25 27 6 17 -12 48 0 T M M 10.9 24 260 M M 9 18 35 250
26 29 26 28 -1 37 0 0.00 M M 8.6 24 270 M M 10 34 260
27 42 23 33 5 32 0 T M M 8.9 18 290 M M 3 26 280
28 40 31 36 8 29 0 0.01 M M 12.7 21 310 M M 9 1 33 320
29 31 22 27 -1 38 0 M M M 9.8 22 140 M M 5 18 32 150
30 37 29 33 5 32 0 M M M 15.6 26 270 M M 10 16 38 270
31 31 26 29 1 36 0 0.00 M M 5.4 16 290 M M 10 26 300
================================================================================
SM 1197 874 970 0 2.03 M 288.5 M 229
================================================================================
AV 38.6 28.2 9.3 FASTST M M 7 MAX(MPH)
MISC ----> 36 230 49 230
================================================================================
NOTES:
# LAST OF SEVERAL OCCURRENCES
COLUMN 17 PEAK WIND IN M.P.H.
PRELIMINARY LOCAL CLIMATOLOGICAL DATA (WS FORM: F-6) , PAGE 2
STATION: HOLLAND
MONTH: DECEMBER
YEAR: 2020
LATITUDE: 42 49 N
LONGITUDE: 86 10 W
[TEMPERATURE DATA] [PRECIPITATION DATA] SYMBOLS USED IN COLUMN 16
AVERAGE MONTHLY: 33.4 TOTAL FOR MONTH: 2.03 1 = FOG OR MIST
DPTR FM NORMAL: 2.1 DPTR FM NORMAL: -0.27 2 = FOG REDUCING VISIBILITY
HIGHEST: 54 ON 23,10 GRTST 24HR 1.68 ON 11-12 TO 1/4 MILE OR LESS
LOWEST: 6 ON 25 3 = THUNDER
SNOW, ICE PELLETS, HAIL 4 = ICE PELLETS
TOTAL MONTH: M 5 = HAIL
GRTST 24HR M ON M 6 = FREEZING RAIN OR DRIZZLE
GRTST DEPTH: M ON M 7 = DUSTSTORM OR SANDSTORM:
VSBY 1/2 MILE OR LESS
8 = SMOKE OR HAZE
[NO. OF DAYS WITH] [WEATHER - DAYS WITH] 9 = BLOWING SNOW
X = TORNADO
MAX 32 OR BELOW: 7 0.01 INCH OR MORE: 8
MAX 90 OR ABOVE: 0 0.10 INCH OR MORE: 3
MIN 32 OR BELOW: 24 0.50 INCH OR MORE: 1
MIN 0 OR BELOW: 0 1.00 INCH OR MORE: 1
[HDD (BASE 65) ]
TOTAL THIS MO. 970 CLEAR (SCALE 0-3) 3
DPTR FM NORMAL -75 PTCLDY (SCALE 4-7) 11
TOTAL FM JUL 1 2172 CLOUDY (SCALE 8-10) 17
DPTR FM NORMAL -96
[CDD (BASE 65) ]
TOTAL THIS MO. 0
DPTR FM NORMAL 0 [PRESSURE DATA]
TOTAL FM JAN 1 772 HIGHEST SLP 30.57 ON 29
DPTR FM NORMAL 79 LOWEST SLP 29.42 ON 23
[REMARKS]
#FINAL-12-20#