000
CXUS56 KBOI 011002
CF6BKE
PRELIMINARY LOCAL CLIMATOLOGICAL DATA (WS FORM: F-6)
STATION: BAKER OR
MONTH: MARCH
YEAR: 2020
LATITUDE: 44 50 N
LONGITUDE: 117 49 W
TEMPERATURE IN F: :PCPN: SNOW: WIND :SUNSHINE: SKY :PK WND
================================================================================
1 2 3 4 5 6A 6B 7 8 9 10 11 12 13 14 15 16 17 18
12Z AVG MX 2MIN
DY MAX MIN AVG DEP HDD CDD WTR SNW DPTH SPD SPD DIR MIN PSBL S-S WX SPD DR
================================================================================
1 45 22 34 0 31 0 0.00 M M 13.5 26 330 M M 2 33 330
2 52 20 36 2 29 0 T M M 3.4 10 320 M M 6 14 320
3 59 27 43 9 22 0 0.00 M M 3.9 18 350 M M 4 27 340
4 56 25 41 7 24 0 0.00 M M 4.5 21 10 M M 1 25 10
5 62 24 43 8 22 0 0.00 M M 9.3 22 110 M M 0 8 30 110
6 60 30 45 10 20 0 0.00 M M 6.6 23 90 M M 0 27 80
7 44 21 33 -2 32 0 0.00 M M 6.6 21 340 M M 4 26 340
8 50 20 35 -1 30 0 0.01 M M 3.4 15 170 M M 7 18 20 180
9 48 24 36 0 29 0 0.00 M M 2.9 14 240 M M 7 1 20 220
10 57 18 38 2 27 0 0.00 M M 5.0 17 170 M M 0 24 180
11 63 26 45 8 20 0 0.00 M M 8.2 29 350 M M 1 37 360
12 51 24 38 1 27 0 0.00 M M 6.8 15 330 M M 0 21 350
13 55 18 37 0 28 0 0.00 M M 7.6 23 120 M M 1 29 130
14 50 28 39 2 26 0 T M M 8.9 25 180 M M 8 1 34 190
15 38 29 34 -4 31 0 0.01 M M 6.5 14 310 M M 9 18 17 330
16 53 31 42 4 23 0 0.00 M M 7.8 14 350 M M 6 18 360
17 61 23 42 4 23 0 0.02 M M 4.6 17 200 M M 3 1 21 200
18 58 25 42 4 23 0 0.00 M M 5.6 14 160 M M 1 1 18 150
19 61 21 41 2 24 0 0.00 M M 4.2 10 320 M M 0 1 14 300
20 61 24 43 4 22 0 0.00 M M 7.7 20 350 M M 0 1 29 320
21 61 20 41 2 24 0 0.00 M M 5.1 16 30 M M 0 20 30
22 63 19 41 2 24 0 0.00 M M 4.5 15 140 M M 0 22 170
23 63 29 46 6 19 0 0.00 M M 10.5 26 340 M M 4 33 350
24 47 26 37 -3 28 0 T M M 5.3 17 310 M M 6 1 21 310
25 42 22 32 -8 33 0 0.07 M M 4.9 15 340 M M 7 128 19 20
26 50 21 36 -4 29 0 0.00 M M 3.8 13 360 M M 7 17 350
27 47 25 36 -4 29 0 0.00 M M 5.2 15 340 M M 8 18 330
28 57 30 44 4 21 0 T M M 4.3 14 200 M M 10 19 80
29 57 34 46 6 19 0 T M M 9.3 29 330 M M 7 3 37 320
30 52 35 44 3 21 0 0.05 M M 10.8 28 170 M M 7 13 34 160
31 46 26 36 -5 29 0 0.02 M M 8.9 32 320 M M 8 128 41 320
================================================================================
SM 1669 767 789 0 0.18 M 199.6 M 124
================================================================================
AV 53.8 24.7 6.4 FASTST M M 4 MAX(MPH)
MISC ----> 32 320 41 320
================================================================================
NOTES:
# LAST OF SEVERAL OCCURRENCES
COLUMN 17 PEAK WIND IN M.P.H.
PRELIMINARY LOCAL CLIMATOLOGICAL DATA (WS FORM: F-6) , PAGE 2
STATION: BAKER OR
MONTH: MARCH
YEAR: 2020
LATITUDE: 44 50 N
LONGITUDE: 117 49 W
[TEMPERATURE DATA] [PRECIPITATION DATA] SYMBOLS USED IN COLUMN 16
AVERAGE MONTHLY: 39.3 TOTAL FOR MONTH: 0.18 1 = FOG OR MIST
DPTR FM NORMAL: 1.7 DPTR FM NORMAL: -0.64 2 = FOG REDUCING VISIBILITY
HIGHEST: 63 ON 23,22 GRTST 24HR 0.07 ON 24-25 TO 1/4 MILE OR LESS
LOWEST: 18 ON 13,10 3 = THUNDER
SNOW, ICE PELLETS, HAIL 4 = ICE PELLETS
TOTAL MONTH: M 5 = HAIL
GRTST 24HR M ON M 6 = FREEZING RAIN OR DRIZZLE
GRTST DEPTH: M ON M 7 = DUSTSTORM OR SANDSTORM:
VSBY 1/2 MILE OR LESS
8 = SMOKE OR HAZE
[NO. OF DAYS WITH] [WEATHER - DAYS WITH] 9 = BLOWING SNOW
X = TORNADO
MAX 32 OR BELOW: 0 0.01 INCH OR MORE: 6
MAX 90 OR ABOVE: 0 0.10 INCH OR MORE: 0
MIN 32 OR BELOW: 29 0.50 INCH OR MORE: 0
MIN 0 OR BELOW: 0 1.00 INCH OR MORE: 0
[HDD (BASE 65) ]
TOTAL THIS MO. 789 CLEAR (SCALE 0-3) 13
DPTR FM NORMAL -59 PTCLDY (SCALE 4-7) 15
TOTAL FM JUL 1 5540 CLOUDY (SCALE 8-10) 3
DPTR FM NORMAL -829
[CDD (BASE 65) ]
TOTAL THIS MO. 0
DPTR FM NORMAL 0 [PRESSURE DATA]
TOTAL FM JAN 1 0 HIGHEST SLP M ON M
DPTR FM NORMAL 0 LOWEST SLP 29.44 ON 13
[REMARKS]
#FINAL-03-20#