955
CXUS51 KRLX 051319
CF6BKW
PRELIMINARY LOCAL CLIMATOLOGICAL DATA (WS FORM: F-6)
STATION: BECKLEY WV
MONTH: FEBRUARY
YEAR: 2021
LATITUDE: 37 46 N
LONGITUDE: 81 7 W
TEMPERATURE IN F: :PCPN: SNOW: WIND :SUNSHINE: SKY :PK WND
================================================================================
1 2 3 4 5 6A 6B 7 8 9 10 11 12 13 14 15 16 17 18
12Z AVG MX 2MIN
DY MAX MIN AVG DEP HDD CDD WTR SNW DPTH SPD SPD DIR MIN PSBL S-S WX SPD DR
================================================================================
1 33 22 28 -4 37 0 0.15 1.5 3 8.1 17 300 M M 10 16 24 310
2 24 18 21 -11 44 0 0.04 1.2 6 14.5 24 310 M M 9 1 33 340
3 32 17 25 -7 40 0 T T 5 10.8 20 300 M M 5 18 29 300
4 40 13 27 -5 38 0 0.01 0.0 5 7.8 22 170 M M 3 33 170
5 38 29 34 1 31 0 0.09 T 4 10.9 23 260 M M 6 1 32 300
6 37 27 32 -1 33 0 0.00 0.0 T 6.1 17 260 M M 1 22 270
7 35 12 24 -9 41 0 0.16 4.0 4 7.0 17 330 M M 8 12 22 330
8 42 9 26 -7 39 0 0.00 0.0 5 6.4 15 140 M M 0 21 130
9 46 32 39 6 26 0 0.04 T 4 5.5 14 240 M M 7 1 19 260
10 42 31 37 4 28 0 0.06 0.0 0 5.6 16 150 M M 10 1 25 150
11 41 28 35 1 30 0 0.74 0.7 0 7.9 20 130 M M 10 126 32 150
12 33 29 31 -3 34 0 0.00 0.0 1 8.1 21 130 M M 10 1 29 140
13 36 31 34 0 31 0 0.15 0.0 0 7.9 22 140 M M 10 126 32 130
14 31 26 29 -5 36 0 0.00 0.0 T 5.6 12 350 M M 10 12 14 360
15 41 31 36 2 29 0 0.06 0.0 0 8.6 28 120 M M 9 12 36 120
16 40 14 27 -8 38 0 0.12 1.2 T 8.9 22 160 M M 10 128 31 180
17 36 12 24 -11 41 0 T 0.2 1 6.4 17 140 M M 6 1 24 120
18 36 28 32 -3 33 0 1.01 0.5 1 6.5 18 150 M M 10 126 28 130
19 33 19 26 -9 39 0 0.01 T T 8.6 16 320 M M 10 12 21 310
20 25 14 20 -15 45 0 T 1.0 1 9.2 18 330 M M 0 18 24 310
21 37 11 24 -12 41 0 0.00 0.0 0 8.8 20 140 M M 0 26 130
22 48 32 40 4 25 0 0.39 0.0 0 11.6 24 250 M M 6 16 33 280
23 54 30 42 6 23 0 0.00 0.0 0 10.1 29 280 M M 0 41 270
24 65 30 48 12 17 0 0.01 0.0 0 10.9 24 210 M M 2 35 220
25 51 35 43 6 22 0 0.03 0.0 0 7.1 21 330 M M 5 1 26 330
26 44 29 37 0 28 0 0.15 0.0 0 11.4 24 120 M M 6 1 34 130
27 54 34 44 7 21 0 0.85 0.0 0 7.6 21 130 M M 10 1 30 130
28 64 51 58 21 7 0 1.05 0.0 0 9.2 29 270 M M 10 1 39 280
================================================================================
SM 1138 694 897 0 5.12 10.3 237.1 M 183
================================================================================
AV 40.6 24.8 8.5 FASTST M M 7 MAX(MPH)
MISC ----> # 29 280 41 270
================================================================================
NOTES:
# LAST OF SEVERAL OCCURRENCES
COLUMN 17 PEAK WIND IN M.P.H.
PRELIMINARY LOCAL CLIMATOLOGICAL DATA (WS FORM: F-6) , PAGE 2
STATION: BECKLEY WV
MONTH: FEBRUARY
YEAR: 2021
LATITUDE: 37 46 N
LONGITUDE: 81 7 W
[TEMPERATURE DATA] [PRECIPITATION DATA] SYMBOLS USED IN COLUMN 16
AVERAGE MONTHLY: 32.7 TOTAL FOR MONTH: 5.12 1 = FOG OR MIST
DPTR FM NORMAL: -1.7 DPTR FM NORMAL: 2.36 2 = FOG REDUCING VISIBILITY
HIGHEST: 65 ON 24 GRTST 24HR 1.07 ON 27-28 TO 1/4 MILE OR LESS
LOWEST: 9 ON 8 3 = THUNDER
SNOW, ICE PELLETS, HAIL 4 = ICE PELLETS
TOTAL MONTH: 10.3 INCHES 5 = HAIL
GRTST 24HR 4.0 ON 7- 7 6 = FREEZING RAIN OR DRIZZLE
GRTST DEPTH: 6 ON 2 7 = DUSTSTORM OR SANDSTORM:
VSBY 1/2 MILE OR LESS
8 = SMOKE OR HAZE
[NO. OF DAYS WITH] [WEATHER - DAYS WITH] 9 = BLOWING SNOW
X = TORNADO
MAX 32 OR BELOW: 4 0.01 INCH OR MORE: 19
MAX 90 OR ABOVE: 0 0.10 INCH OR MORE: 10
MIN 32 OR BELOW: 25 0.50 INCH OR MORE: 4
MIN 0 OR BELOW: 0 1.00 INCH OR MORE: 2
[HDD (BASE 65) ]
TOTAL THIS MO. 897 CLEAR (SCALE 0-3) 7
DPTR FM NORMAL 40 PTCLDY (SCALE 4-7) 8
TOTAL FM JUL 1 3714 CLOUDY (SCALE 8-10) 13
DPTR FM NORMAL -287
[CDD (BASE 65) ]
TOTAL THIS MO. 0
DPTR FM NORMAL 0 [PRESSURE DATA]
TOTAL FM JAN 1 0 HIGHEST SLP 30.56 ON 21
DPTR FM NORMAL 0 LOWEST SLP 29.62 ON 16
[REMARKS]
#FINAL-02-21#