000
CXUS51 KRNK 011221
CF6BLF
PRELIMINARY LOCAL CLIMATOLOGICAL DATA (WS FORM: F-6)
STATION: BLUEFIELD WV
MONTH: JULY
YEAR: 2022
LATITUDE: 37 17 N
LONGITUDE: 81 12 W
TEMPERATURE IN F: :PCPN: SNOW: WIND :SUNSHINE: SKY :PK WND
================================================================================
1 2 3 4 5 6A 6B 7 8 9 10 11 12 13 14 15 16 17 18
12Z AVG MX 2MIN
DY MAX MIN AVG DEP HDD CDD WTR SNW DPTH SPD SPD DIR MIN PSBL S-S WX SPD DR
================================================================================
1 84 63 74 4 0 9 0.83 0.0 0 3.8 17 240 M M 3 123 21 240
2 82 64 73 3 0 8 T 0.0 0 3.6 10 210 M M 2 3 16 250
3 77 64 71 1 0 6 T 0.0 0 3.0 12 20 M M 6 12 16 10
4 80 63 72 2 0 7 0.00 0.0 0 4.1 12 140 M M 5 18 170
5 81 64 73 3 0 8 0.68 0.0 0 5.9 17 270 M M 3 123 27 250
6 83 64 74 4 0 9 0.15 0.0 0 6.3 20 250 M M 4 13 26 250
7 82 66 74 4 0 9 0.00 0.0 0 6.2 14 270 M M 4 19 260
8 80 66 73 3 0 8 0.23 0.0 0 4.5 13 340 M M 7 12 24 290
9 74 64 69 -1 0 4 0.46 0.0 0 3.6 9 220 M M 8 1 14 220
10 66 58 62 -8 3 0 0.17 0.0 0 4.9 10 140 M M 8 1 18 120
11 79 55 67 -3 0 2 0.00 0.0 0 2.5 8 170 M M 1 1 14 160
12 81 63 72 2 0 7 0.88 0.0 0 8.3 17 300 M M 4 13 29 330
13 77 61 69 -1 0 4 0.00 0.0 0 4.9 10 350 M M 5 16 360
14 78 59 69 -1 0 4 0.00 0.0 0 5.0 13 260 M M 1 18 290
15 79 60 70 0 0 5 0.00 0.0 0 2.3 12 310 M M 2 14 310
16 80 60 70 0 0 5 T 0.0 0 0.8 7 250 M M 3 9 340
17 81 66 74 4 0 9 0.00 0.0 0 5.1 13 310 M M 3 19 300
18 80 65 73 3 0 8 0.58 0.0 0 6.3 21 240 M M 4 13 29 250
19 77 64 71 1 0 6 0.08 0.0 0 4.6 13 260 M M 6 1 16 250
20 82 64 73 3 0 8 0.00 0.0 0 7.2 15 240 M M 3 20 240
21 79 65 72 2 0 7 0.02 0.0 0 8.0 20 280 M M 3 31 280
22 83 63 73 3 0 8 0.00 0.0 0 5.9 14 280 M M 0 17 250
23 85 67 76 6 0 11 0.00 0.0 0 4.3 14 360 M M 1 3 20 360
24 84 60 72 2 0 7 0.00 0.0 0 4.8 13 240 M M 1 15 250
25 78 68 73 3 0 8 0.06 0.0 0 7.4 15 240 M M 5 13 20 240
26 73 66 70 0 0 5 0.37 0.0 0 7.3 21 290 M M 7 1 28 300
27 76 68 72 2 0 7 1.32 0.0 0 7.7 17 250 M M 7 13 26 290
28 77 64 71 1 0 6 0.55 0.0 0 7.5 17 260 M M 7 13 21 240
29 77 66 72 2 0 7 0.26 0.0 0 7.3 17 270 M M 8 1 25 260
30 76 63 70 0 0 5 0.00 0.0 0 2.9 9 280 M M 4 13 340
31 77 66 72 2 0 7 0.37 0.0 0 6.6 15 240 M M 8 1 22 230
================================================================================
SM 2448 1969 3 204 7.01 0.0 162.6 M 133
================================================================================
AV 79.0 63.5 5.2 FASTST M M 4 MAX(MPH)
MISC ----> # 21 240 31 280
================================================================================
NOTES:
# LAST OF SEVERAL OCCURRENCES
COLUMN 17 PEAK WIND IN M.P.H.
PRELIMINARY LOCAL CLIMATOLOGICAL DATA (WS FORM: F-6) , PAGE 2
STATION: BLUEFIELD WV
MONTH: JULY
YEAR: 2022
LATITUDE: 37 17 N
LONGITUDE: 81 12 W
[TEMPERATURE DATA] [PRECIPITATION DATA] SYMBOLS USED IN COLUMN 16
AVERAGE MONTHLY: 71.2 TOTAL FOR MONTH: 7.01 1 = FOG OR MIST
DPTR FM NORMAL: 0.9 DPTR FM NORMAL: 2.65 2 = FOG REDUCING VISIBILITY
HIGHEST: 85 ON 23 GRTST 24HR 1.66 ON 27-28 TO 1/4 MILE OR LESS
LOWEST: 55 ON 11 3 = THUNDER
SNOW, ICE PELLETS, HAIL 4 = ICE PELLETS
TOTAL MONTH: 0.0 INCH 5 = HAIL
GRTST 24HR 0.0 6 = FREEZING RAIN OR DRIZZLE
GRTST DEPTH: 0 7 = DUSTSTORM OR SANDSTORM:
VSBY 1/2 MILE OR LESS
8 = SMOKE OR HAZE
[NO. OF DAYS WITH] [WEATHER - DAYS WITH] 9 = BLOWING SNOW
X = TORNADO
MAX 32 OR BELOW: 0 0.01 INCH OR MORE: 16
MAX 90 OR ABOVE: 0 0.10 INCH OR MORE: 13
MIN 32 OR BELOW: 0 0.50 INCH OR MORE: 6
MIN 0 OR BELOW: 0 1.00 INCH OR MORE: 1
[HDD (BASE 65) ]
TOTAL THIS MO. 3 CLEAR (SCALE 0-3) 10
DPTR FM NORMAL -5 PTCLDY (SCALE 4-7) 20
TOTAL FM JUL 1 3 CLOUDY (SCALE 8-10) 1
DPTR FM NORMAL 3
[CDD (BASE 65) ]
TOTAL THIS MO. 204
DPTR FM NORMAL 30 [PRESSURE DATA]
TOTAL FM JAN 1 385 HIGHEST SLP M ON M
DPTR FM NORMAL 58 LOWEST SLP 29.75 ON 21
[REMARKS]
DUE TO EQUIPMENT FAILURE ON JANUARY 9-10, 2022, ALL INFORMATION WILL
BE CALCULATED WITHOUT DATA FROM THESE DATES.
#FINAL-07-22#