000
CXUS55 KPSR 011235
CF6BLH
PRELIMINARY LOCAL CLIMATOLOGICAL DATA (WS FORM: F-6)
STATION: BLYTHE CA
MONTH: JUNE
YEAR: 2023
LATITUDE: 33 37 N
LONGITUDE: 114 43 W
TEMPERATURE IN F: :PCPN: SNOW: WIND :SUNSHINE: SKY :PK WND
================================================================================
1 2 3 4 5 6A 6B 7 8 9 10 11 12 13 14 15 16 17 18
12Z AVG MX 2MIN
DY MAX MIN AVG DEP HDD CDD WTR SNW DPTH SPD SPD DIR MIN PSBL S-S WX SPD DR
================================================================================
1 94 64 79 -6 0 14 0.00 M M 11.1 20 180 M M 0 29 180
2 95 69 82 -3 0 17 0.00 M M 11.5 17 180 M M 0 24 180
3 101 68 85 -1 0 20 0.00 M M 9.0 20 180 M M 0 26 180
4 104 69 87 1 0 22 0.00 M M 8.1 21 200 M M 0 30 200
5 101 68 85 -1 0 20 0.00 M M 12.3 26 190 M M 1 8 37 170
6 95 62 79 -7 0 14 0.00 M M 9.5 21 200 M M 0 31 190
7 94 65 80 -7 0 15 0.00 M M 11.7 22 170 M M 0 29 170
8 96 69 83 -4 0 18 0.00 M M 9.5 22 170 M M 0 29 160
9 98 70 84 -3 0 19 0.00 0.0 0 10.2 23 170 M M 0 31 150
10 98 71 85 -3 0 20 0.00 0.0 0 9.7 20 180 M M 0 25 180
11 91 67 79 -9 0 14 0.00 0.0 0 16.0 24 240 M M 0 33 200
12 91 63 77 -11 0 12 0.00 0.0 0 7.8 17 150 M M 0 23 150
13 96 67 82 -7 0 17 0.00 M M 6.7 14 190 M M 0 21 160
14 100 70 85 -4 0 20 0.00 M M 9.4 22 170 M M 0 33 140
15 99 70 85 -4 0 20 0.00 0.0 0 11.4 23 160 M M 0 31 170
16 101 74 88 -1 0 23 0.00 M M 6.2 14 170 M M 0 19 150
17 105 75 90 0 0 25 0.00 M M 6.3 20 240 M M 0 24 150
18 105 78 92 2 0 27 0.00 M M 15.8 29 240 M M 0 43 220
19 102 73 88 -2 0 23 0.00 M M 15.6 30 230 M M 0 38 230
20 M 72 M M M M 0.00 M M M M M M M 0 M M
21 101 73 87 -4 0 22 0.00 M M 8.6 20 230 M M 0 23 230
22 101 67 84 -7 0 19 0.00 M M 10.8 25 230 M M 0 33 230
23 95 72 84 -7 0 19 0.00 M M 8.8 14 210 M M 0 M M
24 103 65 84 -8 0 19 0.00 M M 7.6 18 260 M M 0 24 160
25 107 67 87 -5 0 22 0.00 M M 8.5 21 230 M M 0 30 190
26 106 69 88 -4 0 23 0.00 M M 9.1 25 210 M M 0 33 210
27 105 69 87 -5 0 22 0.00 M M 7.8 21 220 M M 0 32 220
28 105 70 88 -5 0 23 0.00 M M 9.1 21 200 M M 0 35 180
29 106 70 88 -5 0 23 0.00 M M 4.3 13 110 M M 0 16 90
30 111 74 93 0 0 28 0.00 M M 6.0 15 150 M M 1 20 150
================================================================================
SM 2906 2080 0 580 0.00 0.0 278.4 M 2
================================================================================
AV100.2 69.3 9.6 FASTST M M 0 MAX(MPH)
MISC ----> 30 230 43 220
================================================================================
NOTES:
# LAST OF SEVERAL OCCURRENCES
COLUMN 17 PEAK WIND IN M.P.H.
PRELIMINARY LOCAL CLIMATOLOGICAL DATA (WS FORM: F-6) , PAGE 2
STATION: BLYTHE CA
MONTH: JUNE
YEAR: 2023
LATITUDE: 33 37 N
LONGITUDE: 114 43 W
[TEMPERATURE DATA] [PRECIPITATION DATA] SYMBOLS USED IN COLUMN 16
AVERAGE MONTHLY: 84.8 TOTAL FOR MONTH: 0.00 1 = FOG OR MIST
DPTR FM NORMAL: -4.4 DPTR FM NORMAL: -0.01 2 = FOG REDUCING VISIBILITY
HIGHEST: 111 ON 30 GRTST 24HR 0.00 ON 1- 1 TO 1/4 MILE OR LESS
LOWEST: 62 ON 6 3 = THUNDER
SNOW, ICE PELLETS, HAIL 4 = ICE PELLETS
TOTAL MONTH: 0.0 INCH 5 = HAIL
GRTST 24HR 0.0 6 = FREEZING RAIN OR DRIZZLE
GRTST DEPTH: 0 7 = DUSTSTORM OR SANDSTORM:
VSBY 1/2 MILE OR LESS
8 = SMOKE OR HAZE
[NO. OF DAYS WITH] [WEATHER - DAYS WITH] 9 = BLOWING SNOW
X = TORNADO
MAX 32 OR BELOW: 0 0.01 INCH OR MORE: 0
MAX 90 OR ABOVE: 29 0.10 INCH OR MORE: 0
MIN 32 OR BELOW: 0 0.50 INCH OR MORE: 0
MIN 0 OR BELOW: 0 1.00 INCH OR MORE: 0
[HDD (BASE 65) ]
TOTAL THIS MO. 0 CLEAR (SCALE 0-3) 30
DPTR FM NORMAL 0 PTCLDY (SCALE 4-7) 0
TOTAL FM JUL 1 1284 CLOUDY (SCALE 8-10) 0
DPTR FM NORMAL 272
[CDD (BASE 65) ]
TOTAL THIS MO. 580
DPTR FM NORMAL -146 [PRESSURE DATA]
TOTAL FM JAN 1 1354 HIGHEST SLP 29.90 ON 23
DPTR FM NORMAL -181 LOWEST SLP 29.57 ON 5
[REMARKS]
#FINAL-06-23#