000
CXUS55 KSEW 010930
CF6BLI
PRELIMINARY LOCAL CLIMATOLOGICAL DATA (WS FORM: F-6)
STATION: BELLINGHAM WA AIRPORT
MONTH: OCTOBER
YEAR: 2022
LATITUDE: 48 47 N
LONGITUDE: 122 32 W
TEMPERATURE IN F: :PCPN: SNOW: WIND :SUNSHINE: SKY :PK WND
================================================================================
1 2 3 4 5 6A 6B 7 8 9 10 11 12 13 14 15 16 17 18
12Z AVG MX 2MIN
DY MAX MIN AVG DEP HDD CDD WTR SNW DPTH SPD SPD DIR MIN PSBL S-S WX SPD DR
================================================================================
1 72 45 59 4 6 0 0.00 M M 1.9 9 250 M M 3 12 14 240
2 75 46 61 6 4 0 0.00 M M 1.7 8 300 M M 1 12 12 290
3 76 47 62 8 3 0 0.00 M M 1.2 7 270 M M 0 12 11 260
4 61 51 56 2 9 0 0.00 M M 7.7 14 190 M M 4 12 21 180
5 70 49 60 6 5 0 0.00 M M 1.9 9 290 M M 4 1 12 280
6 71 44 58 4 7 0 0.00 M M 0.9 7 280 M M 4 128 10 280
7 75 49 62 9 3 0 0.00 M M 0.5 8 290 M M 1 12 12 300
8 73 46 60 7 5 0 0.00 M M 1.4 9 290 M M 1 128 14 300
9 69 44 57 4 8 0 0.00 M M 1.1 7 280 M M 2 12 10 280
10 65 46 56 4 9 0 0.00 M M 4.2 15 180 M M 2 128 25 160
11 62 42 52 0 13 0 0.00 M M 2.1 12 300 M M 0 16 300
12 67 39 53 1 12 0 0.00 M M 2.2 8 270 M M 0 1 13 290
13 74 41 58 6 7 0 0.00 M M 1.5 9 280 M M 3 128 13 300
14 71 42 57 5 8 0 0.00 M M 1.1 9 320 M M 0 18 12 280
15 72 42 57 6 8 0 0.00 M M 0.8 7 180 M M 2 18 9 170
16 80 42 61 10 4 0 0.00 M M 3.5 17 180 M M 2 128 28 190
17 64 46 55 4 10 0 0.00 M M 3.3 12 140 M M 0 1 20 200
18 65 40 53 3 12 0 0.00 M M 0.5 7 50 M M 8 128 10 30
19 66 40 53 3 12 0 0.00 M M 1.7 8 300 M M 5 128 12 320
20 60 45 53 3 12 0 T M M 6.5 12 180 M M 7 128 22 200
21 52 44 48 -2 17 0 0.38 M M 3.8 12 140 M M 8 1 17 160
22 51 36 44 -5 21 0 0.09 M M 1.2 9 180 M M 8 12 14 200
23 53 34 44 -5 21 0 0.10 M M 4.6 24 160 M M 8 1 37 160
24 56 46 51 2 14 0 0.36 M M 11.0 31 160 M M 9 13 46 160
25 52 47 50 1 15 0 0.16 M M 11.0 30 160 M M 9 1 48 150
26 51 45 48 0 17 0 0.05 M M 8.3 18 160 M M 10 1 28 160
27 58 49 54 6 11 0 0.65 M M 16.1 30 170 M M 10 1 50 160
28 56 44 50 2 15 0 0.17 M M 6.0 13 180 M M 5 1 18 190
29 55 45 50 2 15 0 0.00 M M 8.7 15 170 M M 7 25 190
30 54 50 52 4 13 0 1.67 M M 11.3 23 160 M M 10 1 37 160
31 53 41 47 -1 18 0 0.22 M M 6.3 16 170 M M 6 1 28 170
================================================================================
SM 1979 1367 334 0 3.85 M 134.0 M 139
================================================================================
AV 63.8 44.1 4.3 FASTST M M 4 MAX(MPH)
MISC ----> 31 160 50 160
================================================================================
NOTES:
# LAST OF SEVERAL OCCURRENCES
COLUMN 17 PEAK WIND IN M.P.H.
PRELIMINARY LOCAL CLIMATOLOGICAL DATA (WS FORM: F-6) , PAGE 2
STATION: BELLINGHAM WA AIRPORT
MONTH: OCTOBER
YEAR: 2022
LATITUDE: 48 47 N
LONGITUDE: 122 32 W
[TEMPERATURE DATA] [PRECIPITATION DATA] SYMBOLS USED IN COLUMN 16
AVERAGE MONTHLY: 54.0 TOTAL FOR MONTH: 3.85 1 = FOG OR MIST
DPTR FM NORMAL: 2.9 DPTR FM NORMAL: 0.00 2 = FOG REDUCING VISIBILITY
HIGHEST: 80 ON 16 GRTST 24HR 1.78 ON 30-31 TO 1/4 MILE OR LESS
LOWEST: 34 ON 23 3 = THUNDER
SNOW, ICE PELLETS, HAIL 4 = ICE PELLETS
TOTAL MONTH: M 5 = HAIL
GRTST 24HR M ON M 6 = FREEZING RAIN OR DRIZZLE
GRTST DEPTH: M ON M 7 = DUSTSTORM OR SANDSTORM:
VSBY 1/2 MILE OR LESS
8 = SMOKE OR HAZE
[NO. OF DAYS WITH] [WEATHER - DAYS WITH] 9 = BLOWING SNOW
X = TORNADO
MAX 32 OR BELOW: 0 0.01 INCH OR MORE: 10
MAX 90 OR ABOVE: 0 0.10 INCH OR MORE: 8
MIN 32 OR BELOW: 0 0.50 INCH OR MORE: 2
MIN 0 OR BELOW: 0 1.00 INCH OR MORE: 1
[HDD (BASE 65) ]
TOTAL THIS MO. 334 CLEAR (SCALE 0-3) 14
DPTR FM NORMAL -98 PTCLDY (SCALE 4-7) 12
TOTAL FM JUL 1 486 CLOUDY (SCALE 8-10) 5
DPTR FM NORMAL -267
[CDD (BASE 65) ]
TOTAL THIS MO. 0
DPTR FM NORMAL 0 [PRESSURE DATA]
TOTAL FM JAN 1 168 HIGHEST SLP M ON M
DPTR FM NORMAL 93 LOWEST SLP 29.68 ON 21
[REMARKS]
#FINAL-10-22#