000
CXUS53 KIND 221541
CF6BMG
PRELIMINARY LOCAL CLIMATOLOGICAL DATA (WS FORM: F-6)
STATION: BLOOMINGTON IN
MONTH: MAY
YEAR: 2021
LATITUDE: 39 7 N
LONGITUDE: 86 37 W
TEMPERATURE IN F: :PCPN: SNOW: WIND :SUNSHINE: SKY :PK WND
================================================================================
1 2 3 4 5 6A 6B 7 8 9 10 11 12 13 14 15 16 17 18
12Z AVG MX 2MIN
DY MAX MIN AVG DEP HDD CDD WTR SNW DPTH SPD SPD DIR MIN PSBL S-S WX SPD DR
================================================================================
1 75 40 58 -1 7 0 0.00 M M 9.5 21 240 M M 0 8 27 200
2 79 56 68 8 0 3 M M M 7.9 21 220 M M 4 1 30 210
3 72 58 65 5 0 0 M M M 5.9 15 230 M M 8 1 21 230
4 70 51 61 1 4 0 M M M 7.5 18 360 M M 9 13 25 20
5 64 43 54 -6 11 0 M M M 8.3 21 360 M M 3 32 360
6 64 40 52 -9 13 0 0.01 M M 5.3 15 230 M M 4 3 22 330
7 67 38 53 -8 12 0 T M M 7.1 23 240 M M 2 1 37 230
8 63 33 48 -13 17 0 0.07 M M 4.4 12 120 M M 3 14 80
9 62 40 51 -11 14 0 0.44 M M 10.8 20 350 M M 10 13 29 290
10 63 34 49 -13 16 0 0.00 M M 2.1 10 20 M M 0 1 16 40
11 61 41 51 -11 14 0 0.00 M M 7.1 15 20 M M 2 1 23 40
12 64 39 52 -11 13 0 0.00 M M 7.1 17 30 M M 0 25 30
13 69 36 53 -10 12 0 0.00 M M 3.2 18 100 M M 4 24 90
14 72 41 57 -6 8 0 0.00 M M 2.1 10 240 M M 3 14 220
15 73 42 58 -6 7 0 T M M 3.3 13 180 M M 4 27 180
16 72 55 64 0 1 0 T M M 4.4 10 140 M M 7 17 140
17 74 59 67 3 0 2 0.30 M M 9.4 14 100 M M 7 13 20 120
18 78 62 70 6 0 5 T M M 8.1 17 140 M M 8 25 90
19 82 65 74 9 0 9 T M M 6.5 21 190 M M 6 29 200
20 86 62 74 9 0 9 0.00 M M M 16 140 M M M 24 180
21 84 60 72 7 0 7 0.00 M M 5.8 15 200 M M 0 8 22 200
22 86 56 71 5 0 6 0.00 M M 2.9 13 230 M M 0 19 290
23 88 58 73 7 0 8 0.00 M M 2.9 13 290 M M 2 1 18 290
24 89 62 76 10 0 11 0.00 M M 2.8 13 230 M M 0 18 230
25 90 61 76 10 0 11 T M M 5.9 16 190 M M 2 24 190
26 80 68 74 7 0 9 0.04 M M 6.3 13 200 M M 4 18 18 190
27 82 63 73 6 0 8 0.11 M M 4.9 14 180 M M 6 12 20 170
28 72 50 61 -6 4 0 0.28 M M 7.1 23 350 M M 9 1 32 350
29 61 45 53 -15 12 0 0.03 M M 8.0 16 30 M M 9 1 23 20
30 71 39 55 -13 10 0 0.00 M M 4.4 13 20 M M 0 22 20
31 75 48 62 -6 3 0 0.00 M M 3.1 13 100 M M 0 17 90
================================================================================
SM 2288 1545 178 88 1.28 M 174.1 M 116
================================================================================
AV 73.8 49.8 5.8 FASTST M M 4 MAX(MPH)
MISC ----> # 23 240 37 230
================================================================================
NOTES:
# LAST OF SEVERAL OCCURRENCES
COLUMN 17 PEAK WIND IN M.P.H.
PRELIMINARY LOCAL CLIMATOLOGICAL DATA (WS FORM: F-6) , PAGE 2
STATION: BLOOMINGTON IN
MONTH: MAY
YEAR: 2021
LATITUDE: 39 7 N
LONGITUDE: 86 37 W
[TEMPERATURE DATA] [PRECIPITATION DATA] SYMBOLS USED IN COLUMN 16
AVERAGE MONTHLY: 61.8 TOTAL FOR MONTH: 1.28 1 = FOG OR MIST
DPTR FM NORMAL: -2.0 DPTR FM NORMAL: -3.19 2 = FOG REDUCING VISIBILITY
HIGHEST: 90 ON 25 GRTST 24HR 0.51 ON 8- 9 TO 1/4 MILE OR LESS
LOWEST: 33 ON 8 3 = THUNDER
SNOW, ICE PELLETS, HAIL 4 = ICE PELLETS
TOTAL MONTH: M 5 = HAIL
GRTST 24HR M ON M 6 = FREEZING RAIN OR DRIZZLE
GRTST DEPTH: M ON M 7 = DUSTSTORM OR SANDSTORM:
VSBY 1/2 MILE OR LESS
8 = SMOKE OR HAZE
[NO. OF DAYS WITH] [WEATHER - DAYS WITH] 9 = BLOWING SNOW
X = TORNADO
MAX 32 OR BELOW: 0 0.01 INCH OR MORE: 8
MAX 90 OR ABOVE: 1 0.10 INCH OR MORE: 4
MIN 32 OR BELOW: 0 0.50 INCH OR MORE: 0
MIN 0 OR BELOW: 0 1.00 INCH OR MORE: 0
[HDD (BASE 65) ]
TOTAL THIS MO. 178 CLEAR (SCALE 0-3) 13
DPTR FM NORMAL 55 PTCLDY (SCALE 4-7) 13
TOTAL FM JUL 1 4879 CLOUDY (SCALE 8-10) 5
DPTR FM NORMAL -194
[CDD (BASE 65) ]
TOTAL THIS MO. 88
DPTR FM NORMAL 3 [PRESSURE DATA]
TOTAL FM JAN 1 103 HIGHEST SLP 30.42 ON 22
DPTR FM NORMAL -2 LOWEST SLP 29.53 ON 9
[REMARKS]
#FINAL-05-21#