527
CXUS53 KIND 010700
CF6BMG
PRELIMINARY LOCAL CLIMATOLOGICAL DATA (WS FORM: F-6)
STATION: BLOOMINGTON IN
MONTH: JANUARY
YEAR: 2021
LATITUDE: 39 7 N
LONGITUDE: 86 37 W
TEMPERATURE IN F: :PCPN: SNOW: WIND :SUNSHINE: SKY :PK WND
================================================================================
1 2 3 4 5 6A 6B 7 8 9 10 11 12 13 14 15 16 17 18
12Z AVG MX 2MIN
DY MAX MIN AVG DEP HDD CDD WTR SNW DPTH SPD SPD DIR MIN PSBL S-S WX SPD DR
================================================================================
1 47 29 38 9 27 0 0.73 M M 10.7 23 230 M M 10 1268 36 240
2 37 33 35 6 30 0 T M M 3.9 17 280 M M 10 1 25 280
3 37 27 32 3 33 0 T M M 5.8 15 240 M M 9 1 23 240
4 46 23 35 6 30 0 0.00 M M 1.5 8 220 M M 2 12 12 150
5 39 30 35 6 30 0 0.00 M M 5.6 14 280 M M 10 1 21 300
6 39 31 35 6 30 0 0.00 M M 5.9 12 80 M M 9 18 50
7 39 32 36 7 29 0 0.00 M M 9.4 21 80 M M 9 27 80
8 35 28 32 3 33 0 0.00 M M 9.8 16 30 M M 10 23 30
9 34 22 28 -1 37 0 0.00 M M 5.2 18 10 M M 8 28 30
10 31 28 30 1 35 0 0.00 M M 2.9 9 290 M M 10 11 290
11 28 25 27 -2 38 0 0.00 M M 5.4 10 230 M M 10 18 14 280
12 42 22 32 3 33 0 0.00 M M 8.3 20 220 M M 3 18 26 210
13 48 30 39 10 26 0 0.00 M M 9.6 16 220 M M 0 18 22 210
14 49 31 40 11 25 0 T M M 8.5 18 260 M M 3 1 27 260
15 40 30 35 6 30 0 0.01 M M 9.2 20 220 M M 8 1 30 230
16 34 24 29 0 36 0 0.09 M M 6.7 14 280 M M 10 128 22 250
17 33 29 31 2 34 0 0.05 M M 7.0 14 290 M M 10 1 19 230
18 37 28 33 4 32 0 0.02 M M 6.4 14 230 M M 9 18 20 230
19 41 23 32 3 33 0 T M M 5.1 22 250 M M 5 12 35 240
20 38 20 29 0 36 0 0.00 M M 8.1 24 280 M M 4 37 260
21 51 35 43 14 22 0 0.00 M M 9.4 20 230 M M 0 29 200
22 40 20 30 0 35 0 0.00 M M 7.5 14 300 M M 0 23 300
23 36 13 25 -5 40 0 0.00 M M 5.5 13 120 M M 1 17 120
24 34 30 32 2 33 0 0.08 M M 6.1 15 120 M M 10 126 20 120
25 35 32 34 4 31 0 0.51 M M 8.9 16 100 M M 10 16 24 110
26 42 33 38 8 27 0 T M M 9.1 16 230 M M 10 1 27 270
27 33 18 26 -4 39 0 0.15 M M 9.4 20 350 M M 9 12 25 350
28 32 14 23 -7 42 0 0.00 M M 3.8 13 350 M M 4 1 16 360
29 36 10 23 -7 42 0 0.00 M M 4.5 13 140 M M 0 18 17 140
30 37 27 32 2 33 0 0.35 M M 11.6 21 130 M M 6 1 32 110
31 39 30 35 5 30 0 0.56 M M 8.4 24 140 M M 10 12 33 120
================================================================================
SM 1189 807 1011 0 2.55 M 219.2 M 209
================================================================================
AV 38.4 26.0 7.1 FASTST M M 7 MAX(MPH)
MISC ----> # 24 280 37 260
================================================================================
NOTES:
# LAST OF SEVERAL OCCURRENCES
COLUMN 17 PEAK WIND IN M.P.H.
PRELIMINARY LOCAL CLIMATOLOGICAL DATA (WS FORM: F-6) , PAGE 2
STATION: BLOOMINGTON IN
MONTH: JANUARY
YEAR: 2021
LATITUDE: 39 7 N
LONGITUDE: 86 37 W
[TEMPERATURE DATA] [PRECIPITATION DATA] SYMBOLS USED IN COLUMN 16
AVERAGE MONTHLY: 32.2 TOTAL FOR MONTH: 2.55 1 = FOG OR MIST
DPTR FM NORMAL: 2.8 DPTR FM NORMAL: -0.76 2 = FOG REDUCING VISIBILITY
HIGHEST: 51 ON 21 GRTST 24HR 1.03 ON 1- 1 TO 1/4 MILE OR LESS
LOWEST: 10 ON 29 3 = THUNDER
SNOW, ICE PELLETS, HAIL 4 = ICE PELLETS
TOTAL MONTH: M 5 = HAIL
GRTST 24HR M ON M 6 = FREEZING RAIN OR DRIZZLE
GRTST DEPTH: M ON M 7 = DUSTSTORM OR SANDSTORM:
VSBY 1/2 MILE OR LESS
8 = SMOKE OR HAZE
[NO. OF DAYS WITH] [WEATHER - DAYS WITH] 9 = BLOWING SNOW
X = TORNADO
MAX 32 OR BELOW: 3 0.01 INCH OR MORE: 10
MAX 90 OR ABOVE: 0 0.10 INCH OR MORE: 5
MIN 32 OR BELOW: 28 0.50 INCH OR MORE: 3
MIN 0 OR BELOW: 0 1.00 INCH OR MORE: 0
[HDD (BASE 65) ]
TOTAL THIS MO. 1011 CLEAR (SCALE 0-3) 6
DPTR FM NORMAL -91 PTCLDY (SCALE 4-7) 8
TOTAL FM JUL 1 2764 CLOUDY (SCALE 8-10) 17
DPTR FM NORMAL -416
[CDD (BASE 65) ]
TOTAL THIS MO. 0
DPTR FM NORMAL 0 [PRESSURE DATA]
TOTAL FM JAN 1 0 HIGHEST SLP M ON M
DPTR FM NORMAL 0 LOWEST SLP 29.52 ON 15
[REMARKS]
#FINAL-01-21#