000
CXUS55 KOHX 011110
CF6BNA
PRELIMINARY LOCAL CLIMATOLOGICAL DATA (WS FORM: F-6)
STATION: NASHVILLE
MONTH: AUGUST
YEAR: 2023
LATITUDE: 36 7 N
LONGITUDE: 86 41 W
TEMPERATURE IN F: :PCPN: SNOW: WIND :SUNSHINE: SKY :PK WND
================================================================================
1 2 3 4 5 6A 6B 7 8 9 10 11 12 13 14 15 16 17 18
12Z AVG MX 2MIN
DY MAX MIN AVG DEP HDD CDD WTR SNW DPTH SPD SPD DIR MIN PSBL S-S WX SPD DR
================================================================================
1 89 70 80 -1 0 15 0.00 0.0 0 6.4 13 50 M M 4 21 10
2 86 65 76 -5 0 11 T 0.0 0 2.8 8 150 M M 7 12 180
3 81 72 77 -4 0 12 1.19 0.0 0 4.8 12 230 M M 9 13 29 300
4 84 73 79 -2 0 14 0.12 0.0 0 2.3 9 270 M M 8 1 14 40
5 87 72 80 -1 0 15 0.14 0.0 0 3.5 18 170 M M 6 13 26 160
6 93 72 83 2 0 18 0.11 0.0 0 5.7 13 200 M M 7 1 18 190
7 90 75 83 2 0 18 0.06 0.0 0 9.4 18 300 M M 8 13 31 320
8 85 68 77 -3 0 12 0.00 0.0 0 3.5 12 230 M M 6 19 230
9 86 68 77 -3 0 12 0.19 0.0 0 5.9 15 180 M M 8 13 20 180
10 84 70 77 -3 0 12 0.30 0.0 0 5.1 15 340 M M 7 13 27 290
11 93 71 82 2 0 17 0.00 0.0 0 2.3 12 320 M M 6 19 340
12 87 72 80 0 0 15 0.74 0.0 0 4.6 25 300 M M 5 13 39 310
13 93 72 83 3 0 18 0.16 0.0 0 5.3 32 300 M M 5 13 55 280
14 94 72 83 3 0 18 0.13 0.0 0 7.1 16 330 M M 8 138 30 320
15 84 68 76 -4 0 11 0.00 0.0 0 7.9 14 360 M M 6 31 120
16 82 63 73 -7 0 8 0.00 0.0 0 5.1 13 360 M M 4 22 330
17 86 63 75 -5 0 10 0.00 0.0 0 4.4 13 220 M M 3 1 20 270
18 87 68 78 -2 0 13 0.00 0.0 0 5.2 13 350 M M 2 19 10
19 89 63 76 -4 0 11 0.00 0.0 0 3.8 9 90 M M 2 13 100
20 94 69 82 2 0 17 0.00 0.0 0 5.6 13 160 M M 1 19 150
21 95 72 84 5 0 19 0.00 0.0 0 2.8 9 180 M M 4 13 200
22 96 76 86 7 0 21 0.00 0.0 0 5.5 15 40 M M 4 1 21 20
23 99 77 88 9 0 23 0.00 0.0 0 4.2 9 70 M M 3 14 30
24 100 76 88 9 0 23 0.00 0.0 0 3.5 12 270 M M 4 1 16 270
25 100 76 88 9 0 23 0.00 0.0 0 3.4 14 290 M M 1 18 18 280
26 98 76 87 8 0 22 0.03 0.0 0 4.1 15 30 M M 7 3 28 190
27 85 74 80 2 0 15 T 0.0 0 7.9 14 30 M M 9 1 23 330
28 85 73 79 1 0 14 0.00 0.0 0 9.0 16 30 M M 10 21 20
29 89 70 80 2 0 15 T 0.0 0 7.4 14 360 M M 6 1 20 340
30 87 63 75 -3 0 10 0.00 0.0 0 9.5 21 40 M M 3 30 360
31 82 61 72 -6 0 7 0.00 0.0 0 8.7 16 40 M M 1 22 30
================================================================================
SM 2770 2180 0 469 3.17 0.0 166.7 M 164
================================================================================
AV 89.4 70.3 5.4 FASTST M M 5 MAX(MPH)
MISC ----> 32 300 55 280
================================================================================
NOTES:
# LAST OF SEVERAL OCCURRENCES
COLUMN 17 PEAK WIND IN M.P.H.
PRELIMINARY LOCAL CLIMATOLOGICAL DATA (WS FORM: F-6) , PAGE 2
STATION: NASHVILLE
MONTH: AUGUST
YEAR: 2023
LATITUDE: 36 7 N
LONGITUDE: 86 41 W
[TEMPERATURE DATA] [PRECIPITATION DATA] SYMBOLS USED IN COLUMN 16
AVERAGE MONTHLY: 79.8 TOTAL FOR MONTH: 3.17 1 = FOG OR MIST
DPTR FM NORMAL: 0.1 DPTR FM NORMAL: -0.62 2 = FOG REDUCING VISIBILITY
HIGHEST: 100 ON 25,24 GRTST 24HR 1.19 ON 3- 3 TO 1/4 MILE OR LESS
LOWEST: 61 ON 31 3 = THUNDER
SNOW, ICE PELLETS, HAIL 4 = ICE PELLETS
TOTAL MONTH: 0.0 INCH 5 = HAIL
GRTST 24HR 0.0 6 = FREEZING RAIN OR DRIZZLE
GRTST DEPTH: 0 7 = DUSTSTORM OR SANDSTORM:
VSBY 1/2 MILE OR LESS
8 = SMOKE OR HAZE
[NO. OF DAYS WITH] [WEATHER - DAYS WITH] 9 = BLOWING SNOW
X = TORNADO
MAX 32 OR BELOW: 0 0.01 INCH OR MORE: 11
MAX 90 OR ABOVE: 12 0.10 INCH OR MORE: 9
MIN 32 OR BELOW: 0 0.50 INCH OR MORE: 2
MIN 0 OR BELOW: 0 1.00 INCH OR MORE: 1
[HDD (BASE 65) ]
TOTAL THIS MO. 0 CLEAR (SCALE 0-3) 5
DPTR FM NORMAL 0 PTCLDY (SCALE 4-7) 23
TOTAL FM JUL 1 0 CLOUDY (SCALE 8-10) 3
DPTR FM NORMAL 0
[CDD (BASE 65) ]
TOTAL THIS MO. 469
DPTR FM NORMAL 13 [PRESSURE DATA]
TOTAL FM JAN 1 1546 HIGHEST SLP 30.17 ON 21
DPTR FM NORMAL -1 LOWEST SLP 29.68 ON 10
[REMARKS]
#FINAL-08-23#