000
CXUS54 KLZK 011330
CF6BPK
PRELIMINARY LOCAL CLIMATOLOGICAL DATA (WS FORM: F-6)
STATION: MOUNTAIN HOME AIRPORT
MONTH: DECEMBER
YEAR: 2022
LATITUDE: 36 22 N
LONGITUDE: 92 28 W
TEMPERATURE IN F: :PCPN: SNOW: WIND :SUNSHINE: SKY :PK WND
================================================================================
1 2 3 4 5 6A 6B 7 8 9 10 11 12 13 14 15 16 17 18
12Z AVG MX 2MIN
DY MAX MIN AVG DEP HDD CDD WTR SNW DPTH SPD SPD DIR MIN PSBL S-S WX SPD DR
================================================================================
1 47 25 36 -7 29 0 0.00 M M 6.5 15 150 M M 3 20 150
2 56 43 50 7 15 0 0.00 M M 10.3 20 230 M M 10 27 220
3 58 31 45 2 20 0 T M M 4.8 13 350 M M 2 23 10
4 42 31 37 -5 28 0 T M M 4.6 9 170 M M 8 12 180
5 51 38 45 3 20 0 0.00 M M 4.9 10 180 M M 9 1 14 170
6 61 46 54 12 11 0 0.03 M M 3.9 9 140 M M 7 12 12 140
7 53 48 51 9 14 0 0.15 M M 2.4 10 130 M M 10 1 13 130
8 53 49 51 10 14 0 0.80 M M 4.1 13 110 M M 10 12 16 130
9 60 43 52 11 13 0 0.00 M M 2.9 9 290 M M 3 12 13 330
10 48 42 45 4 20 0 1.04 M M 4.1 17 180 M M 10 1 22 180
11 48 42 45 5 20 0 T M M 3.3 8 120 M M 10 1 11 100
12 42 39 41 1 24 0 0.00 M M 8.6 18 120 M M 10 1 22 110
13 56 39 48 8 17 0 0.95 M M 7.9 15 150 M M 10 123 23 140
14 53 34 44 4 21 0 0.06 M M 3.9 14 220 M M 7 12 22 320
15 42 30 36 -4 29 0 0.00 M M 5.9 15 300 M M 1 25 300
16 42 28 35 -4 30 0 0.00 M M 7.1 15 300 M M 0 24 300
17 39 27 33 -6 32 0 0.00 M M 5.4 14 320 M M 1 24 330
18 46 20 33 -6 32 0 0.00 M M 2.2 7 160 M M 0 11 290
19 39 32 36 -3 29 0 0.00 M M 6.6 16 140 M M 7 23 140
20 48 31 40 2 25 0 0.00 M M 1.6 8 20 M M 6 11 60
21 45 25 35 -3 30 0 0.00 M M 4.4 12 140 M M 1 16 190
22 39 -5 17 -21 48 0 0.03 M M 8.1 22 340 M M 9 1268 33 340
23 13 -4 5 -33 60 0 0.00 M M 10.4 17 340 M M 6 8 31 320
24 27 8 18 -20 47 0 0.00 M M 7.1 15 340 M M 3 25 340
25 31 14 23 -15 42 0 0.00 M M 4.6 8 200 M M 2 16 350
26 43 21 32 -6 33 0 T M M 4.6 13 360 M M 7 22 10
27 42 14 28 -9 37 0 0.00 M M 5.8 13 180 M M 3 19 180
28 59 31 45 8 20 0 0.00 M M 13.0 23 210 M M 0 32 210
29 73 57 65 28 0 0 0.03 M M 11.1 20 230 M M 4 3 28 230
30 60 41 51 14 14 0 0.21 M M 2.0 8 220 M M 5 1 11 210
31 63 39 51 14 14 0 0.00 M M 5.3 15 220 M M 4 24 220
================================================================================
SM 1479 959 788 0 3.30 M 177.4 M 168
================================================================================
AV 47.7 30.9 5.7 FASTST M M 5 MAX(MPH)
MISC ----> 23 210 33 340
================================================================================
NOTES:
# LAST OF SEVERAL OCCURRENCES
COLUMN 17 PEAK WIND IN M.P.H.
PRELIMINARY LOCAL CLIMATOLOGICAL DATA (WS FORM: F-6) , PAGE 2
STATION: MOUNTAIN HOME AIRPORT
MONTH: DECEMBER
YEAR: 2022
LATITUDE: 36 22 N
LONGITUDE: 92 28 W
[TEMPERATURE DATA] [PRECIPITATION DATA] SYMBOLS USED IN COLUMN 16
AVERAGE MONTHLY: 39.3 TOTAL FOR MONTH: 3.30 1 = FOG OR MIST
DPTR FM NORMAL: -0.3 DPTR FM NORMAL: 0.44 2 = FOG REDUCING VISIBILITY
HIGHEST: 73 ON 29 GRTST 24HR 1.04 ON 10-10 TO 1/4 MILE OR LESS
LOWEST: -5 ON 22 3 = THUNDER
SNOW, ICE PELLETS, HAIL 4 = ICE PELLETS
TOTAL MONTH: M 5 = HAIL
GRTST 24HR M ON M 6 = FREEZING RAIN OR DRIZZLE
GRTST DEPTH: M ON M 7 = DUSTSTORM OR SANDSTORM:
VSBY 1/2 MILE OR LESS
8 = SMOKE OR HAZE
[NO. OF DAYS WITH] [WEATHER - DAYS WITH] 9 = BLOWING SNOW
X = TORNADO
MAX 32 OR BELOW: 3 0.01 INCH OR MORE: 9
MAX 90 OR ABOVE: 0 0.10 INCH OR MORE: 5
MIN 32 OR BELOW: 17 0.50 INCH OR MORE: 3
MIN 0 OR BELOW: 2 1.00 INCH OR MORE: 1
[HDD (BASE 65) ]
TOTAL THIS MO. 788 CLEAR (SCALE 0-3) 12
DPTR FM NORMAL 0 PTCLDY (SCALE 4-7) 10
TOTAL FM JUL 1 1495 CLOUDY (SCALE 8-10) 9
DPTR FM NORMAL -23
[CDD (BASE 65) ]
TOTAL THIS MO. 0
DPTR FM NORMAL -1 [PRESSURE DATA]
TOTAL FM JAN 1 1867 HIGHEST SLP 30.57 ON 23
DPTR FM NORMAL 273 LOWEST SLP 29.62 ON 14
[REMARKS]
#FINAL-12-22#