000
CXUS54 KLCH 011650
CF6BPT
PRELIMINARY LOCAL CLIMATOLOGICAL DATA (WS FORM: F-6)
STATION: BEAUMONT PORT ARTHUR
MONTH: JANUARY
YEAR: 2022
LATITUDE: 29 57 N
LONGITUDE: 94 1 W
TEMPERATURE IN F: :PCPN: SNOW: WIND :SUNSHINE: SKY :PK WND
================================================================================
1 2 3 4 5 6A 6B 7 8 9 10 11 12 13 14 15 16 17 18
12Z AVG MX 2MIN
DY MAX MIN AVG DEP HDD CDD WTR SNW DPTH SPD SPD DIR MIN PSBL S-S WX SPD DR
================================================================================
1 81 71 76 22 0 11 0.00 0.0 M 14.1 24 190 M M 9 18 36 190
2 72 34 53 -1 12 0 T 0.0 M 19.1 31 320 M M 6 18 42 330
3 53 28 41 -12 24 0 0.00 0.0 M 5.4 16 360 M M 0 8 19 350
4 64 34 49 -4 16 0 0.00 0.0 M 7.6 20 170 M M 2 18 26 160
5 76 52 64 11 1 0 T 0.0 M 5.9 16 180 M M 5 18 23 180
6 74 43 59 6 6 0 T M M 10.3 23 20 M M 4 128 30 30
7 52 37 45 -8 20 0 0.00 0.0 M 10.6 18 90 M M 5 18 24 100
8 72 51 62 9 3 0 0.12 0.0 M 16.9 26 120 M M 10 13 36 130
9 78 63 71 18 0 6 0.41 0.0 M 11.6 25 170 M M 8 138 36 160
10 63 42 53 0 12 0 0.00 0.0 M 15.0 25 10 M M 2 8 35 20
11 60 36 48 -5 17 0 T M M 7.9 17 70 M M 1 8 21 60
12 64 46 55 2 10 0 T M M 3.7 7 210 M M 7 10 190
13 71 40 56 3 9 0 0.00 0.0 M 4.8 13 290 M M 0 12 19 250
14 75 40 58 5 7 0 0.00 0.0 M 4.8 15 190 M M 1 12 20 180
15 62 34 48 -5 17 0 T M M 16.6 31 320 M M 2 1 46 320
16 57 32 45 -8 20 0 0.00 0.0 M 9.5 21 310 M M 0 8 31 300
17 66 31 49 -4 16 0 0.00 0.0 M 3.6 10 170 M M 0 14 340
18 72 42 57 4 8 0 0.00 0.0 M 9.2 24 170 M M 4 18 31 160
19 78 60 69 15 0 4 0.25 0.0 M 11.9 24 170 M M 7 138 34 180
20 64 39 52 -2 13 0 0.22 M M 18.8 26 10 M M 10 138 35 360
21 47 34 41 -13 24 0 T M M 12.4 22 10 M M 3 8 29 10
22 53 28 41 -13 24 0 0.00 0.0 M 9.2 17 350 M M 0 23 350
23 61 28 45 -9 20 0 0.00 0.0 M 4.3 14 210 M M 0 8 18 190
24 51 40 46 -8 19 0 0.54 M M 6.3 20 80 M M 10 18 27 80
25 61 46 54 0 11 0 T M M 11.0 18 20 M M 9 18 26 20
26 73 36 55 1 10 0 0.00 0.0 M 9.2 17 30 M M 0 8 23 40
27 74 39 57 3 8 0 0.00 0.0 M 5.9 12 20 M M 2 8 15 20
28 59 40 50 -4 15 0 0.00 0.0 M 11.1 23 350 M M 1 30 320
29 60 30 45 -10 20 0 0.00 0.0 M 5.5 15 200 M M 0 8 20 180
30 69 37 53 -2 12 0 0.00 0.0 M 6.9 15 210 M M 0 1 22 220
31 68 48 58 3 7 0 0.05 0.0 0 11.1 20 110 M M 5 18 26 110
================================================================================
SM 2030 1261 381 21 1.59 0.0 300.2 M 113
================================================================================
AV 65.5 40.7 9.7 FASTST M M 4 MAX(MPH)
MISC ----> # 31 320 46 320
================================================================================
NOTES:
# LAST OF SEVERAL OCCURRENCES
COLUMN 17 PEAK WIND IN M.P.H.
PRELIMINARY LOCAL CLIMATOLOGICAL DATA (WS FORM: F-6) , PAGE 2
STATION: BEAUMONT PORT ARTHUR
MONTH: JANUARY
YEAR: 2022
LATITUDE: 29 57 N
LONGITUDE: 94 1 W
[TEMPERATURE DATA] [PRECIPITATION DATA] SYMBOLS USED IN COLUMN 16
AVERAGE MONTHLY: 53.1 TOTAL FOR MONTH: 1.59 1 = FOG OR MIST
DPTR FM NORMAL: -0.6 DPTR FM NORMAL: -3.73 2 = FOG REDUCING VISIBILITY
HIGHEST: 81 ON 1 GRTST 24HR 1.77 ON 19-20 TO 1/4 MILE OR LESS
LOWEST: 28 ON 23,22 3 = THUNDER
SNOW, ICE PELLETS, HAIL 4 = ICE PELLETS
TOTAL MONTH: 0.0 INCH 5 = HAIL
GRTST 24HR 0.0 6 = FREEZING RAIN OR DRIZZLE
GRTST DEPTH: 0 7 = DUSTSTORM OR SANDSTORM:
VSBY 1/2 MILE OR LESS
8 = SMOKE OR HAZE
[NO. OF DAYS WITH] [WEATHER - DAYS WITH] 9 = BLOWING SNOW
X = TORNADO
MAX 32 OR BELOW: 0 0.01 INCH OR MORE: 6
MAX 90 OR ABOVE: 0 0.10 INCH OR MORE: 5
MIN 32 OR BELOW: 6 0.50 INCH OR MORE: 1
MIN 0 OR BELOW: 0 1.00 INCH OR MORE: 0
[HDD (BASE 65) ]
TOTAL THIS MO. 381 CLEAR (SCALE 0-3) 16
DPTR FM NORMAL 14 PTCLDY (SCALE 4-7) 10
TOTAL FM JUL 1 643 CLOUDY (SCALE 8-10) 5
DPTR FM NORMAL -222
[CDD (BASE 65) ]
TOTAL THIS MO. 21
DPTR FM NORMAL 6 [PRESSURE DATA]
TOTAL FM JAN 1 21 HIGHEST SLP 30.58 ON 10
DPTR FM NORMAL 6 LOWEST SLP 29.67 ON 1
[REMARKS]
#FINAL-01-22#