000
CXUS53 KGRR 011010
CF6BTL
PRELIMINARY LOCAL CLIMATOLOGICAL DATA (WS FORM: F-6)
STATION: BATTLE CREEK
MONTH: NOVEMBER
YEAR: 2022
LATITUDE: 42 17 N
LONGITUDE: 85 14 W
TEMPERATURE IN F: :PCPN: SNOW: WIND :SUNSHINE: SKY :PK WND
================================================================================
1 2 3 4 5 6A 6B 7 8 9 10 11 12 13 14 15 16 17 18
12Z AVG MX 2MIN
DY MAX MIN AVG DEP HDD CDD WTR SNW DPTH SPD SPD DIR MIN PSBL S-S WX SPD DR
================================================================================
1 67 43 55 10 10 0 T M M 5.3 13 260 M M 5 18 17 270
2 68 38 53 8 12 0 0.00 M M 5.0 14 200 M M 0 1 21 190
3 71 49 60 15 5 0 0.00 M M 10.0 18 180 M M 0 18 27 180
4 71 56 64 20 1 0 0.01 M M 15.3 23 190 M M 3 8 39 180
5 68 46 57 13 8 0 0.12 M M 20.6 43 200 M M 5 8 60 210
6 66 40 53 10 12 0 0.00 M M 13.1 26 220 M M 0 37 210
7 54 39 47 4 18 0 0.00 M M 9.2 18 300 M M 0 25 300
8 55 36 46 3 19 0 0.00 M M 8.6 15 130 M M 0 21 100
9 67 41 54 12 11 0 0.00 M M 7.8 14 180 M M 6 20 190
10 75 57 66 24 0 1 0.00 M M 11.8 23 200 M M 0 29 200
11 59 36 48 7 17 0 0.00 M M 10.9 25 310 M M 4 33 310
12 39 30 35 -6 30 0 0.01 M M 9.0 17 310 M M 9 18 24 290
13 36 29 33 -8 32 0 0.04 M M 6.3 16 310 M M 9 1 21 320
14 38 32 35 -5 30 0 0.00 M M 3.9 9 140 M M 10 13 180
15 35 30 33 -7 32 0 0.14 M M 6.8 13 80 M M 10 1 17 80
16 38 30 34 -6 31 0 T M M 7.0 12 310 M M 9 1 15 310
17 34 25 30 -9 35 0 0.21 M M 13.8 28 230 M M 8 128 36 220
18 30 21 26 -13 39 0 0.12 M M 15.2 24 220 M M 10 12 32 270
19 25 17 21 -17 44 0 0.08 M M 17.8 30 230 M M 10 128 40 230
20 26 12 19 -19 46 0 T M M 11.5 20 240 M M 5 18 25 250
21 40 21 31 -7 34 0 0.00 M M 12.7 25 230 M M 0 34 240
22 44 18 31 -6 34 0 0.00 M M 6.2 16 230 M M 0 1 19 240
23 50 26 38 1 27 0 0.00 M M 4.9 10 200 M M 0 18 12 200
24 51 30 41 5 24 0 0.01 M M 7.0 17 240 M M 4 18 24 230
25 49 30 40 4 25 0 0.00 M M 10.3 20 300 M M 4 1 26 300
26 55 29 42 6 23 0 0.00 M M 9.8 20 230 M M 0 27 220
27 41 38 40 5 25 0 0.84 M M 7.2 17 30 M M 8 18 24 40
28 45 32 39 4 26 0 0.00 M M 4.2 10 180 M M 8 13 170
29 55 37 46 11 19 0 0.12 M M 12.5 25 180 M M 9 18 37 150
30 56 28 42 8 23 0 T M M 21.0 33 250 M M 10 1 45 260
================================================================================
SM 1508 996 692 1 1.70 M 304.7 M 146
================================================================================
AV 50.3 33.2 10.2 FASTST M M 5 MAX(MPH)
MISC ----> 43 200 60 210
================================================================================
NOTES:
# LAST OF SEVERAL OCCURRENCES
COLUMN 17 PEAK WIND IN M.P.H.
PRELIMINARY LOCAL CLIMATOLOGICAL DATA (WS FORM: F-6) , PAGE 2
STATION: BATTLE CREEK
MONTH: NOVEMBER
YEAR: 2022
LATITUDE: 42 17 N
LONGITUDE: 85 14 W
[TEMPERATURE DATA] [PRECIPITATION DATA] SYMBOLS USED IN COLUMN 16
AVERAGE MONTHLY: 41.7 TOTAL FOR MONTH: 1.70 1 = FOG OR MIST
DPTR FM NORMAL: 1.9 DPTR FM NORMAL: -0.43 2 = FOG REDUCING VISIBILITY
HIGHEST: 75 ON 10 GRTST 24HR 0.84 ON 27-27 TO 1/4 MILE OR LESS
LOWEST: 12 ON 20 3 = THUNDER
SNOW, ICE PELLETS, HAIL 4 = ICE PELLETS
TOTAL MONTH: M 5 = HAIL
GRTST 24HR M ON M 6 = FREEZING RAIN OR DRIZZLE
GRTST DEPTH: M ON M 7 = DUSTSTORM OR SANDSTORM:
VSBY 1/2 MILE OR LESS
8 = SMOKE OR HAZE
[NO. OF DAYS WITH] [WEATHER - DAYS WITH] 9 = BLOWING SNOW
X = TORNADO
MAX 32 OR BELOW: 3 0.01 INCH OR MORE: 11
MAX 90 OR ABOVE: 0 0.10 INCH OR MORE: 6
MIN 32 OR BELOW: 17 0.50 INCH OR MORE: 1
MIN 0 OR BELOW: 0 1.00 INCH OR MORE: 0
[HDD (BASE 65) ]
TOTAL THIS MO. 692 CLEAR (SCALE 0-3) 10
DPTR FM NORMAL -66 PTCLDY (SCALE 4-7) 8
TOTAL FM JUL 1 1195 CLOUDY (SCALE 8-10) 12
DPTR FM NORMAL -123
[CDD (BASE 65) ]
TOTAL THIS MO. 1
DPTR FM NORMAL 1 [PRESSURE DATA]
TOTAL FM JAN 1 882 HIGHEST SLP 30.73 ON 8
DPTR FM NORMAL 167 LOWEST SLP 29.37 ON 27
[REMARKS]
#FINAL-11-22#