000
CXUS54 KLIX 010810
CF6BTR
PRELIMINARY LOCAL CLIMATOLOGICAL DATA (WS FORM: F-6)
STATION: BATON ROUGE
MONTH: SEPTEMBER
YEAR: 2021
LATITUDE: 30 31 N
LONGITUDE: 91 9 W
TEMPERATURE IN F: :PCPN: SNOW: WIND :SUNSHINE: SKY :PK WND
================================================================================
1 2 3 4 5 6A 6B 7 8 9 10 11 12 13 14 15 16 17 18
12Z AVG MX 2MIN
DY MAX MIN AVG DEP HDD CDD WTR SNW DPTH SPD SPD DIR MIN PSBL S-S WX SPD DR
================================================================================
1 92 74 83 1 0 18 T 0.0 M 5.5 20 210 M M 2 3 23 200
2 91 73 82 1 0 17 T 0.0 M 2.7 14 340 M M 2 3 24 80
3 91 72 82 1 0 17 0.00 0.0 M 3.8 10 40 M M 1 1 12 50
4 92 71 82 1 0 17 0.00 0.0 M 2.9 10 50 M M 2 13 30
5 93 73 83 2 0 18 0.00 0.0 M 5.3 16 180 M M 2 1 19 170
6 85 74 80 -1 0 15 0.03 0.0 M 4.1 10 250 M M 6 13 13 270
7 89 72 81 0 0 16 T 0.0 M 5.0 18 100 M M 4 3 23 100
8 88 71 80 0 0 15 0.00 0.0 M 3.0 10 360 M M 1 1 13 330
9 87 65 76 -4 0 11 0.00 0.0 M 5.3 16 20 M M 2 8 22 30
10 85 61 73 -7 0 8 0.00 0.0 M 5.7 15 20 M M 0 20 30
11 86 61 74 -6 0 9 0.00 0.0 M 5.1 14 70 M M 0 18 140
12 85 67 76 -4 0 11 0.28 0.0 M 8.1 18 110 M M 4 138 24 140
13 86 72 79 -1 0 14 0.52 0.0 M 7.6 20 190 M M 3 138 25 180
14 76 71 74 -5 0 9 2.77 0.0 M 18.2 25 100 M M 9 1 25 100
15 83 72 78 -1 0 13 2.07 0.0 M 10.0 18 60 M M 10 13 22 50
16 86 73 80 1 0 15 0.12 0.0 M 5.3 14 60 M M 7 18 16 60
17 88 73 81 2 0 16 0.02 0.0 M 4.5 13 130 M M 7 13 17 130
18 86 73 80 2 0 15 0.25 0.0 M 4.3 12 80 M M 5 13 15 250
19 86 71 79 1 0 14 0.00 0.0 M 4.3 12 110 M M 5 12 15 120
20 90 71 81 3 0 16 T 0.0 M 2.8 10 190 M M 3 1 12 280
21 89 71 80 2 0 15 0.10 0.0 M 4.6 23 230 M M 2 1 29 220
22 79 60 70 -8 0 5 0.00 0.0 M 8.7 21 360 M M 3 29 350
23 79 55 67 -10 0 2 0.00 0.0 M 4.9 13 20 M M 0 8 20 60
24 79 54 67 -10 0 2 0.00 0.0 M 3.1 12 30 M M 0 18 90
25 83 53 68 -9 0 3 0.00 0.0 M 2.3 12 30 M M 0 16 40
26 86 56 71 -5 0 6 0.00 0.0 M 2.1 10 20 M M 0 14 20
27 85 64 75 -1 0 10 0.14 0.0 M 5.5 12 140 M M 8 1 16 110
28 77 71 74 -2 0 9 0.38 0.0 M 5.2 13 260 M M 8 13 16 260
29 82 69 76 0 0 11 0.10 0.0 M 6.1 20 140 M M 7 13 27 140
30 83 71 77 2 0 12 1.57 0.0 M 5.4 23 150 M M 6 123 28 150
================================================================================
SM 2567 2034 0 359 8.35 0.0 161.4 M 109
================================================================================
AV 85.6 67.8 5.4 FASTST M M 4 MAX(MPH)
MISC ----> 25 100 # 29 220
================================================================================
NOTES:
# LAST OF SEVERAL OCCURRENCES
COLUMN 17 PEAK WIND IN M.P.H.
PRELIMINARY LOCAL CLIMATOLOGICAL DATA (WS FORM: F-6) , PAGE 2
STATION: BATON ROUGE
MONTH: SEPTEMBER
YEAR: 2021
LATITUDE: 30 31 N
LONGITUDE: 91 9 W
[TEMPERATURE DATA] [PRECIPITATION DATA] SYMBOLS USED IN COLUMN 16
AVERAGE MONTHLY: 76.7 TOTAL FOR MONTH: 8.35 1 = FOG OR MIST
DPTR FM NORMAL: -2.1 DPTR FM NORMAL: 3.93 2 = FOG REDUCING VISIBILITY
HIGHEST: 93 ON 5 GRTST 24HR 3.61 ON 14-15 TO 1/4 MILE OR LESS
LOWEST: 53 ON 25 3 = THUNDER
SNOW, ICE PELLETS, HAIL 4 = ICE PELLETS
TOTAL MONTH: 0.0 INCH 5 = HAIL
GRTST 24HR 0.0 6 = FREEZING RAIN OR DRIZZLE
GRTST DEPTH: M ON M 7 = DUSTSTORM OR SANDSTORM:
VSBY 1/2 MILE OR LESS
8 = SMOKE OR HAZE
[NO. OF DAYS WITH] [WEATHER - DAYS WITH] 9 = BLOWING SNOW
X = TORNADO
MAX 32 OR BELOW: 0 0.01 INCH OR MORE: 13
MAX 90 OR ABOVE: 6 0.10 INCH OR MORE: 11
MIN 32 OR BELOW: 0 0.50 INCH OR MORE: 4
MIN 0 OR BELOW: 0 1.00 INCH OR MORE: 3
[HDD (BASE 65) ]
TOTAL THIS MO. 0 CLEAR (SCALE 0-3) 16
DPTR FM NORMAL -1 PTCLDY (SCALE 4-7) 12
TOTAL FM JUL 1 0 CLOUDY (SCALE 8-10) 2
DPTR FM NORMAL 0
[CDD (BASE 65) ]
TOTAL THIS MO. 359
DPTR FM NORMAL -56 [PRESSURE DATA]
TOTAL FM JAN 1 2434 HIGHEST SLP M ON M
DPTR FM NORMAL -136 LOWEST SLP 29.71 ON 15
[REMARKS]
#FINAL-09-21#