000
CXUS54 KLZK 011230
CF6BVX
PRELIMINARY LOCAL CLIMATOLOGICAL DATA (WS FORM: F-6)
STATION: BATESVILLE REGIONAL AIRPORT
MONTH: AUGUST
YEAR: 2023
LATITUDE: 35 43 N
LONGITUDE: 91 39 W
TEMPERATURE IN F: :PCPN: SNOW: WIND :SUNSHINE: SKY :PK WND
================================================================================
1 2 3 4 5 6A 6B 7 8 9 10 11 12 13 14 15 16 17 18
12Z AVG MX 2MIN
DY MAX MIN AVG DEP HDD CDD WTR SNW DPTH SPD SPD DIR MIN PSBL S-S WX SPD DR
================================================================================
1 89 73 81 0 0 16 0.00 M M 4.5 12 100 M M 0 M M
2 96 71 84 3 0 19 0.00 M M 5.7 9 170 M M 1 M M
3 101 80 91 10 0 26 0.00 M M 4.2 10 110 M M 0 M M
4 90 78 84 3 0 19 0.00 M M 6.7 17 100 M M 1 23 110
5 94 74 84 3 0 19 0.00 M M 5.5 9 310 M M 0 20 310
6 95 69 82 1 0 17 0.00 M M 5.6 20 270 M M 1 24 270
7 88 70 79 -2 0 14 0.43 M M 5.7 15 260 M M 1 3 20 260
8 86 67 77 -4 0 12 0.02 M M 4.0 10 210 M M 1 1 16 210
9 74 68 71 -10 0 6 1.77 M M 5.5 17 280 M M 7 13 30 290
10 81 69 75 -5 0 10 5.99 M M 4.2 9 100 M M 7 123 M M
11 94 70 82 2 0 17 0.01 M M 3.3 10 230 M M 5 12 M M
12 85 73 79 -1 0 14 0.64 M M 3.8 12 200 M M 1 13 21 300
13 91 73 82 2 0 17 0.05 M M 3.3 13 290 M M 2 13 M M
14 86 68 77 -3 0 12 0.00 M M 5.5 12 280 M M 1 3 22 290
15 80 62 71 -9 0 6 0.00 M M 3.9 9 300 M M 5 16 99
16 83 61 72 -8 0 7 0.00 M M 2.3 7 99 M M 2 M M
17 90 62 76 -4 0 11 0.00 M M 3.8 12 220 M M 0 17 190
18 88 69 79 -1 0 14 0.00 M M 4.6 9 100 M M 1 M M
19 94 66 80 0 0 15 0.00 M M 3.8 10 100 M M 0 M M
20 101 78 90 10 0 25 0.00 M M 3.9 9 90 M M 0 8 M M
21 98 75 87 8 0 22 0.00 M M 3.3 10 90 M M 0 M M
22 96 74 85 6 0 20 0.00 M M 2.3 7 100 M M 1 18 M M
23 97 76 87 8 0 22 0.00 M M 2.5 7 80 M M 1 18 M M
24 100 74 87 8 0 22 0.00 M M 1.7 5 170 M M 0 1 M M
25 104 75 90 11 0 25 0.00 M M 0.7 4 360 M M 0 1 M M
26 100 73 87 9 0 22 0.03 M M 2.6 17 40 M M 1 3 23 40
27 86 73 80 2 0 15 0.04 M M 3.7 9 340 M M 9 13 M M
28 88 68 78 0 0 13 0.00 M M 5.5 10 30 M M 6 16 50
29 88 62 75 -3 0 10 0.00 M M 2.9 7 99 M M 0 M M
30 88 63 76 -1 0 11 0.00 M M 5.0 10 60 M M 1 17 60
31 85 60 73 -4 0 8 0.00 M M 5.3 12 90 M M 0 M M
================================================================================
SM 2816 2174 0 486 8.98 M 125.1 M 55
================================================================================
AV 90.8 70.1 4.0 FASTST M M 2 MAX(MPH)
MISC ----> 20 270 30 290
================================================================================
NOTES:
# LAST OF SEVERAL OCCURRENCES
COLUMN 17 PEAK WIND IN M.P.H.
PRELIMINARY LOCAL CLIMATOLOGICAL DATA (WS FORM: F-6) , PAGE 2
STATION: BATESVILLE REGIONAL AIRPORT
MONTH: AUGUST
YEAR: 2023
LATITUDE: 35 43 N
LONGITUDE: 91 39 W
[TEMPERATURE DATA] [PRECIPITATION DATA] SYMBOLS USED IN COLUMN 16
AVERAGE MONTHLY: 80.5 TOTAL FOR MONTH: 8.98 1 = FOG OR MIST
DPTR FM NORMAL: 0.8 DPTR FM NORMAL: 5.94 2 = FOG REDUCING VISIBILITY
HIGHEST: 104 ON 25 GRTST 24HR 5.99 ON 10-10 TO 1/4 MILE OR LESS
LOWEST: 60 ON 31 3 = THUNDER
SNOW, ICE PELLETS, HAIL 4 = ICE PELLETS
TOTAL MONTH: M 5 = HAIL
GRTST 24HR M ON M 6 = FREEZING RAIN OR DRIZZLE
GRTST DEPTH: M ON M 7 = DUSTSTORM OR SANDSTORM:
VSBY 1/2 MILE OR LESS
8 = SMOKE OR HAZE
[NO. OF DAYS WITH] [WEATHER - DAYS WITH] 9 = BLOWING SNOW
X = TORNADO
MAX 32 OR BELOW: 0 0.01 INCH OR MORE: 9
MAX 90 OR ABOVE: 16 0.10 INCH OR MORE: 4
MIN 32 OR BELOW: 0 0.50 INCH OR MORE: 3
MIN 0 OR BELOW: 0 1.00 INCH OR MORE: 2
[HDD (BASE 65) ]
TOTAL THIS MO. 0 CLEAR (SCALE 0-3) 25
DPTR FM NORMAL 0 PTCLDY (SCALE 4-7) 5
TOTAL FM JUL 1 0 CLOUDY (SCALE 8-10) 1
DPTR FM NORMAL 0
[CDD (BASE 65) ]
TOTAL THIS MO. 486
DPTR FM NORMAL 32 [PRESSURE DATA]
TOTAL FM JAN 1 1630 HIGHEST SLP 30.18 ON 1
DPTR FM NORMAL 158 LOWEST SLP 29.75 ON 10
[REMARKS]
#FINAL-08-23#