000
CXUS53 KLMK 010810
CF6BWG
PRELIMINARY LOCAL CLIMATOLOGICAL DATA (WS FORM: F-6)
STATION: BOWLING GREEN KY
MONTH: NOVEMBER
YEAR: 2022
LATITUDE: 36 58 N
LONGITUDE: 86 26 W
TEMPERATURE IN F: :PCPN: SNOW: WIND :SUNSHINE: SKY :PK WND
================================================================================
1 2 3 4 5 6A 6B 7 8 9 10 11 12 13 14 15 16 17 18
12Z AVG MX 2MIN
DY MAX MIN AVG DEP HDD CDD WTR SNW DPTH SPD SPD DIR MIN PSBL S-S WX SPD DR
================================================================================
1 73 53 63 9 2 0 0.00 0.0 0 1.3 7 30 M M 3 12 11 350
2 70 49 60 7 5 0 T 0.0 0 1.2 9 50 M M 6 18 12 140
3 78 44 61 8 4 0 0.00 0.0 0 2.2 13 180 M M 1 12 21 170
4 80 55 68 16 0 3 0.00 0.0 0 9.2 20 190 M M 1 28 210
5 70 63 67 15 0 2 0.14 0.0 0 13.1 31 150 M M 6 45 150
6 78 53 66 14 0 1 0.00 0.0 0 5.1 16 200 M M 6 22 220
7 77 60 69 18 0 4 0.00 0.0 0 6.8 13 40 M M 9 17 50
8 76 50 63 12 2 0 0.00 0.0 0 8.2 14 70 M M 5 20 50
9 80 45 63 13 2 0 0.00 0.0 0 0.8 8 180 M M 0 12 190
10 76 44 60 10 5 0 0.00 0.0 0 3.2 10 110 M M 1 13 100
11 70 46 58 8 7 0 1.00 0.0 0 5.1 16 310 M M 8 1 26 270
12 46 32 39 -10 26 0 0.13 T 0 7.6 15 280 M M 10 16 23 320
13 39 32 36 -13 29 0 0.00 0.0 0 4.4 10 300 M M 9 16 300
14 51 26 39 -10 26 0 0.00 0.0 0 4.7 13 110 M M 1 17 110
15 47 40 44 -4 21 0 0.08 0.0 0 5.3 12 290 M M 10 1 19 310
16 47 30 39 -9 26 0 0.00 0.0 0 8.6 17 270 M M 7 26 300
17 41 24 33 -15 32 0 0.00 0.0 0 4.3 12 270 M M 0 19 290
18 40 24 32 -15 33 0 0.00 0.0 0 5.6 13 190 M M 5 21 250
19 43 20 32 -15 33 0 0.00 0.0 0 6.3 22 240 M M 1 31 250
20 41 19 30 -17 35 0 0.00 0.0 0 1.0 9 40 M M 0 16 40
21 52 19 36 -10 29 0 0.00 0.0 0 3.3 13 220 M M 0 19 210
22 59 22 41 -5 24 0 0.00 0.0 0 1.9 10 230 M M 0 14 230
23 65 26 46 0 19 0 0.00 0.0 0 0.5 6 50 M M 0 8 110
24 68 31 50 4 15 0 0.00 0.0 0 1.9 15 200 M M 5 19 200
25 59 35 47 2 18 0 T 0.0 0 2.0 10 30 M M 6 12 15 20
26 61 31 46 1 19 0 0.17 0.0 0 3.6 16 150 M M 6 12 22 160
27 63 46 55 10 10 0 0.32 0.0 0 13.3 30 220 M M 9 138 47 210
28 53 40 47 3 18 0 0.00 0.0 0 3.3 10 230 M M 9 1 14 220
29 68 37 53 9 12 0 0.99 0.0 0 9.1 26 190 M M 4 138 41 190
30 64 27 46 2 19 0 0.05 0.0 0 8.9 20 300 M M 3 1 37 300
================================================================================
SM 1835 1123 471 10 2.88 T 151.8 M 131
================================================================================
AV 61.2 37.4 5.1 FASTST M M 4 MAX(MPH)
MISC ----> 31 150 47 210
================================================================================
NOTES:
# LAST OF SEVERAL OCCURRENCES
COLUMN 17 PEAK WIND IN M.P.H.
PRELIMINARY LOCAL CLIMATOLOGICAL DATA (WS FORM: F-6) , PAGE 2
STATION: BOWLING GREEN KY
MONTH: NOVEMBER
YEAR: 2022
LATITUDE: 36 58 N
LONGITUDE: 86 26 W
[TEMPERATURE DATA] [PRECIPITATION DATA] SYMBOLS USED IN COLUMN 16
AVERAGE MONTHLY: 49.3 TOTAL FOR MONTH: 2.88 1 = FOG OR MIST
DPTR FM NORMAL: 0.9 DPTR FM NORMAL: -0.85 2 = FOG REDUCING VISIBILITY
HIGHEST: 80 ON 9, 4 GRTST 24HR 1.04 ON 29-30 TO 1/4 MILE OR LESS
LOWEST: 19 ON 21,20 3 = THUNDER
SNOW, ICE PELLETS, HAIL 4 = ICE PELLETS
TOTAL MONTH: T 5 = HAIL
GRTST 24HR T ON 12-12 6 = FREEZING RAIN OR DRIZZLE
GRTST DEPTH: 0 7 = DUSTSTORM OR SANDSTORM:
VSBY 1/2 MILE OR LESS
8 = SMOKE OR HAZE
[NO. OF DAYS WITH] [WEATHER - DAYS WITH] 9 = BLOWING SNOW
X = TORNADO
MAX 32 OR BELOW: 0 0.01 INCH OR MORE: 8
MAX 90 OR ABOVE: 0 0.10 INCH OR MORE: 6
MIN 32 OR BELOW: 14 0.50 INCH OR MORE: 2
MIN 0 OR BELOW: 0 1.00 INCH OR MORE: 1
[HDD (BASE 65) ]
TOTAL THIS MO. 471 CLEAR (SCALE 0-3) 12
DPTR FM NORMAL -31 PTCLDY (SCALE 4-7) 12
TOTAL FM JUL 1 716 CLOUDY (SCALE 8-10) 6
DPTR FM NORMAL -11
[CDD (BASE 65) ]
TOTAL THIS MO. 10
DPTR FM NORMAL 6 [PRESSURE DATA]
TOTAL FM JAN 1 1884 HIGHEST SLP M ON M
DPTR FM NORMAL 208 LOWEST SLP 29.49 ON 27
[REMARKS]
#FINAL-11-22#