000
CXUS53 KLMK 010710
CF6BWG
PRELIMINARY LOCAL CLIMATOLOGICAL DATA (WS FORM: F-6)
STATION: BOWLING GREEN KY
MONTH: AUGUST
YEAR: 2022
LATITUDE: 36 58 N
LONGITUDE: 86 26 W
TEMPERATURE IN F: :PCPN: SNOW: WIND :SUNSHINE: SKY :PK WND
================================================================================
1 2 3 4 5 6A 6B 7 8 9 10 11 12 13 14 15 16 17 18
12Z AVG MX 2MIN
DY MAX MIN AVG DEP HDD CDD WTR SNW DPTH SPD SPD DIR MIN PSBL S-S WX SPD DR
================================================================================
1 90 75 83 3 0 18 T 0.0 0 9.6 21 220 M M 6 13 32 240
2 91 72 82 2 0 17 0.06 0.0 0 5.8 21 240 M M 1 3 29 250
3 94 73 84 4 0 19 0.00 0.0 0 5.9 21 190 M M 2 30 140
4 89 73 81 1 0 16 0.00 0.0 0 6.1 23 260 M M 1 3 32 260
5 86 75 81 1 0 16 0.25 0.0 0 3.2 12 220 M M 5 1 16 260
6 91 74 83 3 0 18 0.21 0.0 0 4.3 18 180 M M 2 13 24 190
7 93 71 82 2 0 17 T 0.0 0 4.9 29 230 M M 2 3 38 220
8 92 71 82 2 0 17 0.00 0.0 0 6.3 17 190 M M 1 22 190
9 91 73 82 3 0 17 0.00 0.0 0 5.9 16 280 M M 1 3 23 290
10 89 74 82 3 0 17 0.16 0.0 0 5.0 20 210 M M 5 138 25 210
11 87 71 79 0 0 14 0.02 0.0 0 3.4 10 30 M M 6 18 17 360
12 84 64 74 -5 0 9 0.00 0.0 0 6.4 15 40 M M 1 24 40
13 85 59 72 -7 0 7 0.00 0.0 0 2.8 12 60 M M 0 16 60
14 90 64 77 -2 0 12 0.00 0.0 0 7.5 20 220 M M 3 26 210
15 87 71 79 0 0 14 0.00 0.0 0 4.4 12 290 M M 4 20 310
16 80 69 75 -4 0 10 0.00 0.0 0 2.0 9 280 M M 5 14 290
17 86 63 75 -4 0 10 0.00 0.0 0 3.0 12 50 M M 1 1 16 50
18 87 63 75 -4 0 10 0.00 0.0 0 2.7 10 110 M M 1 1 17 80
19 90 65 78 0 0 13 0.00 0.0 0 2.9 20 150 M M 5 26 160
20 84 68 76 -2 0 11 T 0.0 0 6.0 21 210 M M 3 30 220
21 88 70 79 1 0 14 T 0.0 0 6.5 18 270 M M 6 3 24 270
22 88 64 76 -2 0 11 0.00 0.0 0 2.5 9 360 M M 2 1 17 320
23 89 63 76 -2 0 11 0.00 0.0 0 2.3 10 60 M M 2 1 13 30
24 90 65 78 0 0 13 0.00 0.0 0 2.5 12 40 M M 3 1 16 60
25 92 65 79 1 0 14 0.00 0.0 0 1.5 9 60 M M 4 1 13 200
26 94 69 82 5 0 17 0.00 0.0 0 2.2 9 350 M M 2 1 14 10
27 91 69 80 3 0 15 T 0.0 0 3.4 10 50 M M 2 1 15 80
28 96 69 83 6 0 18 0.00 0.0 M 5.3 16 130 M M 1 1 22 160
29 91 75 83 6 0 18 0.05 0.0 0 5.2 17 220 M M 3 3 24 220
30 89 68 79 3 0 14 0.21 0.0 0 5.3 14 270 M M 4 13 18 280
31 86 60 73 -3 0 8 0.00 0.0 0 1.6 8 320 M M 0 12 14 310
================================================================================
SM 2760 2125 0 435 0.96 0.0 136.4 M 84
================================================================================
AV 89.0 68.5 4.4 FASTST M M 3 MAX(MPH)
MISC ----> 29 230 38 220
================================================================================
NOTES:
# LAST OF SEVERAL OCCURRENCES
COLUMN 17 PEAK WIND IN M.P.H.
PRELIMINARY LOCAL CLIMATOLOGICAL DATA (WS FORM: F-6) , PAGE 2
STATION: BOWLING GREEN KY
MONTH: AUGUST
YEAR: 2022
LATITUDE: 36 58 N
LONGITUDE: 86 26 W
[TEMPERATURE DATA] [PRECIPITATION DATA] SYMBOLS USED IN COLUMN 16
AVERAGE MONTHLY: 78.8 TOTAL FOR MONTH: 0.96 1 = FOG OR MIST
DPTR FM NORMAL: 0.3 DPTR FM NORMAL: -2.93 2 = FOG REDUCING VISIBILITY
HIGHEST: 96 ON 28 GRTST 24HR 0.26 ON 29-30 TO 1/4 MILE OR LESS
LOWEST: 59 ON 13 3 = THUNDER
SNOW, ICE PELLETS, HAIL 4 = ICE PELLETS
TOTAL MONTH: 0.0 INCH 5 = HAIL
GRTST 24HR 0.0 6 = FREEZING RAIN OR DRIZZLE
GRTST DEPTH: 0 7 = DUSTSTORM OR SANDSTORM:
VSBY 1/2 MILE OR LESS
8 = SMOKE OR HAZE
[NO. OF DAYS WITH] [WEATHER - DAYS WITH] 9 = BLOWING SNOW
X = TORNADO
MAX 32 OR BELOW: 0 0.01 INCH OR MORE: 7
MAX 90 OR ABOVE: 15 0.10 INCH OR MORE: 4
MIN 32 OR BELOW: 0 0.50 INCH OR MORE: 0
MIN 0 OR BELOW: 0 1.00 INCH OR MORE: 0
[HDD (BASE 65) ]
TOTAL THIS MO. 0 CLEAR (SCALE 0-3) 20
DPTR FM NORMAL 0 PTCLDY (SCALE 4-7) 11
TOTAL FM JUL 1 0 CLOUDY (SCALE 8-10) 0
DPTR FM NORMAL 0
[CDD (BASE 65) ]
TOTAL THIS MO. 435
DPTR FM NORMAL 16 [PRESSURE DATA]
TOTAL FM JAN 1 1633 HIGHEST SLP M ON M
DPTR FM NORMAL 224 LOWEST SLP 29.87 ON 14
[REMARKS]
#FINAL-08-22#