000
CXUS55 KPIH 011100
CF6BYI
PRELIMINARY LOCAL CLIMATOLOGICAL DATA (WS FORM: F-6)
STATION: BURLEY
MONTH: JUNE
YEAR: 2022
LATITUDE: 42 32 N
LONGITUDE: 113 46 W
TEMPERATURE IN F: :PCPN: SNOW: WIND :SUNSHINE: SKY :PK WND
================================================================================
1 2 3 4 5 6A 6B 7 8 9 10 11 12 13 14 15 16 17 18
12Z AVG MX 2MIN
DY MAX MIN AVG DEP HDD CDD WTR SNW DPTH SPD SPD DIR MIN PSBL S-S WX SPD DR
================================================================================
1 71 37 54 -6 11 0 0.00 M M 3.2 9 340 M M 0 1 14 10
2 79 47 63 3 2 0 0.00 M M 5.4 13 70 M M 0 18 60
3 78 47 63 3 2 0 0.00 M M 4.7 20 230 M M 0 25 210
4 64 50 57 -4 8 0 T M M 5.2 20 260 M M 6 1 27 270
5 69 47 58 -3 7 0 0.11 M M 6.2 23 340 M M 6 13 34 330
6 69 48 59 -2 6 0 0.00 M M 9.6 20 270 M M 2 29 270
7 72 45 59 -2 6 0 0.00 M M 4.7 10 270 M M 1 18 290
8 79 43 61 0 4 0 0.00 M M 6.7 15 60 M M 0 20 70
9 81 46 64 2 1 0 0.00 M M 5.0 14 320 M M 0 17 320
10 84 53 69 7 0 4 0.00 M M 4.1 12 240 M M 0 19 270
11 86 59 73 11 0 8 0.00 M M 9.2 22 270 M M 0 40 260
12 67 55 61 -1 4 0 0.13 M M 8.1 16 280 M M 6 1 31 270
13 57 42 50 -12 15 0 0.02 M M 15.5 26 290 M M 4 48 290
14 61 39 50 -13 15 0 T M M 12.9 23 240 M M 3 36 300
15 73 36 55 -8 10 0 0.00 M M 7.0 16 210 M M 0 22 260
16 91 44 68 5 0 3 0.00 M M 9.2 20 170 M M 0 28 170
17 93 48 71 7 0 6 0.00 M M 11.1 26 180 M M 0 42 310
18 75 50 63 -1 2 0 0.00 M M 9.6 17 250 M M 1 29 280
19 64 48 56 -8 9 0 0.00 M M 15.2 23 260 M M 1 37 280
20 68 45 57 -7 8 0 0.00 M M 10.8 24 250 M M 0 32 250
21 78 38 58 -7 7 0 0.00 M M 4.1 12 60 M M 0 19 50
22 86 42 64 -1 1 0 0.00 M M 3.3 10 10 M M 0 15 350
23 85 47 66 1 0 1 T M M 8.6 30 210 M M 2 38 41 210
24 78 56 67 1 0 2 0.00 M M 12.0 22 290 M M 2 36 300
25 81 49 65 -1 0 0 0.00 M M 8.4 18 90 M M 0 27 90
26 87 48 68 2 0 3 0.00 M M 6.9 16 60 M M 0 24 60
27 92 47 70 3 0 5 0.00 M M 3.1 8 210 M M 0 10 90
28 93 56 75 8 0 10 0.00 M M 5.7 16 270 M M 0 26 280
29 81 55 68 1 0 3 0.00 M M 11.9 23 260 M M 0 34 260
30 87 49 68 0 0 3 0.00 M M 4.4 14 80 M M 0 19 80
================================================================================
SM 2329 1416 118 48 0.26 M 231.8 M 34
================================================================================
AV 77.6 47.2 7.7 FASTST M M 1 MAX(MPH)
MISC ----> 30 210 48 290
================================================================================
NOTES:
# LAST OF SEVERAL OCCURRENCES
COLUMN 17 PEAK WIND IN M.P.H.
PRELIMINARY LOCAL CLIMATOLOGICAL DATA (WS FORM: F-6) , PAGE 2
STATION: BURLEY
MONTH: JUNE
YEAR: 2022
LATITUDE: 42 32 N
LONGITUDE: 113 46 W
[TEMPERATURE DATA] [PRECIPITATION DATA] SYMBOLS USED IN COLUMN 16
AVERAGE MONTHLY: 62.4 TOTAL FOR MONTH: 0.26 1 = FOG OR MIST
DPTR FM NORMAL: -1.0 DPTR FM NORMAL: -0.52 2 = FOG REDUCING VISIBILITY
HIGHEST: 93 ON 28,17 GRTST 24HR 0.15 ON 12-13 TO 1/4 MILE OR LESS
LOWEST: 36 ON 15 3 = THUNDER
SNOW, ICE PELLETS, HAIL 4 = ICE PELLETS
TOTAL MONTH: M 5 = HAIL
GRTST 24HR M ON M 6 = FREEZING RAIN OR DRIZZLE
GRTST DEPTH: M ON M 7 = DUSTSTORM OR SANDSTORM:
VSBY 1/2 MILE OR LESS
8 = SMOKE OR HAZE
[NO. OF DAYS WITH] [WEATHER - DAYS WITH] 9 = BLOWING SNOW
X = TORNADO
MAX 32 OR BELOW: 0 0.01 INCH OR MORE: 3
MAX 90 OR ABOVE: 4 0.10 INCH OR MORE: 2
MIN 32 OR BELOW: 0 0.50 INCH OR MORE: 0
MIN 0 OR BELOW: 0 1.00 INCH OR MORE: 0
[HDD (BASE 65) ]
TOTAL THIS MO. 118 CLEAR (SCALE 0-3) 26
DPTR FM NORMAL 10 PTCLDY (SCALE 4-7) 4
TOTAL FM JUL 1 6496 CLOUDY (SCALE 8-10) 0
DPTR FM NORMAL 210
[CDD (BASE 65) ]
TOTAL THIS MO. 48
DPTR FM NORMAL -12 [PRESSURE DATA]
TOTAL FM JAN 1 50 HIGHEST SLP 30.29 ON 21
DPTR FM NORMAL -21 LOWEST SLP 29.42 ON 17
[REMARKS]
#FINAL-06-22#