000
CXUS56 KTFX 070807
CF6BZN
PRELIMINARY LOCAL CLIMATOLOGICAL DATA (WS FORM: F-6)
STATION: BOZEMAN/GALLATIN FIELD MT
MONTH: JULY
YEAR: 2020
LATITUDE: 45 46 N
LONGITUDE: 111 9 W
TEMPERATURE IN F: :PCPN: SNOW: WIND :SUNSHINE: SKY :PK WND
================================================================================
1 2 3 4 5 6A 6B 7 8 9 10 11 12 13 14 15 16 17 18
12Z AVG MX 2MIN
DY MAX MIN AVG DEP HDD CDD WTR SNW DPTH SPD SPD DIR MIN PSBL S-S WX SPD DR
================================================================================
1 73 45 59 -7 6 0 0.14 0.0 0 7.9 24 210 M M 5 3 34 200
2 82 39 61 -5 4 0 0.00 0.0 0 5.1 18 240 M M 0 25 230
3 80 45 63 -4 2 0 0.21 0.0 0 5.8 39 240 M M 1 3 50 230
4 82 45 64 -3 1 0 T 0.0 0 5.8 30 270 M M 2 138 40 270
5 81 46 64 -3 1 0 T 0.0 0 4.8 16 180 M M 2 138 23 310
6 83 46 65 -3 0 0 0.00 0.0 0 4.8 12 150 M M 0 16 40
7 80 51 66 -2 0 1 T 0.0 0 8.8 29 130 M M 2 3 36 140
8 77 50 64 -4 1 0 0.00 0.0 0 7.7 16 340 M M 4 22 270
9 83 42 63 -5 2 0 0.01 0.0 0 6.1 36 170 M M 0 44 170
10 80 45 63 -6 2 0 0.06 0.0 0 6.7 21 320 M M 1 13 28 300
11 87 46 67 -2 0 2 0.00 0.0 0 5.2 12 40 M M 0 16 300
12 86 46 66 -3 0 1 T 0.0 0 6.7 22 310 M M 1 32 340
13 73 45 59 -10 6 0 0.00 0.0 0 6.4 18 330 M M 2 24 330
14 77 39 58 -12 7 0 0.00 0.0 0 5.8 14 340 M M 0 17 340
15 82 39 61 -9 4 0 0.00 0.0 0 5.5 13 320 M M 0 20 310
16 90 45 68 -2 0 3 0.00 0.0 0 5.2 12 330 M M 0 14 10
17 90 51 71 1 0 6 0.01 0.0 0 6.8 31 300 M M 1 42 300
18 83 54 69 -1 0 4 T 0.0 0 5.0 13 150 M M 2 17 340
19 84 45 65 -5 0 0 0.00 0.0 0 5.6 13 330 M M 0 18 320
20 83 49 66 -5 0 1 0.00 0.0 0 5.7 17 150 M M 1 20 150
21 89 49 69 -2 0 4 0.00 0.0 0 4.1 15 340 M M 0 18 340
22 94 50 72 1 0 7 0.00 0.0 0 5.4 15 280 M M 1 3 21 280
23 83 57 70 -1 0 5 0.50 0.0 0 7.2 28 290 M M 5 135 54 300
24 85 50 68 -3 0 3 T 0.0 0 7.0 22 250 M M 1 29 230
25 83 52 68 -3 0 3 0.00 0.0 0 5.8 13 310 M M 1 17 310
26 85 48 67 -4 0 2 0.00 0.0 0 5.0 10 190 M M 0 13 330
27 93 50 72 1 0 7 0.00 0.0 0 3.3 13 150 M M 0 15 160
28 84 56 70 -1 0 5 0.00 0.0 0 5.8 20 180 M M 2 3 26 300
29 88 56 72 1 0 7 0.00 0.0 0 5.0 26 270 M M 2 32 270
30 89 49 69 -2 0 4 0.00 0.0 0 4.7 10 160 M M 0 15 350
31 95 50 73 2 0 8 T 0.0 0 4.8 20 160 M M 0 3 24 170
================================================================================
SM 2604 1480 36 73 0.93 0.0 179.5 M 36
================================================================================
AV 84.0 47.7 5.8 FASTST M M 1 MAX(MPH)
MISC ----> 39 240 54 300
================================================================================
NOTES:
# LAST OF SEVERAL OCCURRENCES
COLUMN 17 PEAK WIND IN M.P.H.
PRELIMINARY LOCAL CLIMATOLOGICAL DATA (WS FORM: F-6) , PAGE 2
STATION: BOZEMAN/GALLATIN FIELD MT
MONTH: JULY
YEAR: 2020
LATITUDE: 45 46 N
LONGITUDE: 111 9 W
[TEMPERATURE DATA] [PRECIPITATION DATA] SYMBOLS USED IN COLUMN 16
AVERAGE MONTHLY: 65.9 TOTAL FOR MONTH: 0.93 1 = FOG OR MIST
DPTR FM NORMAL: -3.5 DPTR FM NORMAL: -0.19 2 = FOG REDUCING VISIBILITY
HIGHEST: 95 ON 31 GRTST 24HR 0.50 ON 23-23 TO 1/4 MILE OR LESS
LOWEST: 39 ON 15,14 3 = THUNDER
SNOW, ICE PELLETS, HAIL 4 = ICE PELLETS
TOTAL MONTH: 0.0 INCH 5 = HAIL
GRTST 24HR 0.0 6 = FREEZING RAIN OR DRIZZLE
GRTST DEPTH: 0 7 = DUSTSTORM OR SANDSTORM:
VSBY 1/2 MILE OR LESS
8 = SMOKE OR HAZE
[NO. OF DAYS WITH] [WEATHER - DAYS WITH] 9 = BLOWING SNOW
X = TORNADO
MAX 32 OR BELOW: 0 0.01 INCH OR MORE: 6
MAX 90 OR ABOVE: 5 0.10 INCH OR MORE: 3
MIN 32 OR BELOW: 0 0.50 INCH OR MORE: 1
MIN 0 OR BELOW: 0 1.00 INCH OR MORE: 0
[HDD (BASE 65) ]
TOTAL THIS MO. 36 CLEAR (SCALE 0-3) 28
DPTR FM NORMAL 8 PTCLDY (SCALE 4-7) 3
TOTAL FM JUL 1 36 CLOUDY (SCALE 8-10) 0
DPTR FM NORMAL 9
[CDD (BASE 65) ]
TOTAL THIS MO. 73
DPTR FM NORMAL -93 [PRESSURE DATA]
TOTAL FM JAN 1 102 HIGHEST SLP 30.21 ON 11
DPTR FM NORMAL -106 LOWEST SLP 29.56 ON 7
[REMARKS]
#FINAL-07-20#