000
CXUS52 KCAE 011400
CF6CAE
PRELIMINARY LOCAL CLIMATOLOGICAL DATA (WS FORM: F-6)
STATION: COLUMBIA METRO AIRPORT SC
MONTH: APRIL
YEAR: 2023
LATITUDE: 33 57 N
LONGITUDE: 81 7 W
TEMPERATURE IN F: :PCPN: SNOW: WIND :SUNSHINE: SKY :PK WND
================================================================================
1 2 3 4 5 6A 6B 7 8 9 10 11 12 13 14 15 16 17 18
12Z AVG MX 2MIN
DY MAX MIN AVG DEP HDD CDD WTR SNW DPTH SPD SPD DIR MIN PSBL S-S WX SPD DR
================================================================================
1 79 64 72 12 0 7 0.22 0.0 0 13.4 28 260 M M 5 138 37 250
2 74 50 62 2 3 0 0.00 0.0 0 4.4 16 290 M M 2 21 280
3 69 49 59 -2 6 0 T 0.0 0 3.8 12 80 M M 8 14 70
4 82 56 69 8 0 4 0.00 0.0 0 2.4 10 210 M M 6 128 14 210
5 89 60 75 14 0 10 0.00 0.0 0 5.8 17 180 M M 3 1 23 190
6 86 69 78 16 0 13 T 0.0 0 7.5 15 190 M M 8 13 18 220
7 83 48 66 4 0 1 0.32 0.0 0 9.5 24 10 M M 9 138 36 20
8 51 44 48 -14 17 0 2.00 0.0 0 9.7 17 60 M M 10 1 25 10
9 65 43 54 -8 11 0 0.11 0.0 0 10.6 21 50 M M 5 1 27 50
10 68 41 55 -8 10 0 0.00 0.0 0 6.9 20 50 M M 4 18 24 40
11 73 34 54 -9 11 0 0.00 0.0 0 2.3 12 60 M M 0 18 16 70
12 80 38 59 -4 6 0 0.00 0.0 M 2.2 10 110 M M 1 8 13 140
13 77 44 61 -2 4 0 0.05 0.0 0 6.8 18 130 M M 6 18 25 130
14 81 63 72 8 0 7 0.15 0.0 0 5.7 20 200 M M 8 138 27 170
15 82 55 69 5 0 4 0.00 0.0 0 6.5 23 280 M M 3 1 28 270
16 81 59 70 6 0 5 0.01 0.0 0 8.9 21 260 M M 7 1 25 270
17 73 51 62 -2 3 0 0.00 0.0 0 11.2 22 260 M M 2 28 270
18 81 43 62 -3 3 0 0.00 0.0 0 5.6 15 280 M M 0 20 250
19 87 50 69 4 0 4 0.00 0.0 0 3.5 14 200 M M 0 18 200
20 87 52 70 5 0 5 0.00 0.0 0 3.8 16 180 M M 1 8 20 180
21 83 55 69 3 0 4 0.00 0.0 M 6.2 17 170 M M 3 27 160
22 82 56 69 3 0 4 0.00 0.0 M 10.4 26 270 M M 5 1 31 260
23 78 43 61 -5 4 0 0.00 0.0 0 6.3 20 270 M M 3 25 270
24 68 53 61 -5 4 0 0.00 0.0 0 4.9 12 30 M M 8 15 20
25 73 52 63 -4 2 0 0.00 0.0 0 7.5 15 70 M M 8 19 100
26 74 58 66 -1 0 1 0.10 0.0 0 7.2 16 20 M M 9 1 22 20
27 75 58 67 0 0 2 0.10 0.0 0 8.1 15 130 M M 10 18 20 120
28 80 65 73 5 0 8 0.68 0.0 0 7.1 18 220 M M 6 1 24 220
29 83 59 71 3 0 6 0.75 0.0 0 4.9 26 190 M M 5 1 32 190
30 76 58 67 -1 0 2 0.55 0.0 0 13.7 36 270 M M 7 13 49 270
================================================================================
SM 2320 1570 84 87 5.04 0.0 206.8 M 152
================================================================================
AV 77.3 52.3 6.9 FASTST M M 5 MAX(MPH)
MISC ----> 36 270 49 270
================================================================================
NOTES:
# LAST OF SEVERAL OCCURRENCES
COLUMN 17 PEAK WIND IN M.P.H.
PRELIMINARY LOCAL CLIMATOLOGICAL DATA (WS FORM: F-6) , PAGE 2
STATION: COLUMBIA METRO AIRPORT SC
MONTH: APRIL
YEAR: 2023
LATITUDE: 33 57 N
LONGITUDE: 81 7 W
[TEMPERATURE DATA] [PRECIPITATION DATA] SYMBOLS USED IN COLUMN 16
AVERAGE MONTHLY: 64.8 TOTAL FOR MONTH: 5.04 1 = FOG OR MIST
DPTR FM NORMAL: 0.7 DPTR FM NORMAL: 2.21 2 = FOG REDUCING VISIBILITY
HIGHEST: 89 ON 5 GRTST 24HR 2.10 ON 8- 9 TO 1/4 MILE OR LESS
LOWEST: 34 ON 11 3 = THUNDER
SNOW, ICE PELLETS, HAIL 4 = ICE PELLETS
TOTAL MONTH: 0.0 INCH 5 = HAIL
GRTST 24HR 0.0 6 = FREEZING RAIN OR DRIZZLE
GRTST DEPTH: 0 7 = DUSTSTORM OR SANDSTORM:
VSBY 1/2 MILE OR LESS
8 = SMOKE OR HAZE
[NO. OF DAYS WITH] [WEATHER - DAYS WITH] 9 = BLOWING SNOW
X = TORNADO
MAX 32 OR BELOW: 0 0.01 INCH OR MORE: 12
MAX 90 OR ABOVE: 0 0.10 INCH OR MORE: 10
MIN 32 OR BELOW: 0 0.50 INCH OR MORE: 4
MIN 0 OR BELOW: 0 1.00 INCH OR MORE: 1
[HDD (BASE 65) ]
TOTAL THIS MO. 84 CLEAR (SCALE 0-3) 9
DPTR FM NORMAL -25 PTCLDY (SCALE 4-7) 17
TOTAL FM JUL 1 1943 CLOUDY (SCALE 8-10) 4
DPTR FM NORMAL -512
[CDD (BASE 65) ]
TOTAL THIS MO. 87
DPTR FM NORMAL 5 [PRESSURE DATA]
TOTAL FM JAN 1 145 HIGHEST SLP 30.44 ON 10
DPTR FM NORMAL 36 LOWEST SLP 29.33 ON 30
[REMARKS]
#FINAL-04-23#