000
CXUS51 KCLE 021828
CLSCAK
CLIMATE REPORT
NATIONAL WEATHER SERVICE CLEVELAND, OH
228 PM EDT THU JUN 02 2022
...................................
...THE AKRON CANTON OH CLIMATE SUMMARY FOR THE SEASON, FROM
3/1/2022 TO 5/31/2022...
CLIMATE NORMAL PERIOD 1991 TO 2020
CLIMATE RECORD PERIOD 1887 TO 2022
WEATHER OBSERVED NORMAL DEPART
VALUE DATE(S) VALUE FROM
NORMAL
................................................
TEMPERATURE (F)
RECORD
HIGH 94 05/31/1895
LOW -6 03/12/1948
HIGHEST 90 05/31
LOWEST 10 03/13
AVG. MAXIMUM 62.1 60.8 1.3
AVG. MINIMUM 42.5 39.8 2.7
MEAN 52.3 50.3 2.0
DAYS MAX >= 90 1 0.4
DAYS MAX <= 32 3 4.0
DAYS MIN <= 32 21 28.6
DAYS MIN <= 0 0 0.0
PRECIPITATION (INCHES)
RECORD
MAXIMUM 18.18 1964
MINIMUM 4.26 1915
TOTALS 12.71 11.22 1.49
DAYS >= .01 54 42.9
DAYS >= .10 30 25.4
DAYS >= .50 7 6.7
DAYS >= 1.00 1 2.1
SNOWFALL (INCHES)
RECORDS
TOTAL 30.7 1987
TOTALS 8.0 9.3
DAYS >= TRACE 20
DAYS >= 1.0 2 3.3
DEGREE DAYS
HEATING TOTAL 1257 1422 -165
COOLING TOTAL 113 73 40
................................................
WIND (MPH)
HIGHEST GUST SPEED/DIRECTION 49/320 DATE 03/07
SKY COVER
POSSIBLE SUNSHINE (PERCENT) MM
NUMBER OF DAYS FAIR 8
NUMBER OF DAYS PC 42
NUMBER OF DAYS CLOUDY 42
WEATHER CONDITIONS. NUMBER OF DAYS WITH
THUNDERSTORM 9 MIXED PRECIP 0
HEAVY RAIN 5 RAIN 14
LIGHT RAIN 51 FREEZING RAIN 0
LT FREEZING RAIN 0 HAIL 2
HEAVY SNOW 2 SNOW 4
LIGHT SNOW 18 SLEET 1
FOG 44 FOG W/VIS <= 1/4 MILE 3
HAZE 23
- INDICATES NEGATIVE NUMBERS.
R INDICATES RECORD WAS SET OR TIED.
MM INDICATES DATA IS MISSING.
T INDICATES TRACE AMOUNT.
$$