000
CXUS55 KABQ 011149
CF6CAO
PRELIMINARY LOCAL CLIMATOLOGICAL DATA (WS FORM: F-6)
STATION: CLAYTON NM
MONTH: APRIL
YEAR: 2022
LATITUDE: 36 27 N
LONGITUDE: 103 9 W
TEMPERATURE IN F: :PCPN: SNOW: WIND :SUNSHINE: SKY :PK WND
================================================================================
1 2 3 4 5 6A 6B 7 8 9 10 11 12 13 14 15 16 17 18
12Z AVG MX 2MIN
DY MAX MIN AVG DEP HDD CDD WTR SNW DPTH SPD SPD DIR MIN PSBL S-S WX SPD DR
================================================================================
1 57 34 46 -3 19 0 T 0.0 0 11.8 29 210 M M 3 37 210
2 73 29 51 2 14 0 0.00 0.0 0 14.1 29 200 M M 0 37 190
3 64 38 51 2 14 0 0.00 0.0 0 16.1 30 10 M M 0 43 40
4 63 37 50 0 15 0 0.00 0.0 0 10.4 21 180 M M 1 28 170
5 84 36 60 10 5 0 0.00 0.0 0 16.3 33 40 M M 0 41 40
6 57 28 43 -7 22 0 0.00 0.0 0 12.8 25 360 M M 3 36 350
7 55 26 41 -9 24 0 0.00 0.0 0 13.7 26 350 M M 0 35 330
8 68 30 49 -1 16 0 0.00 0.0 0 9.4 20 360 M M 0 26 310
9 83 42 63 13 2 0 0.00 0.0 0 14.6 25 280 M M 0 39 280
10 75 42 59 8 6 0 0.00 0.0 0 16.5 33 40 M M 0 49 250
11 71 32 52 1 13 0 0.00 0.0 0 17.2 37 200 M M 2 50 180
12 76 40 58 7 7 0 0.00 0.0 0 24.0 49 250 M M 1 8 70 210
13 54 24 39 -12 26 0 0.00 0.0 0 13.8 41 270 M M 2 57 280
14 68 20 44 -8 21 0 0.00 0.0 0 12.5 30 200 M M 0 41 200
15 79 34 57 5 8 0 0.00 0.0 0 13.3 30 70 M M 0 42 250
16 55 28 42 -10 23 0 0.00 0.0 0 12.4 21 150 M M 0 29 80
17 74 28 51 -1 14 0 0.00 0.0 0 12.8 24 140 M M 0 36 140
18 65 37 51 -1 14 0 0.00 0.0 0 16.6 31 170 M M 0 38 170
19 77 41 59 6 6 0 0.00 0.0 0 19.5 36 210 M M 1 45 200
20 78 48 63 10 2 0 0.00 0.0 0 12.7 28 140 M M 0 36 140
21 85 43 64 11 1 0 0.00 0.0 0 13.2 30 210 M M 0 43 190
22 88 49 69 16 0 4 0.00 0.0 0 29.4 53 180 M M 5 8 68 180
23 71 42 57 3 8 0 0.00 0.0 0 18.0 33 270 M M 2 51 220
24 62 32 47 -7 18 0 T 0.0 0 11.0 23 360 M M 3 32 30
25 58 34 46 -8 19 0 0.00 0.0 0 10.5 22 40 M M 5 28 40
26 71 34 53 -1 12 0 0.00 0.0 0 21.2 38 200 M M 0 50 230
27 83 48 66 11 0 1 T 0.0 0 15.5 38 340 M M 1 3 50 340
28 83 43 63 8 2 0 0.00 0.0 0 9.2 29 200 M M 1 12 39 200
29 82 46 64 9 1 0 0.00 0.0 0 17.0 35 290 M M 0 8 55 360
30 71 44 58 2 7 0 0.00 0.0 0 12.0 24 180 M M 0 37 170
================================================================================
SM 2130 1089 339 5 T 0.0 447.5 M 30
================================================================================
AV 71.0 36.3 14.9 FASTST M M 1 MAX(MPH)
MISC ----> 53 180 70 210
================================================================================
NOTES:
# LAST OF SEVERAL OCCURRENCES
COLUMN 17 PEAK WIND IN M.P.H.
PRELIMINARY LOCAL CLIMATOLOGICAL DATA (WS FORM: F-6) , PAGE 2
STATION: CLAYTON NM
MONTH: APRIL
YEAR: 2022
LATITUDE: 36 27 N
LONGITUDE: 103 9 W
[TEMPERATURE DATA] [PRECIPITATION DATA] SYMBOLS USED IN COLUMN 16
AVERAGE MONTHLY: 53.7 TOTAL FOR MONTH: T 1 = FOG OR MIST
DPTR FM NORMAL: 1.7 DPTR FM NORMAL: -1.12 2 = FOG REDUCING VISIBILITY
HIGHEST: 88 ON 22 GRTST 24HR T ON 1- 1 TO 1/4 MILE OR LESS
LOWEST: 20 ON 14 3 = THUNDER
SNOW, ICE PELLETS, HAIL 4 = ICE PELLETS
TOTAL MONTH: 0.0 INCH 5 = HAIL
GRTST 24HR 0.0 6 = FREEZING RAIN OR DRIZZLE
GRTST DEPTH: 0 7 = DUSTSTORM OR SANDSTORM:
VSBY 1/2 MILE OR LESS
8 = SMOKE OR HAZE
[NO. OF DAYS WITH] [WEATHER - DAYS WITH] 9 = BLOWING SNOW
X = TORNADO
MAX 32 OR BELOW: 0 0.01 INCH OR MORE: 0
MAX 90 OR ABOVE: 0 0.10 INCH OR MORE: 0
MIN 32 OR BELOW: 10 0.50 INCH OR MORE: 0
MIN 0 OR BELOW: 0 1.00 INCH OR MORE: 0
[HDD (BASE 65) ]
TOTAL THIS MO. 339 CLEAR (SCALE 0-3) 28
DPTR FM NORMAL -55 PTCLDY (SCALE 4-7) 2
TOTAL FM JUL 1 4234 CLOUDY (SCALE 8-10) 0
DPTR FM NORMAL -435
[CDD (BASE 65) ]
TOTAL THIS MO. 5
DPTR FM NORMAL 0 [PRESSURE DATA]
TOTAL FM JAN 1 5 HIGHEST SLP 30.37 ON 7
DPTR FM NORMAL -1 LOWEST SLP 29.22 ON 12
[REMARKS]
#FINAL-04-22#