000
CXUS55 KABQ 011248
CF6CAO
PRELIMINARY LOCAL CLIMATOLOGICAL DATA (WS FORM: F-6)
STATION: CLAYTON NM
MONTH: MAY
YEAR: 2021
LATITUDE: 36 27 N
LONGITUDE: 103 9 W
TEMPERATURE IN F: :PCPN: SNOW: WIND :SUNSHINE: SKY :PK WND
================================================================================
1 2 3 4 5 6A 6B 7 8 9 10 11 12 13 14 15 16 17 18
12Z AVG MX 2MIN
DY MAX MIN AVG DEP HDD CDD WTR SNW DPTH SPD SPD DIR MIN PSBL S-S WX SPD DR
================================================================================
1 80 45 63 7 2 0 0.00 0.0 0 14.8 23 200 M M 0 31 200
2 87 51 69 13 0 4 0.00 0.0 0 15.5 35 30 M M 0 43 40
3 53 40 47 -10 18 0 0.48 0.0 0 20.2 29 360 M M 8 13 37 350
4 59 38 49 -8 16 0 0.00 0.0 0 9.8 22 190 M M 5 28 180
5 71 41 56 -1 9 0 T 0.0 0 8.6 30 30 M M 2 39 40
6 74 40 57 -1 8 0 0.00 0.0 0 11.5 22 170 M M 0 37 170
7 86 51 69 11 0 4 0.00 0.0 0 17.3 38 250 M M 0 3 54 250
8 85 51 68 10 0 3 0.00 0.0 0 18.4 38 20 M M 0 53 20
9 62 42 52 -7 13 0 0.01 0.0 0 13.5 28 40 M M 5 33 40
10 48 38 43 -16 22 0 0.04 0.0 0 11.7 18 120 M M 10 1 24 120
11 43 38 41 -19 24 0 0.17 0.0 0 11.5 17 70 M M 10 12 24 40
12 50 39 45 -15 20 0 0.02 0.0 0 8.5 18 190 M M 10 1 26 180
13 68 43 56 -4 9 0 0.00 0.0 0 16.8 29 200 M M 5 3 41 200
14 82 46 64 3 1 0 T 0.0 0 14.5 26 170 M M 1 3 35 160
15 78 49 64 3 1 0 0.38 0.0 0 11.4 40 320 M M 3 13 57 300
16 73 51 62 0 3 0 0.08 0.0 0 12.2 38 320 M M 4 3 52 310
17 69 44 57 -5 8 0 0.53 0.0 0 12.7 37 240 M M 5 13 52 240
18 62 42 52 -10 13 0 0.00 0.0 0 9.3 26 120 M M 1 34 120
19 68 41 55 -8 10 0 0.00 0.0 0 6.7 18 130 M M 2 22 140
20 82 46 64 1 1 0 0.00 0.0 0 16.1 31 160 M M 2 1 40 160
21 82 55 69 6 0 4 T 0.0 0 23.6 41 160 M M 1 3 53 160
22 72 61 67 3 0 2 0.00 0.0 0 21.0 33 160 M M 5 1 42 160
23 82 59 71 7 0 6 0.02 0.0 0 23.7 36 150 M M 7 3 47 180
24 84 55 70 6 0 5 0.00 0.0 0 15.7 26 190 M M 3 36 200
25 81 54 68 3 0 3 0.00 0.0 0 10.2 21 230 M M 1 30 240
26 85 59 72 7 0 7 0.00 0.0 0 11.9 29 190 M M 3 1 39 190
27 81 53 67 1 0 2 0.00 0.0 0 10.6 22 10 M M 0 29 340
28 69 50 60 -6 5 0 0.00 0.0 0 8.3 20 190 M M 5 18 28 200
29 80 47 64 -2 1 0 T 0.0 0 19.7 47 170 M M 4 12 60 170
30 74 51 63 -4 2 0 0.01 0.0 0 15.4 35 210 M M 8 3 47 200
31 62 50 56 -11 9 0 T 0.0 0 10.5 23 20 M M 10 1 28 30
================================================================================
SM 2232 1470 195 40 1.74 0.0 431.6 M 120
================================================================================
AV 72.0 47.4 13.9 FASTST M M 4 MAX(MPH)
MISC ----> 47 170 60 170
================================================================================
NOTES:
# LAST OF SEVERAL OCCURRENCES
COLUMN 17 PEAK WIND IN M.P.H.
PRELIMINARY LOCAL CLIMATOLOGICAL DATA (WS FORM: F-6) , PAGE 2
STATION: CLAYTON NM
MONTH: MAY
YEAR: 2021
LATITUDE: 36 27 N
LONGITUDE: 103 9 W
[TEMPERATURE DATA] [PRECIPITATION DATA] SYMBOLS USED IN COLUMN 16
AVERAGE MONTHLY: 59.7 TOTAL FOR MONTH: 1.74 1 = FOG OR MIST
DPTR FM NORMAL: -1.8 DPTR FM NORMAL: -0.11 2 = FOG REDUCING VISIBILITY
HIGHEST: 87 ON 2 GRTST 24HR 0.54 ON 16-17 TO 1/4 MILE OR LESS
LOWEST: 38 ON 11,10 3 = THUNDER
SNOW, ICE PELLETS, HAIL 4 = ICE PELLETS
TOTAL MONTH: 0.0 INCH 5 = HAIL
GRTST 24HR 0.0 6 = FREEZING RAIN OR DRIZZLE
GRTST DEPTH: 0 7 = DUSTSTORM OR SANDSTORM:
VSBY 1/2 MILE OR LESS
8 = SMOKE OR HAZE
[NO. OF DAYS WITH] [WEATHER - DAYS WITH] 9 = BLOWING SNOW
X = TORNADO
MAX 32 OR BELOW: 0 0.01 INCH OR MORE: 10
MAX 90 OR ABOVE: 0 0.10 INCH OR MORE: 4
MIN 32 OR BELOW: 0 0.50 INCH OR MORE: 1
MIN 0 OR BELOW: 0 1.00 INCH OR MORE: 0
[HDD (BASE 65) ]
TOTAL THIS MO. 195 CLEAR (SCALE 0-3) 16
DPTR FM NORMAL 34 PTCLDY (SCALE 4-7) 9
TOTAL FM JUL 1 5086 CLOUDY (SCALE 8-10) 6
DPTR FM NORMAL 255
[CDD (BASE 65) ]
TOTAL THIS MO. 40
DPTR FM NORMAL -13 [PRESSURE DATA]
TOTAL FM JAN 1 44 HIGHEST SLP 30.37 ON 12
DPTR FM NORMAL -15 LOWEST SLP 29.24 ON 2
[REMARKS]
#FINAL-05-21#