000
CXUS51 KCAR 010600
CF6CAR
PRELIMINARY LOCAL CLIMATOLOGICAL DATA (WS FORM: F-6)
STATION: CARIBOU ME
MONTH: JUNE
YEAR: 2021
LATITUDE: 46 52 N
LONGITUDE: 68 1 W
TEMPERATURE IN F: :PCPN: SNOW: WIND :SUNSHINE: SKY :PK WND
================================================================================
1 2 3 4 5 6A 6B 7 8 9 10 11 12 13 14 15 16 17 18
12Z AVG MX 2MIN
DY MAX MIN AVG DEP HDD CDD WTR SNW DPTH SPD SPD DIR MIN PSBL S-S WX SPD DR
================================================================================
1 73 45 59 2 6 0 0.01 0.0 0 7.1 16 250 M M 5 23 260
2 78 47 63 5 2 0 0.00 0.0 0 5.5 16 310 M M 2 26 250
3 71 49 60 2 5 0 0.07 0.0 0 6.1 17 180 M M 7 25 200
4 80 58 69 11 0 4 0.00 0.0 0 6.6 18 250 M M 3 24 250
5 78 55 67 9 0 2 0.05 0.0 0 8.5 23 230 M M 4 37 240
6 78 55 67 8 0 2 0.00 0.0 0 4.6 12 260 M M 4 15 330
7 92 64 78 19 0 13 0.00 0.0 0 10.1 24 250 M M 1 32 260
8 92 67 80 21 0 15 0.01 0.0 0 8.1 16 300 M M 2 24 330
9 76 56 66 6 0 1 0.00 0.0 0 9.4 18 330 M M 3 28 330
10 64 43 54 -6 11 0 0.00 0.0 0 9.6 23 360 M M 0 30 10
11 69 38 54 -6 11 0 T 0.0 0 3.8 14 20 M M 5 17 20
12 76 43 60 0 5 0 0.00 0.0 0 5.1 18 330 M M 1 27 350
13 74 44 59 -2 6 0 0.00 0.0 0 5.5 13 10 M M 0 19 320
14 79 47 63 2 2 0 0.00 0.0 0 9.9 24 190 M M 4 33 180
15 70 57 64 3 1 0 0.70 0.0 0 6.5 18 170 M M 10 13 25 170
16 68 48 58 -4 7 0 0.02 0.0 0 8.1 16 260 M M 6 25 280
17 66 45 56 -6 9 0 0.04 0.0 0 6.7 15 250 M M 7 21 250
18 82 47 65 3 0 0 0.00 0.0 0 6.6 17 240 M M 1 26 210
19 75 55 65 3 0 0 0.51 0.0 0 7.3 22 310 M M 8 1358 33 300
20 77 55 66 3 0 1 0.00 0.0 0 3.8 9 10 M M 4 17 180
21 84 57 71 8 0 6 0.83 0.0 0 7.7 28 220 M M 4 13 44 230
22 78 51 65 2 0 0 0.31 0.0 0 8.2 17 360 M M 9 1 24 270
23 68 47 58 -5 7 0 T 0.0 0 7.4 16 300 M M 3 23 60
24 77 45 61 -3 4 0 0.00 0.0 0 8.4 18 180 M M 0 28 190
25 77 51 64 0 1 0 0.00 0.0 0 10.4 18 160 M M 3 1 24 160
26 69 62 66 2 0 1 0.42 0.0 0 6.9 15 170 M M 10 1 19 170
27 85 69 77 13 0 12 0.09 0.0 0 9.0 17 240 M M 5 1 24 200
28 83 66 75 10 0 10 0.02 0.0 0 2.5 10 260 M M 7 1 15 250
29 87 64 76 11 0 11 0.03 0.0 0 3.5 13 340 M M 6 19 340
30 75 65 70 5 0 5 0.30 0.0 0 3.3 9 10 M M 9 13 13 10
================================================================================
SM 2301 1595 77 83 3.41 0.0 206.2 M 133
================================================================================
AV 76.7 53.2 6.9 FASTST M M 4 MAX(MPH)
MISC ----> 28 220 44 230
================================================================================
NOTES:
# LAST OF SEVERAL OCCURRENCES
COLUMN 17 PEAK WIND IN M.P.H.
PRELIMINARY LOCAL CLIMATOLOGICAL DATA (WS FORM: F-6) , PAGE 2
STATION: CARIBOU ME
MONTH: JUNE
YEAR: 2021
LATITUDE: 46 52 N
LONGITUDE: 68 1 W
[TEMPERATURE DATA] [PRECIPITATION DATA] SYMBOLS USED IN COLUMN 16
AVERAGE MONTHLY: 64.9 TOTAL FOR MONTH: 3.41 1 = FOG OR MIST
DPTR FM NORMAL: 3.5 DPTR FM NORMAL: -0.48 2 = FOG REDUCING VISIBILITY
HIGHEST: 92 ON 8, 7 GRTST 24HR 0.90 ON 21-22 TO 1/4 MILE OR LESS
LOWEST: 38 ON 11 3 = THUNDER
SNOW, ICE PELLETS, HAIL 4 = ICE PELLETS
TOTAL MONTH: 0.0 INCH 5 = HAIL
GRTST 24HR 0.0 6 = FREEZING RAIN OR DRIZZLE
GRTST DEPTH: 0 7 = DUSTSTORM OR SANDSTORM:
VSBY 1/2 MILE OR LESS
8 = SMOKE OR HAZE
[NO. OF DAYS WITH] [WEATHER - DAYS WITH] 9 = BLOWING SNOW
X = TORNADO
MAX 32 OR BELOW: 0 0.01 INCH OR MORE: 15
MAX 90 OR ABOVE: 2 0.10 INCH OR MORE: 6
MIN 32 OR BELOW: 0 0.50 INCH OR MORE: 3
MIN 0 OR BELOW: 0 1.00 INCH OR MORE: 0
[HDD (BASE 65) ]
TOTAL THIS MO. 77 CLEAR (SCALE 0-3) 11
DPTR FM NORMAL -71 PTCLDY (SCALE 4-7) 15
TOTAL FM JUL 1 8085 CLOUDY (SCALE 8-10) 4
DPTR FM NORMAL -963
[CDD (BASE 65) ]
TOTAL THIS MO. 83
DPTR FM NORMAL 45 [PRESSURE DATA]
TOTAL FM JAN 1 106 HIGHEST SLP 30.38 ON 24
DPTR FM NORMAL 62 LOWEST SLP 29.47 ON 19
[REMARKS]
#FINAL-06-21#