496
CXUS51 KCAR 080129
CLSCAR
CLIMATE REPORT
NATIONAL WEATHER SERVICE CARIBOU ME
829 PM EST MON DEC 07 2020
...................................
...THE CARIBOU ME CLIMATE SUMMARY FOR THE SEASON, FROM
9/1/2020 TO 11/30/2020...
CLIMATE NORMAL PERIOD: 1981 TO 2010
CLIMATE RECORD PERIOD: 1939 TO 2020
WEATHER OBSERVED NORMAL DEPART LAST YEAR`S
VALUE DATE(S) VALUE FROM VALUE DATE(S)
NORMAL
................................................................
TEMPERATURE (F)
RECORD
HIGH 92 09/01/2010
LOW -8 11/30/1995
HIGHEST 75 11/10 MM MM MM
LOWEST 12 11/25 MM MM MM
AVG. MAXIMUM 48.5 51.9 -3.4 MM
AVG. MINIMUM 31.7 34.6 -2.9 MM
MEAN 40.1 43.3 -3.2 MM
DAYS MAX >= 90 0 0.1 -0.1 MM
DAYS MAX <= 32 6 8.1 -2.1 MM
DAYS MIN <= 32 34 38.0 -4.0 MM
DAYS MIN <= 0 0 0.2 -0.2 MM
PRECIPITATION (INCHES)
RECORD
MAXIMUM 19.03 2008
MINIMUM 4.65 1955
TOTALS 10.90 10.48 0.42 MM
DAILY AVG. 0.18 0.12 0.06 MM
DAYS >= .01 29 39.2 -10.2 MM
DAYS >= .10 20 22.4 -2.4 MM
DAYS >= .50 7 6.7 0.3 MM
DAYS >= 1.00 2 2.0 0.0 MM
GREATEST
24 HR. TOTAL 2.45 MM
SNOWFALL (INCHES)
RECORDS
TOTAL 35.3 1974
TOTALS 8.1 12.2 -4.1 MM
SINCE 7/1 8.1 12.2 -4.1 MM
SNOWDEPTH AVG. T MM
DAYS >= 1.0 4 3.1 0.9 MM
GREATEST
SNOW DEPTH 4 11/26 MM
24 HR TOTAL 6.6 MM
DEGREE DAYS
HEATING TOTAL 1497 1991 -494 MM
SINCE 7/1 1577 2145 -568 MM
COOLING TOTAL 0 11 -11 MM
SINCE 1/1 455 180 275 MM
................................................................
WIND (MPH)
AVERAGE WIND SPEED 7.1
HIGHEST WIND SPEED/DIRECTION 30/310 DATE 10/08
HIGHEST GUST SPEED/DIRECTION 42/310 DATE 10/08
SKY COVER
POSSIBLE SUNSHINE (PERCENT) MM
AVERAGE SKY COVER 0.57
NUMBER OF DAYS FAIR 19
NUMBER OF DAYS PC 20
NUMBER OF DAYS CLOUDY 22
AVERAGE RH (PERCENT) 70
WEATHER CONDITIONS. NUMBER OF DAYS WITH
THUNDERSTORM 1 MIXED PRECIP 0
HEAVY RAIN 8 RAIN 15
LIGHT RAIN 30 FREEZING RAIN 1
LT FREEZING RAIN 1 HAIL 0
HEAVY SNOW 1 SNOW 3
LIGHT SNOW 15 SLEET 0
FOG 32 FOG W/VIS <= 1/4 MILE 4
HAZE 2
- INDICATES NEGATIVE NUMBERS.
* INDICATES RECORD WAS SET OR TIED.
MM INDICATES DATA IS MISSING.
T INDICATES TRACE AMOUNT.
$$