000
CXUS54 KLZK 011330
CF6CCA
PRELIMINARY LOCAL CLIMATOLOGICAL DATA (WS FORM: F-6)
STATION: CLINTON
MONTH: DECEMBER
YEAR: 2022
LATITUDE: 35 32 N
LONGITUDE: 92 22 W
TEMPERATURE IN F: :PCPN: SNOW: WIND :SUNSHINE: SKY :PK WND
================================================================================
1 2 3 4 5 6A 6B 7 8 9 10 11 12 13 14 15 16 17 18
12Z AVG MX 2MIN
DY MAX MIN AVG DEP HDD CDD WTR SNW DPTH SPD SPD DIR MIN PSBL S-S WX SPD DR
================================================================================
1 50 23 37 M 28 0 M M M 2.0 7 140 M M 3 14 99
2 50 39 45 M 20 0 M M M 1.4 6 150 M M 10 1 M M
3 54 28 41 M 24 0 M M M 4.4 12 330 M M 3 12 22 330
4 39 27 33 M 32 0 M M M 0.4 6 240 M M 7 M M
5 48 39 44 M 21 0 M M M 0.0 M M M M 10 1 M M
6 61 48 55 M 10 0 M M M 0.1 3 290 M M 10 12 M M
7 59 54 57 M 8 0 M M M 0.3 5 100 M M 10 12 M M
8 59 52 56 M 9 0 M M M 0.4 9 300 M M 10 12 M M
9 66 45 56 M 9 0 M M M 1.1 7 310 M M 3 128 13 99
10 50 45 48 M 17 0 M M M 1.0 9 110 M M 10 16 110
11 52 46 49 M 16 0 M M M 0.9 5 99 M M 10 M M
12 46 43 45 M 20 0 M M M 2.1 7 100 M M 10 1 M M
13 59 43 51 M 14 0 M M M 1.9 8 140 M M 10 12 13 140
14 59 32 46 M 19 0 M M M 3.5 9 240 M M 5 12 23 300
15 46 27 37 M 28 0 M M M 4.5 15 240 M M 0 23 230
16 46 23 35 M 30 0 M M M 3.9 17 230 M M 1 22 230
17 46 19 33 M 32 0 M M M 2.6 13 280 M M 1 28 250
18 50 18 34 M 31 0 M M M 0.7 7 230 M M 0 M M
19 43 28 36 M 29 0 M M M 1.4 7 99 M M 8 12 99
20 52 27 40 M 25 0 M M M 1.9 7 99 M M 6 18 99
21 48 25 37 M 28 0 M M M 1.0 6 140 M M 3 12 0
22 43 0 22 M 43 0 M M M 6.2 17 310 M M 9 1 37 330
23 19 0 10 M 55 0 M M M 9.5 16 310 M M 0 24 310
24 34 3 19 M 46 0 M M M 2.4 10 300 M M 3 15 300
25 37 14 26 M 39 0 M M M 1.3 8 210 M M 2 M M
26 48 25 37 M 28 0 M M M 3.2 12 340 M M 10 24 330
27 41 16 29 M 36 0 M M M 1.3 6 99 M M 1 13 99
28 61 18 40 M 25 0 M M M 3.6 16 200 M M 3 25 200
29 68 46 57 M 8 0 M M M 5.8 10 140 M M 9 16 150
30 59 39 49 M 16 0 M M M 1.4 10 300 M M 7 2 M M
31 57 39 48 M 17 0 M M M 1.2 6 90 M M 8 M M
================================================================================
SM 1550 931 763 0 M M 71.5 M 182
================================================================================
AV 50.0 30.0 2.3 FASTST M M 6 MAX(MPH)
MISC ----> # 17 230 37 330
================================================================================
NOTES:
# LAST OF SEVERAL OCCURRENCES
COLUMN 17 PEAK WIND IN M.P.H.
PRELIMINARY LOCAL CLIMATOLOGICAL DATA (WS FORM: F-6) , PAGE 2
STATION: CLINTON
MONTH: DECEMBER
YEAR: 2022
LATITUDE: 35 32 N
LONGITUDE: 92 22 W
[TEMPERATURE DATA] [PRECIPITATION DATA] SYMBOLS USED IN COLUMN 16
AVERAGE MONTHLY: 40.0 TOTAL FOR MONTH: M 1 = FOG OR MIST
DPTR FM NORMAL: 0.0 DPTR FM NORMAL: M 2 = FOG REDUCING VISIBILITY
HIGHEST: 68 ON 29 GRTST 24HR M ON M TO 1/4 MILE OR LESS
LOWEST: 0 ON 23,22 3 = THUNDER
SNOW, ICE PELLETS, HAIL 4 = ICE PELLETS
TOTAL MONTH: M 5 = HAIL
GRTST 24HR M ON M 6 = FREEZING RAIN OR DRIZZLE
GRTST DEPTH: M ON M 7 = DUSTSTORM OR SANDSTORM:
VSBY 1/2 MILE OR LESS
8 = SMOKE OR HAZE
[NO. OF DAYS WITH] [WEATHER - DAYS WITH] 9 = BLOWING SNOW
X = TORNADO
MAX 32 OR BELOW: 1 0.01 INCH OR MORE: 0
MAX 90 OR ABOVE: 0 0.10 INCH OR MORE: 0
MIN 32 OR BELOW: 18 0.50 INCH OR MORE: 0
MIN 0 OR BELOW: 2 1.00 INCH OR MORE: 0
[HDD (BASE 65) ]
TOTAL THIS MO. 763 CLEAR (SCALE 0-3) 11
DPTR FM NORMAL M PTCLDY (SCALE 4-7) 6
TOTAL FM JUL 1 1484 CLOUDY (SCALE 8-10) 14
DPTR FM NORMAL M
[CDD (BASE 65) ]
TOTAL THIS MO. 0
DPTR FM NORMAL M [PRESSURE DATA]
TOTAL FM JAN 1 1859 HIGHEST SLP M ON M
DPTR FM NORMAL M LOWEST SLP M ON M
[REMARKS]
#FINAL-12-22#