000
CXUS54 KLZK 011331
CF6CCA
PRELIMINARY LOCAL CLIMATOLOGICAL DATA (WS FORM: F-6)
STATION: CLINTON
MONTH: DECEMBER
YEAR: 2023
LATITUDE: 35 32 N
LONGITUDE: 92 22 W
TEMPERATURE IN F: :PCPN: SNOW: WIND :SUNSHINE: SKY :PK WND
================================================================================
1 2 3 4 5 6A 6B 7 8 9 10 11 12 13 14 15 16 17 18
12Z AVG MX 2MIN
DY MAX MIN AVG DEP HDD CDD WTR SNW DPTH SPD SPD DIR MIN PSBL S-S WX SPD DR
================================================================================
1 59 37 48 M 17 0 M M M 3.3 14 220 M M 7 12 20 260
2 52 34 43 M 22 0 M M M 0.1 3 99 M M 7 12 M M
3 61 36 49 M 16 0 M M M 0.8 7 200 M M 5 12 13 99
4 57 30 44 M 21 0 M M M 3.8 13 310 M M 1 1 23 310
5 61 28 45 M 20 0 M M M 3.6 16 300 M M 0 30 320
6 54 25 40 M 25 0 M M M 0.8 6 170 M M 0 M M
7 61 28 45 M 20 0 M M M 2.0 7 170 M M 1 1 17 130
8 64 43 54 M 11 0 M M M 4.4 8 180 M M 10 16 99
9 64 45 55 M 10 0 M M M 6.9 15 300 M M 4 12 35 330
10 54 27 41 M 24 0 M M M 4.2 12 310 M M 0 20 290
11 55 21 38 M 27 0 M M M 1.2 9 210 M M 0 14 99
12 61 25 43 M 22 0 M M M 0.3 5 120 M M 0 M M
13 59 28 44 M 21 0 M M M 1.4 8 100 M M 0 12 110
14 63 28 46 M 19 0 M M M 0.7 5 110 M M 0 12 99
15 59 28 44 M 21 0 M M M 1.3 6 80 M M 4 M M
16 55 32 44 M 21 0 M M M 3.6 14 310 M M 8 1 20 310
17 61 27 44 M 21 0 M M M 1.6 10 320 M M 0 1 17 300
18 52 27 40 M 25 0 M M M 4.9 14 330 M M 0 24 330
19 46 19 33 M 32 0 M M M 1.8 9 190 M M 0 12 99
20 54 27 41 M 24 0 M M M 0.9 8 150 M M 1 1 12 150
21 54 28 41 M 24 0 M M M 0.0 M M M M 5 1 M M
22 63 43 53 M 12 0 M M M 1.0 6 170 M M 10 12 13 99
23 63 54 59 M 6 0 M M M 1.3 8 170 M M 9 1 M M
24 61 55 58 M 7 0 M M M 4.5 9 90 M M 9 17 110
25 57 32 45 M 20 0 M M M 6.9 14 240 M M 9 1 20 240
26 50 27 39 M 26 0 M M M 1.6 10 160 M M 4 2 15 160
27 45 32 39 M 26 0 M M M 4.0 16 330 M M 9 25 330
28 43 28 36 M 29 0 M M M 4.8 12 300 M M 8 17 310
29 41 27 34 M 31 0 M M M 1.5 9 290 M M 8 13 290
30 54 23 39 M 26 0 M M M 1.6 9 220 M M 0 13 99
31 57 25 41 M 24 0 M M M 3.1 9 350 M M 1 16 99
================================================================================
SM 1740 969 650 0 M M 78.1 M 120
================================================================================
AV 56.1 31.3 2.5 FASTST M M 4 MAX(MPH)
MISC ----> # 16 330 35 330
================================================================================
NOTES:
# LAST OF SEVERAL OCCURRENCES
COLUMN 17 PEAK WIND IN M.P.H.
PRELIMINARY LOCAL CLIMATOLOGICAL DATA (WS FORM: F-6) , PAGE 2
STATION: CLINTON
MONTH: DECEMBER
YEAR: 2023
LATITUDE: 35 32 N
LONGITUDE: 92 22 W
[TEMPERATURE DATA] [PRECIPITATION DATA] SYMBOLS USED IN COLUMN 16
AVERAGE MONTHLY: 43.7 TOTAL FOR MONTH: M 1 = FOG OR MIST
DPTR FM NORMAL: 0.0 DPTR FM NORMAL: M 2 = FOG REDUCING VISIBILITY
HIGHEST: 64 ON 9, 8 GRTST 24HR M ON M TO 1/4 MILE OR LESS
LOWEST: 19 ON 19 3 = THUNDER
SNOW, ICE PELLETS, HAIL 4 = ICE PELLETS
TOTAL MONTH: M 5 = HAIL
GRTST 24HR M ON M 6 = FREEZING RAIN OR DRIZZLE
GRTST DEPTH: M ON M 7 = DUSTSTORM OR SANDSTORM:
VSBY 1/2 MILE OR LESS
8 = SMOKE OR HAZE
[NO. OF DAYS WITH] [WEATHER - DAYS WITH] 9 = BLOWING SNOW
X = TORNADO
MAX 32 OR BELOW: 0 0.01 INCH OR MORE: 0
MAX 90 OR ABOVE: 0 0.10 INCH OR MORE: 0
MIN 32 OR BELOW: 23 0.50 INCH OR MORE: 0
MIN 0 OR BELOW: 0 1.00 INCH OR MORE: 0
[HDD (BASE 65) ]
TOTAL THIS MO. 650 CLEAR (SCALE 0-3) 15
DPTR FM NORMAL M PTCLDY (SCALE 4-7) 9
TOTAL FM JUL 1 1269 CLOUDY (SCALE 8-10) 7
DPTR FM NORMAL M
[CDD (BASE 65) ]
TOTAL THIS MO. 0
DPTR FM NORMAL M [PRESSURE DATA]
TOTAL FM JAN 1 1848 HIGHEST SLP M ON M
DPTR FM NORMAL M LOWEST SLP M ON M
[REMARKS]
#FINAL-12-23#