000
CXUS56 KMTR 011000
CF6CCR
PRELIMINARY LOCAL CLIMATOLOGICAL DATA (WS FORM: F-6)
STATION: CONCORD AIRPORT
MONTH: DECEMBER
YEAR: 2022
LATITUDE: 37 58 N
LONGITUDE: 122 3 W
TEMPERATURE IN F: :PCPN: SNOW: WIND :SUNSHINE: SKY :PK WND
================================================================================
1 2 3 4 5 6A 6B 7 8 9 10 11 12 13 14 15 16 17 18
12Z AVG MX 2MIN
DY MAX MIN AVG DEP HDD CDD WTR SNW DPTH SPD SPD DIR MIN PSBL S-S WX SPD DR
================================================================================
1 53 38 46 -5 19 0 0.53 M M 9.2 24 170 M M 6 1 32 180
2 52 32 42 -9 23 0 0.00 M M 4.1 12 70 M M 1 16 80
3 45 39 42 -9 23 0 0.95 M M 3.9 9 360 M M 10 18 12 40
4 62 40 51 0 14 0 T M M 7.5 18 210 M M 6 1 25 220
5 61 46 54 4 11 0 0.01 M M 8.9 18 210 M M 4 21 220
6 56 41 49 -1 16 0 0.06 M M 4.0 12 60 M M 6 1 16 70
7 59 38 49 -1 16 0 0.00 M M 2.7 9 260 M M 2 11 250
8 57 38 48 -2 17 0 T M M 7.0 18 170 M M 4 24 190
9 56 41 49 -1 16 0 0.00 M M 2.1 9 170 M M 3 1 11 180
10 59 49 54 4 11 0 0.78 M M 10.1 23 170 M M 10 1 33 190
11 53 45 49 -1 16 0 0.69 M M 9.7 21 190 M M 8 1 36 240
12 54 38 46 -4 19 0 0.12 M M 4.2 16 20 M M 6 1 26 20
13 56 34 45 -4 20 0 0.00 M M 2.3 7 160 M M 0 9 350
14 55 33 44 -5 21 0 0.00 M M 2.3 9 360 M M 0 18 11 360
15 58 33 46 -3 19 0 0.00 M M 2.3 10 20 M M 0 1 13 20
16 55 31 43 -6 22 0 0.00 M M 3.1 10 80 M M 0 14 20
17 55 31 43 -6 22 0 0.00 M M 3.4 12 10 M M 0 1 15 30
18 52 30 41 -8 24 0 0.00 M M 3.2 9 350 M M 4 128 10 340
19 42 37 40 -9 25 0 0.00 M M 5.0 12 60 M M 9 18 16 60
20 54 40 47 -2 18 0 0.00 M M 3.0 10 360 M M 4 18 13 50
21 52 35 44 -5 21 0 0.00 M M 4.1 12 310 M M 2 18 13 310
22 50 40 45 -4 20 0 0.00 M M 4.5 13 10 M M 6 18 15 360
23 56 41 49 0 16 0 0.00 M M 3.2 10 360 M M 4 18 14 360
24 61 37 49 0 16 0 0.00 M M 2.7 10 30 M M 1 128 14 40
25 48 40 44 -5 21 0 0.00 M M 4.3 10 350 M M 8 12 13 330
26 48 42 45 -4 20 0 0.23 M M 3.7 14 270 M M 10 18 15 270
27 60 48 54 5 11 0 1.00 M M 10.2 26 170 M M 8 18 35 170
28 58 40 49 0 16 0 T M M 4.3 14 250 M M 2 16 250
29 55 48 52 3 13 0 0.35 M M 2.4 13 180 M M 10 1 15 180
30 64 55 60 11 5 0 0.21 M M 13.3 28 220 M M 10 1 37 220
31 59 51 55 6 10 0 3.04 M M 7.2 21 350 M M 10 1 29 310
================================================================================
SM 1705 1231 541 0 7.97 M 157.9 M 154
================================================================================
AV 55.0 39.7 5.1 FASTST M M 5 MAX(MPH)
MISC ----> 28 220 37 220
================================================================================
NOTES:
# LAST OF SEVERAL OCCURRENCES
COLUMN 17 PEAK WIND IN M.P.H.
PRELIMINARY LOCAL CLIMATOLOGICAL DATA (WS FORM: F-6) , PAGE 2
STATION: CONCORD AIRPORT
MONTH: DECEMBER
YEAR: 2022
LATITUDE: 37 58 N
LONGITUDE: 122 3 W
[TEMPERATURE DATA] [PRECIPITATION DATA] SYMBOLS USED IN COLUMN 16
AVERAGE MONTHLY: 47.4 TOTAL FOR MONTH: 7.97 1 = FOG OR MIST
DPTR FM NORMAL: -2.1 DPTR FM NORMAL: 4.79 2 = FOG REDUCING VISIBILITY
HIGHEST: 64 ON 30 GRTST 24HR 3.14 ON 30-31 TO 1/4 MILE OR LESS
LOWEST: 30 ON 18 3 = THUNDER
SNOW, ICE PELLETS, HAIL 4 = ICE PELLETS
TOTAL MONTH: M 5 = HAIL
GRTST 24HR M ON M 6 = FREEZING RAIN OR DRIZZLE
GRTST DEPTH: M ON M 7 = DUSTSTORM OR SANDSTORM:
VSBY 1/2 MILE OR LESS
8 = SMOKE OR HAZE
[NO. OF DAYS WITH] [WEATHER - DAYS WITH] 9 = BLOWING SNOW
X = TORNADO
MAX 32 OR BELOW: 0 0.01 INCH OR MORE: 12
MAX 90 OR ABOVE: 0 0.10 INCH OR MORE: 10
MIN 32 OR BELOW: 4 0.50 INCH OR MORE: 6
MIN 0 OR BELOW: 0 1.00 INCH OR MORE: 2
[HDD (BASE 65) ]
TOTAL THIS MO. 541 CLEAR (SCALE 0-3) 11
DPTR FM NORMAL 59 PTCLDY (SCALE 4-7) 11
TOTAL FM JUL 1 983 CLOUDY (SCALE 8-10) 9
DPTR FM NORMAL 149
[CDD (BASE 65) ]
TOTAL THIS MO. 0
DPTR FM NORMAL 0 [PRESSURE DATA]
TOTAL FM JAN 1 1312 HIGHEST SLP M ON M
DPTR FM NORMAL 235 LOWEST SLP 29.59 ON 31
[REMARKS]
#FINAL-12-22#