000
CXUS56 KMTR 010900
CF6CCR
PRELIMINARY LOCAL CLIMATOLOGICAL DATA (WS FORM: F-6)
STATION: CONCORD AIRPORT
MONTH: OCTOBER
YEAR: 2021
LATITUDE: 37 58 N
LONGITUDE: 122 3 W
TEMPERATURE IN F: :PCPN: SNOW: WIND :SUNSHINE: SKY :PK WND
================================================================================
1 2 3 4 5 6A 6B 7 8 9 10 11 12 13 14 15 16 17 18
12Z AVG MX 2MIN
DY MAX MIN AVG DEP HDD CDD WTR SNW DPTH SPD SPD DIR MIN PSBL S-S WX SPD DR
================================================================================
1 90 53 72 3 0 7 0.00 M M 3.8 13 330 M M 0 16 330
2 93 55 74 5 0 9 0.00 M M 3.8 12 360 M M 0 16 360
3 92 55 74 5 0 9 0.00 M M 2.7 10 360 M M 0 8 13 20
4 92 55 74 6 0 9 0.00 M M 3.4 9 320 M M 0 8 12 350
5 82 57 70 2 0 5 0.00 M M 8.6 17 260 M M 0 8 23 270
6 75 57 66 -2 0 1 0.00 M M 12.7 21 200 M M 1 23 200
7 70 56 63 -5 2 0 0.00 M M 10.7 18 190 M M 1 23 190
8 68 55 62 -6 3 0 0.00 M M 10.0 21 250 M M 3 25 250
9 75 50 63 -4 2 0 0.00 M M 5.1 12 280 M M 1 16 340
10 82 50 66 -1 0 1 0.00 M M 4.3 15 280 M M 0 21 300
11 71 54 63 -4 2 0 0.00 M M 15.3 30 350 M M 0 39 350
12 73 52 63 -4 2 0 0.00 M M 10.1 22 350 M M 0 28 350
13 71 53 62 -4 3 0 0.00 M M 7.9 15 180 M M 3 18 190
14 79 47 63 -3 2 0 0.00 M M 3.2 9 30 M M 0 18 13 20
15 82 47 65 -1 0 0 0.00 M M 2.9 13 350 M M 0 15 10
16 84 48 66 0 0 1 0.00 M M 3.6 10 160 M M 0 14 350
17 73 48 61 -4 4 0 0.02 M M 9.4 22 230 M M 2 29 230
18 66 48 57 -8 8 0 0.00 M M 6.7 15 290 M M 2 21 270
19 71 44 58 -7 7 0 0.02 M M 5.7 18 200 M M 2 23 200
20 67 55 61 -3 4 0 0.21 M M 5.2 18 170 M M 10 1 26 210
21 72 58 65 1 0 0 0.18 M M 7.3 18 220 M M 8 1 21 210
22 66 57 62 -2 3 0 0.18 M M 8.5 17 290 M M 5 1 24 260
23 67 54 61 -3 4 0 0.29 M M 8.2 16 220 M M 8 1 19 200
24 64 57 61 -2 4 0 3.25 M M 15.1 27 190 M M 10 1 38 180
25 65 51 58 -5 7 0 0.26 M M 8.9 21 290 M M 3 1 26 290
26 66 52 59 -4 6 0 0.00 M M 5.6 15 220 M M 8 19 210
27 73 52 63 1 2 0 0.00 M M 3.1 8 30 M M 1 12 20
28 77 53 65 3 0 0 0.00 M M 3.5 12 20 M M 0 17 40
29 77 52 65 3 0 0 0.00 M M 3.5 14 290 M M 0 17 300
30 66 53 60 -1 5 0 0.00 M M 8.4 18 240 M M 4 21 230
31 65 53 59 -2 6 0 0.00 M M 5.6 14 320 M M 7 19 170
================================================================================
SM 2314 1631 76 42 4.41 M 212.8 M 79
================================================================================
AV 74.6 52.6 6.9 FASTST M M 3 MAX(MPH)
MISC ----> 30 350 39 350
================================================================================
NOTES:
# LAST OF SEVERAL OCCURRENCES
COLUMN 17 PEAK WIND IN M.P.H.
PRELIMINARY LOCAL CLIMATOLOGICAL DATA (WS FORM: F-6) , PAGE 2
STATION: CONCORD AIRPORT
MONTH: OCTOBER
YEAR: 2021
LATITUDE: 37 58 N
LONGITUDE: 122 3 W
[TEMPERATURE DATA] [PRECIPITATION DATA] SYMBOLS USED IN COLUMN 16
AVERAGE MONTHLY: 63.6 TOTAL FOR MONTH: 4.41 1 = FOG OR MIST
DPTR FM NORMAL: -1.8 DPTR FM NORMAL: 3.68 2 = FOG REDUCING VISIBILITY
HIGHEST: 93 ON 2 GRTST 24HR 3.25 ON 24-24 TO 1/4 MILE OR LESS
LOWEST: 44 ON 19 3 = THUNDER
SNOW, ICE PELLETS, HAIL 4 = ICE PELLETS
TOTAL MONTH: M 5 = HAIL
GRTST 24HR M ON M 6 = FREEZING RAIN OR DRIZZLE
GRTST DEPTH: M ON M 7 = DUSTSTORM OR SANDSTORM:
VSBY 1/2 MILE OR LESS
8 = SMOKE OR HAZE
[NO. OF DAYS WITH] [WEATHER - DAYS WITH] 9 = BLOWING SNOW
X = TORNADO
MAX 32 OR BELOW: 0 0.01 INCH OR MORE: 8
MAX 90 OR ABOVE: 4 0.10 INCH OR MORE: 6
MIN 32 OR BELOW: 0 0.50 INCH OR MORE: 1
MIN 0 OR BELOW: 0 1.00 INCH OR MORE: 1
[HDD (BASE 65) ]
TOTAL THIS MO. 76 CLEAR (SCALE 0-3) 22
DPTR FM NORMAL 14 PTCLDY (SCALE 4-7) 7
TOTAL FM JUL 1 76 CLOUDY (SCALE 8-10) 2
DPTR FM NORMAL 4
[CDD (BASE 65) ]
TOTAL THIS MO. 42
DPTR FM NORMAL -31 [PRESSURE DATA]
TOTAL FM JAN 1 1238 HIGHEST SLP M ON M
DPTR FM NORMAL 163 LOWEST SLP 29.56 ON 25
[REMARKS]
#FINAL-10-21#