000
CXUS53 KARX 010900
CF6CCY
PRELIMINARY LOCAL CLIMATOLOGICAL DATA (WS FORM: F-6)
STATION: CHARLES_CITY IA
MONTH: APRIL
YEAR: 2021
LATITUDE: 43 4 N
LONGITUDE: 92 37 W
TEMPERATURE IN F: :PCPN: SNOW: WIND :SUNSHINE: SKY :PK WND
================================================================================
1 2 3 4 5 6A 6B 7 8 9 10 11 12 13 14 15 16 17 18
12Z AVG MX 2MIN
DY MAX MIN AVG DEP HDD CDD WTR SNW DPTH SPD SPD DIR MIN PSBL S-S WX SPD DR
================================================================================
1 43 16 30 -12 35 0 0.00 0.0 0 5.3 10 150 M M 0 13 99
2 57 27 42 0 23 0 0.00 0.0 0 19.4 31 190 M M 0 38 190
3 72 39 56 13 9 0 0.00 0.0 0 8.3 18 170 M M 0 17 320
4 82 39 61 18 4 0 0.00 0.0 0 11.7 23 190 M M 2 29 190
5 81 54 68 24 0 3 0.03 0.0 0 16.5 28 170 M M 3 35 170
6 77 59 68 24 0 3 0.09 0.0 0 12.9 18 200 M M 4 27 190
7 77 55 66 21 0 1 0.05 0.0 0 13.7 22 150 M M 5 18 29 130
8 61 46 54 9 11 0 0.16 0.0 0 11.7 20 170 M M 10 1 23 150
9 54 45 50 4 15 0 T 0.0 0 9.2 18 300 M M 10 1 24 300
10 48 43 46 0 19 0 0.00 0.0 0 15.0 21 340 M M 10 28 360
11 55 39 47 1 18 0 0.00 0.0 0 16.5 22 320 M M 9 28 340
12 54 39 47 0 18 0 T 0.0 0 16.7 28 260 M M 5 35 260
13 45 34 40 -7 25 0 0.00 0.0 0 17.5 27 260 M M 10 35 290
14 46 28 37 -11 28 0 0.00 0.0 0 12.8 21 330 M M 9 27 330
15 48 36 42 -6 23 0 0.00 0.0 0 10.4 16 330 M M 10 20 330
16 57 37 47 -2 18 0 0.00 0.0 0 8.3 13 350 M M 6 16 10
17 61 34 48 -1 17 0 0.00 0.0 0 10.3 16 360 M M 5 24 360
18 63 36 50 1 15 0 0.00 0.0 0 11.2 24 320 M M 7 36 260
19 43 28 36 -14 29 0 0.05 0.0 0 14.6 24 340 M M 7 28 340
20 41 25 33 -17 32 0 0.00 0.0 0 7.5 13 310 M M 4 25 310
21 45 21 33 -18 32 0 0.00 0.0 0 9.7 20 330 M M 6 28 310
22 61 34 48 -3 17 0 0.00 0.0 0 11.7 18 260 M M 5 24 250
23 54 43 49 -3 16 0 T 0.0 0 10.6 17 180 M M 8 8 24 180
24 50 34 42 -10 23 0 0.00 0.0 0 10.7 18 330 M M 6 12 27 330
25 46 27 37 -15 28 0 0.11 0.0 0 11.1 18 130 M M 3 27 140
26 79 41 60 7 5 0 0.00 0.0 0 15.0 20 140 M M 3 29 140
27 75 50 63 10 2 0 0.00 0.0 0 11.4 21 360 M M 5 8 29 20
28 64 46 55 2 10 0 M 0.0 0 10.2 16 30 M M 5 1 27 30
29 72 41 57 3 8 0 0.00 0.0 0 11.9 27 320 M M 1 1 35 330
30 66 46 56 2 9 0 0.00 0.0 0 9.4 18 20 M M 2 27 360
================================================================================
SM 1777 1142 489 7 0.49 0.0 361.2 M 160
================================================================================
AV 59.2 38.1 12.0 FASTST M M 5 MAX(MPH)
MISC ----> 31 190 38 190
================================================================================
NOTES:
# LAST OF SEVERAL OCCURRENCES
COLUMN 17 PEAK WIND IN M.P.H.
PRELIMINARY LOCAL CLIMATOLOGICAL DATA (WS FORM: F-6) , PAGE 2
STATION: CHARLES_CITY IA
MONTH: APRIL
YEAR: 2021
LATITUDE: 43 4 N
LONGITUDE: 92 37 W
[TEMPERATURE DATA] [PRECIPITATION DATA] SYMBOLS USED IN COLUMN 16
AVERAGE MONTHLY: 48.7 TOTAL FOR MONTH: 0.49 1 = FOG OR MIST
DPTR FM NORMAL: 0.5 DPTR FM NORMAL: -3.04 2 = FOG REDUCING VISIBILITY
HIGHEST: 82 ON 4 GRTST 24HR 0.16 ON 8- 8 TO 1/4 MILE OR LESS
LOWEST: 16 ON 1 3 = THUNDER
SNOW, ICE PELLETS, HAIL 4 = ICE PELLETS
TOTAL MONTH: 0.0 INCH 5 = HAIL
GRTST 24HR 0.0 6 = FREEZING RAIN OR DRIZZLE
GRTST DEPTH: 0 7 = DUSTSTORM OR SANDSTORM:
VSBY 1/2 MILE OR LESS
8 = SMOKE OR HAZE
[NO. OF DAYS WITH] [WEATHER - DAYS WITH] 9 = BLOWING SNOW
X = TORNADO
MAX 32 OR BELOW: 0 0.01 INCH OR MORE: 6
MAX 90 OR ABOVE: 0 0.10 INCH OR MORE: 2
MIN 32 OR BELOW: 7 0.50 INCH OR MORE: 0
MIN 0 OR BELOW: 0 1.00 INCH OR MORE: 0
[HDD (BASE 65) ]
TOTAL THIS MO. 489 CLEAR (SCALE 0-3) 7
DPTR FM NORMAL -21 PTCLDY (SCALE 4-7) 16
TOTAL FM JUL 1 6913 CLOUDY (SCALE 8-10) 7
DPTR FM NORMAL -186
[CDD (BASE 65) ]
TOTAL THIS MO. 7
DPTR FM NORMAL 1 [PRESSURE DATA]
TOTAL FM JAN 1 7 HIGHEST SLP M ON M
DPTR FM NORMAL 1 LOWEST SLP M ON M
[REMARKS]
#FINAL-04-21#