000
CXUS56 KSLC 010846
CF6CDC
PRELIMINARY LOCAL CLIMATOLOGICAL DATA (WS FORM: F-6)
STATION: CEDAR CITY UT
MONTH: MAY
YEAR: 2021
LATITUDE: 37 42 N
LONGITUDE: 113 6 W
TEMPERATURE IN F: :PCPN: SNOW: WIND :SUNSHINE: SKY :PK WND
================================================================================
1 2 3 4 5 6A 6B 7 8 9 10 11 12 13 14 15 16 17 18
12Z AVG MX 2MIN
DY MAX MIN AVG DEP HDD CDD WTR SNW DPTH SPD SPD DIR MIN PSBL S-S WX SPD DR
================================================================================
1 79 52 66 15 0 1 0.00 M M 15.9 33 220 M M 0 41 210
2 68 43 56 4 9 0 0.08 M M 8.6 29 350 M M 3 36 350
3 63 39 51 -1 14 0 0.00 M M 9.7 21 360 M M 3 26 10
4 73 33 53 1 12 0 0.00 M M 5.8 22 210 M M 0 26 210
5 77 38 58 5 7 0 0.00 M M 5.5 15 360 M M 0 8 20 330
6 85 41 63 10 2 0 0.00 M M 9.0 26 220 M M 0 35 210
7 79 53 66 13 0 1 0.00 M 0 15.9 37 210 M M 1 43 200
8 66 42 54 0 11 0 0.00 0.0 0 8.3 21 350 M M 1 26 350
9 69 35 52 -2 13 0 0.00 M M 6.8 23 290 M M 1 28 290
10 67 33 50 -4 15 0 0.00 0.0 0 6.9 20 290 M M 1 25 30
11 68 32 50 -5 15 0 0.00 M M 5.4 15 20 M M 0 20 30
12 77 32 55 0 10 0 0.00 M M 4.5 20 320 M M 0 8 26 330
13 83 43 63 8 2 0 0.00 M M 7.2 24 210 M M 0 32 210
14 83 43 63 7 2 0 0.00 M M 10.4 22 210 M M 0 33 M
15 80 46 63 7 2 0 0.00 M M 14.4 37 220 M M 0 43 210
16 74 49 62 6 3 0 0.00 M M 12.7 29 220 M M 0 38 200
17 70 42 56 -1 9 0 0.02 M M 7.3 25 230 M M 3 3 37 220
18 80 40 60 3 5 0 0.00 M M 6.1 18 30 M M 0 29 20
19 82 51 67 9 0 2 0.00 M M 13.4 33 230 M M 0 41 230
20 77 59 68 10 0 3 0.00 M M 26.3 45 210 M M 0 55 190
21 62 37 50 -8 15 0 0.00 M M 23.3 45 220 M M 0 8 57 230
22 61 28 45 -13 20 0 0.00 M M 8.2 33 200 M M 3 43 210
23 64 36 50 -9 15 0 0.00 M M 11.0 25 200 M M 4 35 220
24 70 33 52 -7 13 0 0.00 M M 3.9 13 330 M M 0 16 270
25 80 38 59 -1 6 0 0.00 M M 9.2 31 220 M M 0 38 230
26 79 55 67 7 0 2 0.00 M M 9.9 24 230 M M 0 30 220
27 82 44 63 3 2 0 0.00 M M 7.6 20 220 M M 0 25 250
28 84 47 66 6 0 1 0.00 M M 8.1 21 220 M M 0 28 210
29 81 50 66 5 0 1 0.00 M M 4.6 17 20 M M 0 26 320
30 81 47 64 3 1 0 0.00 M M 7.0 21 360 M M 0 27 350
31 83 44 64 2 1 0 0.00 M M 4.6 17 330 M M 0 24 320
================================================================================
SM 2327 1305 204 11 0.10 0.0 297.5 M 20
================================================================================
AV 75.1 42.1 9.6 FASTST M M 1 MAX(MPH)
MISC ----> # 45 210 57 230
================================================================================
NOTES:
# LAST OF SEVERAL OCCURRENCES
COLUMN 17 PEAK WIND IN M.P.H.
PRELIMINARY LOCAL CLIMATOLOGICAL DATA (WS FORM: F-6) , PAGE 2
STATION: CEDAR CITY UT
MONTH: MAY
YEAR: 2021
LATITUDE: 37 42 N
LONGITUDE: 113 6 W
[TEMPERATURE DATA] [PRECIPITATION DATA] SYMBOLS USED IN COLUMN 16
AVERAGE MONTHLY: 58.6 TOTAL FOR MONTH: 0.10 1 = FOG OR MIST
DPTR FM NORMAL: 2.2 DPTR FM NORMAL: -0.84 2 = FOG REDUCING VISIBILITY
HIGHEST: 85 ON 6 GRTST 24HR 0.08 ON 2- 2 TO 1/4 MILE OR LESS
LOWEST: 28 ON 22 3 = THUNDER
SNOW, ICE PELLETS, HAIL 4 = ICE PELLETS
TOTAL MONTH: 0.0 INCH 5 = HAIL
GRTST 24HR 0.0 6 = FREEZING RAIN OR DRIZZLE
GRTST DEPTH: 0 7 = DUSTSTORM OR SANDSTORM:
VSBY 1/2 MILE OR LESS
8 = SMOKE OR HAZE
[NO. OF DAYS WITH] [WEATHER - DAYS WITH] 9 = BLOWING SNOW
X = TORNADO
MAX 32 OR BELOW: 0 0.01 INCH OR MORE: 2
MAX 90 OR ABOVE: 0 0.10 INCH OR MORE: 0
MIN 32 OR BELOW: 3 0.50 INCH OR MORE: 0
MIN 0 OR BELOW: 0 1.00 INCH OR MORE: 0
[HDD (BASE 65) ]
TOTAL THIS MO. 204 CLEAR (SCALE 0-3) 28
DPTR FM NORMAL -75 PTCLDY (SCALE 4-7) 3
TOTAL FM JUL 1 5583 CLOUDY (SCALE 8-10) 0
DPTR FM NORMAL -354
[CDD (BASE 65) ]
TOTAL THIS MO. 11
DPTR FM NORMAL -1 [PRESSURE DATA]
TOTAL FM JAN 1 11 HIGHEST SLP M ON M
DPTR FM NORMAL -1 LOWEST SLP 29.40 ON 20
[REMARKS]
#FINAL-05-21#