000
CXUS55 KCYS 051825
CLMCDR
CLIMATE REPORT
NATIONAL WEATHER SERVICE CHEYENNE WY
1225 PM MDT FRI APR 05 2024
...................................
...THE CHADRON NEBRASKA AIRPORT CLIMATE SUMMARY FOR THE MONTH OF MARCH 2024...
CLIMATE NORMAL PERIOD 1991 TO 2020
CLIMATE RECORD PERIOD 1895 TO 2024
WEATHER OBSERVED NORMAL DEPART LAST YEAR`S
VALUE DATE(S) VALUE FROM VALUE DATE(S)
NORMAL
................................................................
TEMPERATURE (F)
RECORD
HIGH 85 03/31/1946
LOW -26 03/05/1989
HIGHEST 72 03/02 MM MM 65
LOWEST 6 03/26 MM MM 10
AVG. MAXIMUM 52.3 52.0 0.3 43.4
AVG. MINIMUM 21.9 23.8 -1.9 19.4
MEAN 37.1 37.9 -0.8 31.4
DAYS MAX >= 90 0 0.0 0.0 0
DAYS MAX <= 32 2 3.1 -1.1 7
DAYS MIN <= 32 29 26.2 2.8 31
DAYS MIN <= 0 0 1.2 -1.2 0
PRECIPITATION (INCHES)
RECORD
MAXIMUM 3.22 2000
TOTALS 0.65 0.81 -0.16 0.91
DAYS >= .01 5 4.7 0.3 8
DAYS >= .10 3 2.1 0.9 4
DAYS >= .50 0 0.4 -0.4 0
DAYS >= 1.00 0 0.1 -0.1 0
GREATEST
24 HR. TOTAL 0.42 03/30 TO 03/31 0.44 03/31 TO 03/31
DEGREE DAYS
HEATING TOTAL 860 840 20 1034
SINCE 7/1 5645 5902 -257 MM
COOLING TOTAL 0 0 0 0
SINCE 1/1 0 0 0 MM
................................................................
WIND (MPH)
AVERAGE WIND SPEED 9.0
HIGHEST WIND SPEED/DIRECTION 44/280 DATE 03/03
HIGHEST GUST SPEED/DIRECTION 58/280 DATE 03/03
SKY COVER
POSSIBLE SUNSHINE (PERCENT) MM
AVERAGE SKY COVER 0.35
NUMBER OF DAYS FAIR 21
NUMBER OF DAYS PC 2
NUMBER OF DAYS CLOUDY 8
AVERAGE RH (PERCENT) 60
WEATHER CONDITIONS. NUMBER OF DAYS WITH
THUNDERSTORM 0 MIXED PRECIP 0
HEAVY RAIN 0 RAIN 0
LIGHT RAIN 4 FREEZING RAIN 0
LT FREEZING RAIN 0 HAIL 0
HEAVY SNOW 0 SNOW 3
LIGHT SNOW 7 SLEET 0
FOG 6 FOG W/VIS <= 1/4 MILE 3
HAZE 3
- INDICATES NEGATIVE NUMBERS.
R INDICATES RECORD WAS SET OR TIED.
MM INDICATES DATA IS MISSING.
T INDICATES TRACE AMOUNT.
$$