000
CXUS56 KLOX 011155
CF6CMA
PRELIMINARY LOCAL CLIMATOLOGICAL DATA (WS FORM: F-6)
STATION: CAMARILLO AIRPORT CA
MONTH: MAY
YEAR: 2023
LATITUDE: 34 12 N
LONGITUDE: 119 6 W
TEMPERATURE IN F: :PCPN: SNOW: WIND :SUNSHINE: SKY :PK WND
================================================================================
1 2 3 4 5 6A 6B 7 8 9 10 11 12 13 14 15 16 17 18
12Z AVG MX 2MIN
DY MAX MIN AVG DEP HDD CDD WTR SNW DPTH SPD SPD DIR MIN PSBL S-S WX SPD DR
================================================================================
1 67 52 60 -1 5 0 T M M 8.6 21 270 M M 5 18 40 270
2 63 47 55 -6 10 0 0.00 M M 5.5 16 240 M M 3 30 250
3 64 43 54 -7 11 0 0.40 M M 7.4 18 200 M M 3 1 32 240
4 63 49 56 -5 9 0 0.52 M M 5.1 17 200 M M 7 1 23 210
5 66 53 60 -1 5 0 0.00 M M 4.9 14 220 M M 7 20 160
6 67 49 58 -4 7 0 0.00 M M 7.4 17 260 M M 3 35 260
7 67 52 60 -2 5 0 0.00 M M 5.8 14 220 M M 2 22 230
8 68 51 60 -2 5 0 0.00 M M 6.4 14 220 M M 0 18 230
9 66 53 60 -2 5 0 0.00 M M 8.6 23 260 M M 7 38 260
10 68 51 60 -2 5 0 0.00 M M 6.7 15 200 M M 0 20 210
11 68 51 60 -2 5 0 0.00 M M 6.1 15 240 M M 2 19 230
12 69 50 60 -2 5 0 0.00 M M 3.9 13 230 M M 0 18 220
13 70 55 63 1 2 0 0.00 M M 4.0 13 240 M M 7 18 17 240
14 70 59 65 3 0 0 0.00 M M 5.1 13 210 M M 8 18 20 240
15 70 59 65 3 0 0 T M M 5.4 12 230 M M 10 18 18 260
16 68 58 63 1 2 0 0.00 M M 5.1 12 210 M M 9 1 17 190
17 67 56 62 0 3 0 0.00 M M 3.7 12 270 M M 9 18 16 270
18 64 57 61 -1 4 0 0.00 M M 3.2 13 210 M M 10 18 16 230
19 67 58 63 1 2 0 0.00 M M 4.7 13 220 M M 10 18 17 250
20 70 58 64 1 1 0 0.00 M M 4.6 10 270 M M 8 1 16 220
21 69 58 64 1 1 0 0.00 M M 3.7 12 270 M M 9 1 17 230
22 70 57 64 1 1 0 T M M 4.3 12 240 M M 10 1 16 240
23 64 57 61 -2 4 0 0.00 M M 3.6 9 200 M M 10 18 13 200
24 69 59 64 1 1 0 0.00 M M 6.0 14 270 M M 9 19 260
25 68 59 64 1 1 0 0.00 M M 5.5 14 260 M M 10 24 200
26 69 59 64 1 1 0 0.00 M M 9.2 15 260 M M 10 34 260
27 70 59 65 2 0 0 T M M 5.3 14 240 M M 8 8 20 230
28 66 59 63 0 2 0 0.00 M M 4.4 10 280 M M 10 15 250
29 70 60 65 2 0 0 0.00 M M 5.5 14 270 M M 8 20 230
30 70 58 64 0 1 0 0.00 M M 6.7 15 240 M M 8 22 240
31 70 58 64 0 1 0 0.00 M M 5.9 16 220 M M 9 30 230
================================================================================
SM 2097 1704 104 0 0.92 M 172.3 M 211
================================================================================
AV 67.6 55.0 5.6 FASTST M M 7 MAX(MPH)
MISC ----> 23 260 40 270
================================================================================
NOTES:
# LAST OF SEVERAL OCCURRENCES
COLUMN 17 PEAK WIND IN M.P.H.
PRELIMINARY LOCAL CLIMATOLOGICAL DATA (WS FORM: F-6) , PAGE 2
STATION: CAMARILLO AIRPORT CA
MONTH: MAY
YEAR: 2023
LATITUDE: 34 12 N
LONGITUDE: 119 6 W
[TEMPERATURE DATA] [PRECIPITATION DATA] SYMBOLS USED IN COLUMN 16
AVERAGE MONTHLY: 61.3 TOTAL FOR MONTH: 0.92 1 = FOG OR MIST
DPTR FM NORMAL: -1.0 DPTR FM NORMAL: 0.59 2 = FOG REDUCING VISIBILITY
HIGHEST: 70 ON 31,30 GRTST 24HR 0.92 ON 3- 4 TO 1/4 MILE OR LESS
LOWEST: 43 ON 3 3 = THUNDER
SNOW, ICE PELLETS, HAIL 4 = ICE PELLETS
TOTAL MONTH: M 5 = HAIL
GRTST 24HR M ON M 6 = FREEZING RAIN OR DRIZZLE
GRTST DEPTH: M ON M 7 = DUSTSTORM OR SANDSTORM:
VSBY 1/2 MILE OR LESS
8 = SMOKE OR HAZE
[NO. OF DAYS WITH] [WEATHER - DAYS WITH] 9 = BLOWING SNOW
X = TORNADO
MAX 32 OR BELOW: 0 0.01 INCH OR MORE: 2
MAX 90 OR ABOVE: 0 0.10 INCH OR MORE: 2
MIN 32 OR BELOW: 0 0.50 INCH OR MORE: 1
MIN 0 OR BELOW: 0 1.00 INCH OR MORE: 0
[HDD (BASE 65) ]
TOTAL THIS MO. 104 CLEAR (SCALE 0-3) 6
DPTR FM NORMAL 1 PTCLDY (SCALE 4-7) 11
TOTAL FM JUL 1 1984 CLOUDY (SCALE 8-10) 14
DPTR FM NORMAL 458
[CDD (BASE 65) ]
TOTAL THIS MO. 0
DPTR FM NORMAL -20 [PRESSURE DATA]
TOTAL FM JAN 1 5 HIGHEST SLP 30.13 ON 15
DPTR FM NORMAL -55 LOWEST SLP 29.83 ON 13
[REMARKS]
#FINAL-05-23#