000
CXUS56 KLOX 012359
CF6CMA
PRELIMINARY LOCAL CLIMATOLOGICAL DATA (WS FORM: F-6)
STATION: CAMARILLO AIRPORT CA
MONTH: DECEMBER
YEAR: 2022
LATITUDE: 34 12 N
LONGITUDE: 119 6 W
TEMPERATURE IN F: :PCPN: SNOW: WIND :SUNSHINE: SKY :PK WND
================================================================================
1 2 3 4 5 6A 6B 7 8 9 10 11 12 13 14 15 16 17 18
12Z AVG MX 2MIN
DY MAX MIN AVG DEP HDD CDD WTR SNW DPTH SPD SPD DIR MIN PSBL S-S WX SPD DR
================================================================================
1 58 52 55 -2 10 0 0.11 M M 4.6 12 70 M M 9 1 15 70
2 58 52 55 -2 10 0 0.41 M M 8.4 16 50 M M 10 1 20 70
3 70 49 60 3 5 0 0.00 M M 3.4 13 260 M M 3 12 17 190
4 63 56 60 3 5 0 0.11 M M 1.9 8 60 M M 10 1 10 60
5 64 47 56 -1 9 0 0.00 M M 4.8 16 260 M M 3 1 19 290
6 63 44 54 -2 11 0 0.00 M M 4.7 12 260 M M 2 16 270
7 61 41 51 -5 14 0 0.00 M M 3.3 13 240 M M 1 18 240
8 62 37 50 -6 15 0 0.00 M M 3.9 14 260 M M 0 18 260
9 62 37 50 -6 15 0 0.00 M M 2.7 9 230 M M 2 13 240
10 60 47 54 -2 11 0 0.13 M M 6.0 16 180 M M 10 1 36 170
11 60 43 52 -4 13 0 0.58 M M 15.0 36 260 M M 5 1 47 260
12 57 42 50 -6 15 0 0.30 M M 6.1 20 300 M M 5 1 26 310
13 60 36 48 -8 17 0 0.00 M M 3.1 14 220 M M 0 19 220
14 61 36 49 -7 16 0 0.00 M M 3.4 13 230 M M 0 18 240
15 61 39 50 -5 15 0 0.00 M M 2.8 10 210 M M 0 15 230
16 68 46 57 2 8 0 0.00 M M 13.7 22 70 M M 0 36 60
17 68 45 57 2 8 0 0.00 M M 7.9 15 90 M M 0 20 90
18 65 36 51 -4 14 0 0.00 M M 3.5 14 210 M M 0 17 200
19 64 34 49 -6 16 0 0.00 M M 3.2 10 210 M M 0 18 14 220
20 66 38 52 -3 13 0 0.00 M M 2.5 10 260 M M 0 13 270
21 76 40 58 3 7 0 0.00 M M 4.7 15 280 M M 0 22 40
22 66 40 53 -2 12 0 0.00 M M 2.4 8 240 M M 0 11 240
23 69 39 54 -1 11 0 0.00 M M 2.2 9 260 M M 0 12 270
24 82 43 63 8 2 0 0.00 M M 4.6 14 80 M M 0 19 90
25 83 46 65 10 0 0 0.00 M M 3.6 13 80 M M 0 8 17 80
26 80 48 64 9 1 0 0.00 M M 3.9 12 260 M M 0 15 260
27 61 51 56 1 9 0 0.56 M M 4.0 13 70 M M 6 1 16 60
28 63 49 56 1 9 0 0.03 M M 3.8 15 200 M M 4 1 18 190
29 60 53 57 2 8 0 0.01 M M 2.6 10 210 M M 9 1 13 220
30 58 54 56 0 9 0 0.12 M M 2.2 8 190 M M 10 1 9 190
31 59 55 57 1 8 0 1.08 M M 8.1 28 230 M M 10 1 46 210
================================================================================
SM 2008 1375 316 0 3.44 M 147.0 M 99
================================================================================
AV 64.8 44.4 4.7 FASTST M M 3 MAX(MPH)
MISC ----> 36 260 47 260
================================================================================
NOTES:
# LAST OF SEVERAL OCCURRENCES
COLUMN 17 PEAK WIND IN M.P.H.
PRELIMINARY LOCAL CLIMATOLOGICAL DATA (WS FORM: F-6) , PAGE 2
STATION: CAMARILLO AIRPORT CA
MONTH: DECEMBER
YEAR: 2022
LATITUDE: 34 12 N
LONGITUDE: 119 6 W
[TEMPERATURE DATA] [PRECIPITATION DATA] SYMBOLS USED IN COLUMN 16
AVERAGE MONTHLY: 54.6 TOTAL FOR MONTH: 3.44 1 = FOG OR MIST
DPTR FM NORMAL: -1.2 DPTR FM NORMAL: 1.73 2 = FOG REDUCING VISIBILITY
HIGHEST: 83 ON 25 GRTST 24HR 1.08 ON 31-31 TO 1/4 MILE OR LESS
LOWEST: 34 ON 19 3 = THUNDER
SNOW, ICE PELLETS, HAIL 4 = ICE PELLETS
TOTAL MONTH: M 5 = HAIL
GRTST 24HR M ON M 6 = FREEZING RAIN OR DRIZZLE
GRTST DEPTH: M ON M 7 = DUSTSTORM OR SANDSTORM:
VSBY 1/2 MILE OR LESS
8 = SMOKE OR HAZE
[NO. OF DAYS WITH] [WEATHER - DAYS WITH] 9 = BLOWING SNOW
X = TORNADO
MAX 32 OR BELOW: 0 0.01 INCH OR MORE: 11
MAX 90 OR ABOVE: 0 0.10 INCH OR MORE: 9
MIN 32 OR BELOW: 0 0.50 INCH OR MORE: 3
MIN 0 OR BELOW: 0 1.00 INCH OR MORE: 1
[HDD (BASE 65) ]
TOTAL THIS MO. 316 CLEAR (SCALE 0-3) 20
DPTR FM NORMAL 24 PTCLDY (SCALE 4-7) 4
TOTAL FM JUL 1 583 CLOUDY (SCALE 8-10) 7
DPTR FM NORMAL 62
[CDD (BASE 65) ]
TOTAL THIS MO. 0
DPTR FM NORMAL -5 [PRESSURE DATA]
TOTAL FM JAN 1 754 HIGHEST SLP 30.36 ON 8
DPTR FM NORMAL 111 LOWEST SLP 29.72 ON 31
[REMARKS]
#FINAL-12-22#