000
CXUS53 KTOP 120107
CF6CNK
PRELIMINARY LOCAL CLIMATOLOGICAL DATA (WS FORM: F-6)
STATION: CONCORDIA KS
MONTH: SEPTEMBER
YEAR: 2021
LATITUDE: 39 32 N
LONGITUDE: 97 39 W
TEMPERATURE IN F: :PCPN: SNOW: WIND :SUNSHINE: SKY :PK WND
================================================================================
1 2 3 4 5 6A 6B 7 8 9 10 11 12 13 14 15 16 17 18
12Z AVG MX 2MIN
DY MAX MIN AVG DEP HDD CDD WTR SNW DPTH SPD SPD DIR MIN PSBL S-S WX SPD DR
================================================================================
1 82 66 74 1 0 9 0.00 M M 10.8 17 120 M M 1 25 120
2 76 70 73 0 0 8 0.60 M M 9.1 17 150 M M 3 13 23 150
3 82 69 76 3 0 11 0.15 M M 6.2 17 360 M M 4 1 23 20
4 80 62 71 -1 0 6 0.05 M M 5.4 15 20 M M 4 1 20 30
5 85 57 71 -1 0 6 0.00 M M 5.9 15 200 M M 0 1 20 230
6 92 65 79 7 0 14 0.00 M M 10.9 20 210 M M 1 26 200
7 88 61 75 3 0 10 0.00 M M 12.1 23 30 M M 0 32 30
8 87 57 72 1 0 7 0.00 M M 5.5 12 310 M M 0 8 16 300
9 86 57 72 1 0 7 0.00 M M 3.7 12 210 M M 0 16 180
10 93 66 80 9 0 15 0.00 M M 7.8 16 190 M M 0 22 190
11 95 61 78 8 0 13 0.00 M M 11.8 25 200 M M 0 36 190
12 92 64 78 8 0 13 0.00 M M 8.4 26 200 M M 0 37 190
13 95 64 80 10 0 15 0.00 M M 14.0 23 190 M M 0 33 190
14 75 63 69 0 0 4 0.01 M M 5.1 13 360 M M 3 1 17 90
15 85 57 71 2 0 6 0.00 M M M M M M M 2 12 M M
16 92 58 75 7 0 10 0.00 M M 15.9 24 180 M M 0 33 160
17 79 64 72 4 0 7 0.09 M M 7.6 20 180 M M 4 13 27 190
18 92 59 76 8 0 11 0.00 M M 7.6 18 150 M M 1 23 160
19 92 67 80 13 0 15 0.00 M M 15.6 25 160 M M 0 34 150
20 86 60 73 6 0 8 0.02 M M 14.5 30 180 M M 2 47 190
21 74 52 63 -4 2 0 0.00 M M 8.7 18 280 M M 1 25 270
22 79 45 62 -4 3 0 0.00 M M 4.3 12 170 M M 0 15 170
23 86 55 71 5 0 6 0.00 M M 12.6 22 190 M M 0 31 180
24 78 53 66 1 0 1 0.00 M M 11.8 28 20 M M 0 36 20
25 82 46 64 -1 1 0 0.00 M M 8.9 22 190 M M 0 8 30 180
26 99 63 81 17 0 16 0.00 M M 16.7 24 210 M M 0 37 210
27 95 65 80 16 0 15 0.00 M M 8.5 20 200 M M 0 28 200
28 93 66 80 16 0 15 0.00 M M 11.1 17 160 M M 0 30 170
29 82 64 73 10 0 8 0.33 M M 9.0 22 150 M M 2 13 29 140
30 71 60 66 3 0 1 0.01 M M 8.2 23 330 M M 9 32 330
================================================================================
SM 2573 1816 6 257 1.26 M 277.7 M 37
================================================================================
AV 85.8 60.5 9.6 FASTST M M 1 MAX(MPH)
MISC ----> 30 180 47 190
================================================================================
NOTES:
# LAST OF SEVERAL OCCURRENCES
COLUMN 17 PEAK WIND IN M.P.H.
PRELIMINARY LOCAL CLIMATOLOGICAL DATA (WS FORM: F-6) , PAGE 2
STATION: CONCORDIA KS
MONTH: SEPTEMBER
YEAR: 2021
LATITUDE: 39 32 N
LONGITUDE: 97 39 W
[TEMPERATURE DATA] [PRECIPITATION DATA] SYMBOLS USED IN COLUMN 16
AVERAGE MONTHLY: 73.2 TOTAL FOR MONTH: 1.26 1 = FOG OR MIST
DPTR FM NORMAL: 4.7 DPTR FM NORMAL: -1.54 2 = FOG REDUCING VISIBILITY
HIGHEST: 99 ON 26 GRTST 24HR 0.75 ON 2- 3 TO 1/4 MILE OR LESS
LOWEST: 45 ON 22 3 = THUNDER
SNOW, ICE PELLETS, HAIL 4 = ICE PELLETS
TOTAL MONTH: M 5 = HAIL
GRTST 24HR M ON M 6 = FREEZING RAIN OR DRIZZLE
GRTST DEPTH: M ON M 7 = DUSTSTORM OR SANDSTORM:
VSBY 1/2 MILE OR LESS
8 = SMOKE OR HAZE
[NO. OF DAYS WITH] [WEATHER - DAYS WITH] 9 = BLOWING SNOW
X = TORNADO
MAX 32 OR BELOW: 0 0.01 INCH OR MORE: 8
MAX 90 OR ABOVE: 11 0.10 INCH OR MORE: 3
MIN 32 OR BELOW: 0 0.50 INCH OR MORE: 1
MIN 0 OR BELOW: 0 1.00 INCH OR MORE: 0
[HDD (BASE 65) ]
TOTAL THIS MO. 6 CLEAR (SCALE 0-3) 24
DPTR FM NORMAL -58 PTCLDY (SCALE 4-7) 5
TOTAL FM JUL 1 6 CLOUDY (SCALE 8-10) 1
DPTR FM NORMAL -60
[CDD (BASE 65) ]
TOTAL THIS MO. 257
DPTR FM NORMAL 90 [PRESSURE DATA]
TOTAL FM JAN 1 1638 HIGHEST SLP 30.39 ON 21
DPTR FM NORMAL 292 LOWEST SLP 29.56 ON 20
[REMARKS]
#FINAL-09-21#