000
CXUS53 KICT 031117
CF6CNU
PRELIMINARY LOCAL CLIMATOLOGICAL DATA (WS FORM: F-6)
STATION: CHANUTE KS
MONTH: JANUARY
YEAR: 2024
LATITUDE: 37 40 N
LONGITUDE: 95 29 W
TEMPERATURE IN F: :PCPN: SNOW: WIND :SUNSHINE: SKY :PK WND
================================================================================
1 2 3 4 5 6A 6B 7 8 9 10 11 12 13 14 15 16 17 18
12Z AVG MX 2MIN
DY MAX MIN AVG DEP HDD CDD WTR SNW DPTH SPD SPD DIR MIN PSBL S-S WX SPD DR
================================================================================
1 38 21 30 -4 35 0 0.00 M M 4.6 12 20 M M 6 16 20
2 47 21 34 0 31 0 0.00 M M 7.0 17 210 M M 0 21 220
3 51 21 36 2 29 0 0.00 M M 3.0 9 330 M M 0 18 12 20
4 43 24 34 0 31 0 0.00 M M 6.6 13 90 M M 1 1 18 110
5 37 32 35 1 30 0 0.15 M M 6.0 13 100 M M 8 1 19 110
6 38 32 35 1 30 0 T M M 8.5 15 320 M M 10 1 19 260
7 47 21 34 0 31 0 0.00 M M 6.8 14 120 M M 2 128 20 130
8 44 34 39 5 26 0 0.64 M M 12.0 31 170 M M 9 1 47 180
9 38 23 31 -3 34 0 0.05 M M 17.3 30 320 M M 8 18 43 310
10 48 18 33 -1 32 0 0.00 M M 10.5 23 170 M M 0 31 160
11 56 24 40 7 25 0 0.00 M M 7.9 21 90 M M 1 30 100
12 36 12 24 -9 41 0 T M M 20.0 32 320 M M 8 18 44 340
13 16 -2 7 -26 58 0 T M M 14.0 22 350 M M 3 30 330
14 7 -3 2 -31 63 0 T M M 7.6 16 330 M M 3 22 340
15 10 -1 5 -28 60 0 T M M 10.4 18 320 M M 6 27 320
16 22 -5 9 -24 56 0 0.00 M M 9.2 14 200 M M 0 20 230
17 37 12 25 -8 40 0 0.00 M M 14.6 25 180 M M 0 34 190
18 45 17 31 -2 34 0 T M M 8.2 29 340 M M 2 43 350
19 17 5 11 -23 54 0 T M M 11.8 26 320 M M 1 36 330
20 24 1 13 -21 52 0 0.00 M M 5.2 9 110 M M 0 17 50
21 32 14 23 -11 42 0 T M M 14.1 24 180 M M 6 32 180
22 36 30 33 -1 32 0 0.46 M M 10.3 23 170 M M 10 16 33 150
23 43 34 39 5 26 0 0.03 M M 4.5 9 20 M M 10 12 13 40
24 43 36 40 6 25 0 0.01 M M 4.9 10 350 M M 10 12 13 350
25 46 38 42 8 23 0 0.15 M M 4.5 12 300 M M 10 12 14 320
26 44 36 40 6 25 0 0.00 M M 3.2 10 360 M M 10 1 14 10
27 39 33 36 2 29 0 0.00 M M 9.0 15 330 M M 10 1 20 330
28 57 26 42 8 23 0 0.00 M M 4.5 9 160 M M 1 12 12 290
29 67 28 48 14 17 0 0.00 M M 5.1 10 270 M M 0 1 15 270
30 64 32 48 14 17 0 0.00 M M 6.5 15 330 M M 0 20 350
31 68 29 49 14 16 0 0.00 M M 7.2 16 200 M M 0 21 190
================================================================================
SM 1240 643 1067 0 1.49 M 265.0 M 135
================================================================================
AV 40.0 20.7 8.5 FASTST M M 4 MAX(MPH)
MISC ----> 32 320 47 180
================================================================================
NOTES:
# LAST OF SEVERAL OCCURRENCES
COLUMN 17 PEAK WIND IN M.P.H.
PRELIMINARY LOCAL CLIMATOLOGICAL DATA (WS FORM: F-6) , PAGE 2
STATION: CHANUTE KS
MONTH: JANUARY
YEAR: 2024
LATITUDE: 37 40 N
LONGITUDE: 95 29 W
[TEMPERATURE DATA] [PRECIPITATION DATA] SYMBOLS USED IN COLUMN 16
AVERAGE MONTHLY: 30.4 TOTAL FOR MONTH: 1.49 1 = FOG OR MIST
DPTR FM NORMAL: -3.3 DPTR FM NORMAL: 0.31 2 = FOG REDUCING VISIBILITY
HIGHEST: 68 ON 31 GRTST 24HR 0.67 ON 8- 9 TO 1/4 MILE OR LESS
LOWEST: -5 ON 16 3 = THUNDER
SNOW, ICE PELLETS, HAIL 4 = ICE PELLETS
TOTAL MONTH: M 5 = HAIL
GRTST 24HR M ON M 6 = FREEZING RAIN OR DRIZZLE
GRTST DEPTH: M ON M 7 = DUSTSTORM OR SANDSTORM:
VSBY 1/2 MILE OR LESS
8 = SMOKE OR HAZE
[NO. OF DAYS WITH] [WEATHER - DAYS WITH] 9 = BLOWING SNOW
X = TORNADO
MAX 32 OR BELOW: 7 0.01 INCH OR MORE: 7
MAX 90 OR ABOVE: 0 0.10 INCH OR MORE: 4
MIN 32 OR BELOW: 25 0.50 INCH OR MORE: 1
MIN 0 OR BELOW: 4 1.00 INCH OR MORE: 0
[HDD (BASE 65) ]
TOTAL THIS MO. 1067 CLEAR (SCALE 0-3) 16
DPTR FM NORMAL 98 PTCLDY (SCALE 4-7) 5
TOTAL FM JUL 1 2415 CLOUDY (SCALE 8-10) 10
DPTR FM NORMAL -219
[CDD (BASE 65) ]
TOTAL THIS MO. 0
DPTR FM NORMAL 0 [PRESSURE DATA]
TOTAL FM JAN 1 0 HIGHEST SLP 30.75 ON 20
DPTR FM NORMAL 0 LOWEST SLP 29.37 ON 9
[REMARKS]
#FINAL-01-24#